000
CXUS56 KPDT 011540
CLMPSC
CLIMATE REPORT
NATIONAL WEATHER SERVICE PENDLETON, OR
840 AM PDT SAT JUL 01 2023
...................................
...THE PASCO WA CLIMATE SUMMARY FOR THE MONTH OF JUNE 2023...
CLIMATE NORMAL PERIOD 1991 TO 2020
CLIMATE RECORD PERIOD 1894 TO 2023
WEATHER OBSERVED NORMAL DEPART LAST YEAR`S
VALUE DATE(S) VALUE FROM VALUE DATE(S)
NORMAL
................................................................
TEMPERATURE (F)
RECORD
HIGH 115 06/27/2021
LOW 35 06/04/1984
HIGHEST 100 06/30 105 06/27
LOWEST 44 06/02 47 06/07
06/21
AVG. MAXIMUM 87.5 83.1 4.4 84.5
AVG. MINIMUM 54.1 52.6 1.5 55.4
MEAN 70.8 67.8 3.0 69.9
DAYS MAX >= 90 15 6.7 8.3 7
DAYS MAX <= 32 0 0.0 0.0 0
DAYS MIN <= 32 0 0.0 0.0 0
DAYS MIN <= 0 0 0.0 0.0 0
PRECIPITATION (INCHES)
RECORD
MAXIMUM 2.27 1948
MINIMUM T 2015
TOTALS TR 0.61 -0.61 1.11
DAILY AVG. T 0.02 -0.02 0.04
DAYS >= .01 0 5.0 -5.0 8
DAYS >= .10 0 2.0 -2.0 2
DAYS >= .50 0 0.2 -0.2 0
DAYS >= 1.00 0 0.0 0.0 0
GREATEST
24 HR. TOTAL T 06/20 TO 06/20 0.50 06/10 TO 06/11
06/27 TO 06/27
06/28 TO 06/28
DEGREE DAYS
HEATING TOTAL 12 33 -21 9
SINCE 7/1 5104 5009 95
COOLING TOTAL 192 118 74 162
SINCE 1/1 320 159 161
................................................................
WIND (MPH)
AVERAGE WIND SPEED 6.2
RESULTANT WIND SPEED/DIRECTION 2/240
HIGHEST WIND SPEED/DIRECTION 30/240 DATE 06/18
HIGHEST GUST SPEED/DIRECTION 39/240 DATE 06/18
AVERAGE RH (PERCENT) 49
WEATHER CONDITIONS. NUMBER OF DAYS WITH
THUNDERSTORM 2 MIXED PRECIP 0
HEAVY RAIN 0 RAIN 0
LIGHT RAIN 6 FREEZING RAIN 0
LT FREEZING RAIN 0 HAIL 0
HEAVY SNOW 0 SNOW 0
LIGHT SNOW 0 SLEET 0
FOG 0 FOG W/VIS <= 1/4 MILE 0
HAZE 6
- INDICATES NEGATIVE NUMBERS.
R INDICATES RECORD WAS SET OR TIED.
MM INDICATES DATA IS MISSING.
T INDICATES TRACE AMOUNT.
$$