000
CXUS55 KALY 010710
CF6PSF
PRELIMINARY LOCAL CLIMATOLOGICAL DATA (WS FORM: F-6)
STATION: PITTSFIELD MA
MONTH: JULY
YEAR: 2022
LATITUDE: 42 25 N
LONGITUDE: 73 18 W
TEMPERATURE IN F: :PCPN: SNOW: WIND :SUNSHINE: SKY :PK WND
================================================================================
1 2 3 4 5 6A 6B 7 8 9 10 11 12 13 14 15 16 17 18
12Z AVG MX 2MIN
DY MAX MIN AVG DEP HDD CDD WTR SNW DPTH SPD SPD DIR MIN PSBL S-S WX SPD DR
================================================================================
1 88 53 71 4 0 6 0.08 M M 6.0 23 280 M M 1 13 35 270
2 79 56 68 0 0 3 0.44 M M 4.8 15 290 M M 7 13 19 280
3 77 54 66 -2 0 1 0.00 M M 7.9 20 280 M M 0 25 290
4 77 49 63 -5 2 0 0.00 M M 4.5 16 330 M M 0 20 340
5 74 57 66 -2 0 1 0.15 M M 4.6 16 220 M M 8 1 24 220
6 77 56 67 -1 0 2 0.16 M M 7.1 17 290 M M 6 1 23 290
7 80 52 66 -2 0 1 0.00 M M 4.3 12 170 M M 4 1 17 190
8 80 62 71 3 0 6 0.01 M M 6.6 15 290 M M 3 20 290
9 76 49 63 -5 2 0 0.00 M M 3.7 14 330 M M 0 18 320
10 77 48 63 -6 2 0 0.00 M M 1.2 10 300 M M 0 15 310
11 82 48 65 -4 0 0 0.00 M M 5.6 16 220 M M 0 22 190
12 85 62 74 5 0 9 0.23 M M 7.6 25 270 M M 5 13 32 250
13 81 60 71 2 0 6 0.30 M M 5.2 15 260 M M 4 1 19 260
14 79 58 69 0 0 4 0.03 M M 3.6 15 270 M M 7 1 22 270
15 80 52 66 -3 0 1 0.00 M M 1.8 9 290 M M 2 12 13 280
16 79 53 66 -3 0 1 0.00 M M 3.6 12 200 M M 1 1 21 220
17 85 58 72 3 0 7 0.00 M M 3.3 14 170 M M 2 12 19 160
18 75 62 69 0 0 4 M M M 5.3 20 180 M M 7 1 29 170
19 86 68 77 8 0 12 M M M 9.3 22 280 M M 5 1 28 300
20 90 66 78 9 0 13 0.04 M M 4.2 13 260 M M 2 18 16 260
21 90 66 78 9 0 13 0.00 M M 8.2 21 220 M M 1 38 27 220
22 88 64 76 7 0 11 0.00 M M 4.6 13 190 M M 1 18 250
23 90 62 76 7 0 11 0.00 M M 4.5 14 250 M M 0 1 19 250
24 90 62 76 7 0 11 0.08 M M 6.1 35 270 M M 0 13 45 280
25 83 62 73 4 0 8 0.63 M M 6.0 17 310 M M 5 13 26 240
26 76 55 66 -3 0 1 0.00 M M 5.8 17 270 M M 2 22 270
27 80 51 66 -3 0 1 0.00 M M 1.8 10 310 M M 1 12 14 320
28 86 59 73 4 0 8 0.25 M M 5.0 28 240 M M 5 13 33 230
29 85 61 73 4 0 8 0.05 M M 5.4 17 240 M M 6 12 27 320
30 77 63 70 1 0 5 0.00 M M 9.6 22 290 M M 3 27 290
31 78 54 66 -3 0 1 0.00 M M 2.6 10 230 M M 0 14 240
================================================================================
SM 2530 1782 6 155 2.45 M 159.8 M 88
================================================================================
AV 81.6 57.5 5.2 FASTST M M 3 MAX(MPH)
MISC ----> 35 270 45 280
================================================================================
NOTES:
# LAST OF SEVERAL OCCURRENCES
COLUMN 17 PEAK WIND IN M.P.H.
PRELIMINARY LOCAL CLIMATOLOGICAL DATA (WS FORM: F-6) , PAGE 2
STATION: PITTSFIELD MA
MONTH: JULY
YEAR: 2022
LATITUDE: 42 25 N
LONGITUDE: 73 18 W
[TEMPERATURE DATA] [PRECIPITATION DATA] SYMBOLS USED IN COLUMN 16
AVERAGE MONTHLY: 69.5 TOTAL FOR MONTH: 2.45 1 = FOG OR MIST
DPTR FM NORMAL: 0.8 DPTR FM NORMAL: -1.73 2 = FOG REDUCING VISIBILITY
HIGHEST: 90 ON 24,23 GRTST 24HR 0.63 ON 25-26 TO 1/4 MILE OR LESS
LOWEST: 48 ON 11,10 3 = THUNDER
SNOW, ICE PELLETS, HAIL 4 = ICE PELLETS
TOTAL MONTH: M 5 = HAIL
GRTST 24HR M ON M 6 = FREEZING RAIN OR DRIZZLE
GRTST DEPTH: M ON M 7 = DUSTSTORM OR SANDSTORM:
VSBY 1/2 MILE OR LESS
8 = SMOKE OR HAZE
[NO. OF DAYS WITH] [WEATHER - DAYS WITH] 9 = BLOWING SNOW
X = TORNADO
MAX 32 OR BELOW: 0 0.01 INCH OR MORE: 13
MAX 90 OR ABOVE: 4 0.10 INCH OR MORE: 7
MIN 32 OR BELOW: 0 0.50 INCH OR MORE: 1
MIN 0 OR BELOW: 0 1.00 INCH OR MORE: 0
[HDD (BASE 65) ]
TOTAL THIS MO. 6 CLEAR (SCALE 0-3) 18
DPTR FM NORMAL -16 PTCLDY (SCALE 4-7) 13
TOTAL FM JUL 1 6 CLOUDY (SCALE 8-10) 0
DPTR FM NORMAL -18
[CDD (BASE 65) ]
TOTAL THIS MO. 155
DPTR FM NORMAL 19 [PRESSURE DATA]
TOTAL FM JAN 1 223 HIGHEST SLP M ON M
DPTR FM NORMAL 12 LOWEST SLP 29.52 ON 21
[REMARKS]
#FINAL-07-22#