000
CXUS54 KFWD 010732
CF6PSN
PRELIMINARY LOCAL CLIMATOLOGICAL DATA (WS FORM: F-6)
STATION: PALESTINE
MONTH: MAY
YEAR: 2023
LATITUDE: 31 46 N
LONGITUDE: 95 42 W
TEMPERATURE IN F: :PCPN: SNOW: WIND :SUNSHINE: SKY :PK WND
================================================================================
1 2 3 4 5 6A 6B 7 8 9 10 11 12 13 14 15 16 17 18
12Z AVG MX 2MIN
DY MAX MIN AVG DEP HDD CDD WTR SNW DPTH SPD SPD DIR MIN PSBL S-S WX SPD DR
================================================================================
1 81 57 69 1 0 4 0.00 M M 6.8 10 30 M M 2 16 80
2 82 61 72 3 0 7 0.00 M M 3.7 8 110 M M 5 13 99
3 84 61 73 4 0 8 0.00 M M 4.8 13 90 M M 5 20 130
4 79 61 70 1 0 5 0.68 M M 6.4 12 250 M M 6 1 22 250
5 90 63 77 7 0 12 0.01 M M 6.9 15 120 M M 7 18 20 200
6 88 64 76 6 0 11 0.00 M M 8.9 14 150 M M 4 24 150
7 84 68 76 6 0 11 0.00 M M 7.8 16 210 M M 5 1 20 200
8 86 66 76 6 0 11 0.00 M M 7.3 10 160 M M 7 18 21 160
9 82 64 73 2 0 8 0.00 M M 5.6 10 120 M M 5 18 120
10 72 68 70 -1 0 5 0.20 M M 3.3 10 110 M M 9 1 M M
11 86 68 77 6 0 12 0.02 M M 6.6 13 140 M M 7 18 18 190
12 88 73 81 9 0 16 0.00 M M 7.5 13 150 M M 7 18 20 170
13 86 66 76 4 0 11 0.29 M M 4.2 10 140 M M 6 1 20 130
14 77 68 73 1 0 8 0.70 M M 4.4 8 250 M M 8 123 17 90
15 86 66 76 4 0 11 0.07 M M 2.4 18 200 M M 7 12 26 200
16 79 64 72 0 0 7 0.00 M M 3.6 9 290 M M 7 12 15 280
17 81 59 70 -3 0 5 0.00 M M 4.4 13 330 M M 4 15 360
18 86 61 74 1 0 9 0.00 M M 2.0 7 230 M M 1 13 230
19 90 68 79 6 0 14 0.00 M M 5.3 13 190 M M 2 8 17 190
20 77 64 71 -3 0 6 0.00 M M 7.7 12 350 M M 7 8 18 320
21 77 61 69 -5 0 4 0.00 M M 4.9 8 30 M M 5 1 M M
22 82 61 72 -2 0 7 0.00 M M 2.9 7 80 M M 4 14 99
23 82 61 72 -2 0 7 0.04 M M 1.5 6 90 M M 3 18 M M
24 84 64 74 0 0 9 0.00 M M 2.4 6 80 M M 2 18 14 30
25 84 63 74 -1 0 9 0.00 M M 4.9 9 100 M M 2 18 100
26 86 64 75 0 0 10 0.00 M M 4.5 12 80 M M 3 17 80
27 86 66 76 1 0 11 0.00 M M 4.1 9 100 M M 2 1 M M
28 90 63 77 2 0 12 0.00 M M 4.0 10 190 M M 3 8 14 190
29 88 68 78 2 0 13 0.26 M M 3.9 13 90 M M 7 138 25 90
30 88 64 76 0 0 11 M M M 2.8 9 200 M M 4 1 14 90
31 88 64 76 0 0 11 0.00 M M 2.4 8 110 M M 4 1 M M
================================================================================
SM 2599 1989 0 285 2.27 M 148.0 M 150
================================================================================
AV 83.8 64.2 4.8 FASTST M M 5 MAX(MPH)
MISC ----> 18 200 26 200
================================================================================
NOTES:
# LAST OF SEVERAL OCCURRENCES
COLUMN 17 PEAK WIND IN M.P.H.
PRELIMINARY LOCAL CLIMATOLOGICAL DATA (WS FORM: F-6) , PAGE 2
STATION: PALESTINE
MONTH: MAY
YEAR: 2023
LATITUDE: 31 46 N
LONGITUDE: 95 42 W
[TEMPERATURE DATA] [PRECIPITATION DATA] SYMBOLS USED IN COLUMN 16
AVERAGE MONTHLY: 74.0 TOTAL FOR MONTH: 2.27 1 = FOG OR MIST
DPTR FM NORMAL: 1.6 DPTR FM NORMAL: -1.94 2 = FOG REDUCING VISIBILITY
HIGHEST: 90 ON 28,19 GRTST 24HR 0.70 ON 14-14 TO 1/4 MILE OR LESS
LOWEST: 57 ON 1 3 = THUNDER
SNOW, ICE PELLETS, HAIL 4 = ICE PELLETS
TOTAL MONTH: M 5 = HAIL
GRTST 24HR M ON M 6 = FREEZING RAIN OR DRIZZLE
GRTST DEPTH: M ON M 7 = DUSTSTORM OR SANDSTORM:
VSBY 1/2 MILE OR LESS
8 = SMOKE OR HAZE
[NO. OF DAYS WITH] [WEATHER - DAYS WITH] 9 = BLOWING SNOW
X = TORNADO
MAX 32 OR BELOW: 0 0.01 INCH OR MORE: 9
MAX 90 OR ABOVE: 3 0.10 INCH OR MORE: 5
MIN 32 OR BELOW: 0 0.50 INCH OR MORE: 2
MIN 0 OR BELOW: 0 1.00 INCH OR MORE: 0
[HDD (BASE 65) ]
TOTAL THIS MO. 0 CLEAR (SCALE 0-3) 7
DPTR FM NORMAL -12 PTCLDY (SCALE 4-7) 22
TOTAL FM JUL 1 1763 CLOUDY (SCALE 8-10) 2
DPTR FM NORMAL -607
[CDD (BASE 65) ]
TOTAL THIS MO. 285
DPTR FM NORMAL 43 [PRESSURE DATA]
TOTAL FM JAN 1 450 HIGHEST SLP M ON M
DPTR FM NORMAL 100 LOWEST SLP M ON M
[REMARKS]
#FINAL-05-23#