000
CXUS54 KFWD 010831
CF6PSN
PRELIMINARY LOCAL CLIMATOLOGICAL DATA (WS FORM: F-6)
STATION: PALESTINE
MONTH: JANUARY
YEAR: 2023
LATITUDE: 31 46 N
LONGITUDE: 95 42 W
TEMPERATURE IN F: :PCPN: SNOW: WIND :SUNSHINE: SKY :PK WND
================================================================================
1 2 3 4 5 6A 6B 7 8 9 10 11 12 13 14 15 16 17 18
12Z AVG MX 2MIN
DY MAX MIN AVG DEP HDD CDD WTR SNW DPTH SPD SPD DIR MIN PSBL S-S WX SPD DR
================================================================================
1 75 55 65 19 0 0 0.00 M M 8.8 14 190 M M 5 1 22 170
2 75 68 72 26 0 7 0.37 M M 9.2 17 160 M M 10 13 26 160
3 72 52 62 16 3 0 0.03 M M 4.7 13 200 M M 5 18 16 200
4 64 39 52 6 13 0 0.00 M M 3.9 10 250 M M 4 8 15 250
5 64 34 49 3 16 0 0.00 M M 1.9 7 360 M M 4 M M
6 75 43 59 13 6 0 0.00 M M 8.7 16 210 M M 3 24 210
7 72 55 64 18 1 0 0.00 M M 6.3 9 190 M M 10 18 14 330
8 66 41 54 8 11 0 0.00 M M 5.6 12 330 M M 2 8 14 60
9 68 37 53 7 12 0 0.00 M M 6.0 9 180 M M 2 16 170
10 73 50 62 16 3 0 0.00 M M 8.9 15 190 M M 4 1 18 180
11 77 59 68 22 0 3 0.00 M M 10.5 18 190 M M 3 1 28 190
12 66 41 54 8 11 0 0.00 M M 13.5 22 320 M M 2 33 340
13 59 32 46 0 19 0 0.00 M M 5.3 15 M M M 0 21 330
14 63 32 48 2 17 0 0.00 M M 6.3 10 150 M M 1 18 160
15 70 46 58 12 7 0 0.00 M M 11.4 18 180 M M 7 30 170
16 75 61 68 22 0 3 0.00 M M 8.7 17 190 M M 6 1 24 190
17 77 55 66 20 0 1 0.00 M M 6.2 12 200 M M 7 12 16 160
18 72 55 64 18 1 0 0.13 M M 7.4 13 240 M M 7 1 25 330
19 63 39 51 5 14 0 0.00 M M 5.4 12 300 M M 1 17 240
20 55 39 47 1 18 0 0.00 M M 6.5 13 80 M M 8 17 80
21 50 43 47 1 18 0 0.05 M M 4.3 9 130 M M 10 1 M M
22 54 32 43 -3 22 0 0.00 M M 8.7 16 310 M M 3 18 22 340
23 57 32 45 -1 20 0 0.00 M M 4.5 9 80 M M 3 17 80
24 46 39 43 -3 22 0 0.96 M M 10.9 18 90 M M 9 1 26 80
25 46 30 38 -8 27 0 0.00 M M 10.3 13 310 M M 9 1 21 310
26 54 27 41 -5 24 0 0.00 M M 4.5 12 280 M M 1 18 20 320
27 59 28 44 -2 21 0 0.00 M M 7.8 14 210 M M 2 21 210
28 64 50 57 10 8 0 0.31 M M 7.3 13 200 M M 10 1 20 180
29 66 36 51 4 14 0 0.16 M M 6.9 18 330 M M 10 12 24 220
30 36 32 34 -13 31 0 0.19 M M 9.9 14 M M M 10 1 16 M
31 32 30 31 -16 34 0 0.14 M M 9.9 14 350 M M 10 16 18 M
================================================================================
SM 1945 1312 393 14 2.34 M 230.1 M 168
================================================================================
AV 62.7 42.3 7.4 FASTST M M 5 MAX(MPH)
MISC ----> 22 320 33 340
================================================================================
NOTES:
# LAST OF SEVERAL OCCURRENCES
COLUMN 17 PEAK WIND IN M.P.H.
PRELIMINARY LOCAL CLIMATOLOGICAL DATA (WS FORM: F-6) , PAGE 2
STATION: PALESTINE
MONTH: JANUARY
YEAR: 2023
LATITUDE: 31 46 N
LONGITUDE: 95 42 W
[TEMPERATURE DATA] [PRECIPITATION DATA] SYMBOLS USED IN COLUMN 16
AVERAGE MONTHLY: 52.5 TOTAL FOR MONTH: 2.34 1 = FOG OR MIST
DPTR FM NORMAL: 6.5 DPTR FM NORMAL: -1.32 2 = FOG REDUCING VISIBILITY
HIGHEST: 77 ON 17,11 GRTST 24HR 1.51 ON 24-24 TO 1/4 MILE OR LESS
LOWEST: 27 ON 26 3 = THUNDER
SNOW, ICE PELLETS, HAIL 4 = ICE PELLETS
TOTAL MONTH: M 5 = HAIL
GRTST 24HR M ON M 6 = FREEZING RAIN OR DRIZZLE
GRTST DEPTH: M ON M 7 = DUSTSTORM OR SANDSTORM:
VSBY 1/2 MILE OR LESS
8 = SMOKE OR HAZE
[NO. OF DAYS WITH] [WEATHER - DAYS WITH] 9 = BLOWING SNOW
X = TORNADO
MAX 32 OR BELOW: 1 0.01 INCH OR MORE: 9
MAX 90 OR ABOVE: 0 0.10 INCH OR MORE: 7
MIN 32 OR BELOW: 9 0.50 INCH OR MORE: 1
MIN 0 OR BELOW: 0 1.00 INCH OR MORE: 0
[HDD (BASE 65) ]
TOTAL THIS MO. 393 CLEAR (SCALE 0-3) 11
DPTR FM NORMAL -200 PTCLDY (SCALE 4-7) 11
TOTAL FM JUL 1 1220 CLOUDY (SCALE 8-10) 9
DPTR FM NORMAL -309
[CDD (BASE 65) ]
TOTAL THIS MO. 14
DPTR FM NORMAL 11 [PRESSURE DATA]
TOTAL FM JAN 1 14 HIGHEST SLP M ON M
DPTR FM NORMAL 11 LOWEST SLP M ON M
[REMARKS]
#FINAL-01-23#