000
CXUS56 KSGX 010943
CLMPSP
CLIMATE REPORT
NATIONAL WEATHER SERVICE SAN DIEGO, CA
143 AM PST THU FEB 01 2024
...................................
...THE PALM SPRINGS INTL AIRPORT CA CLIMATE SUMMARY FOR THE MONTH OF JANUARY 2024...
CLIMATE NORMAL PERIOD: 1991 TO 2020
CLIMATE RECORD PERIOD: 1893 TO 2024
WEATHER OBSERVED NORMAL DEPART LAST YEAR`S
VALUE DATE(S) VALUE FROM VALUE DATE(S)
NORMAL
................................................................
TEMPERATURE (F)
RECORD
HIGH 95 01/18/1971
LOW 19 01/22/1937
HIGHEST 82 01/30 70 12 74 01/25
LOWEST 37 01/10 44 -7 39 01/22
AVG. MAXIMUM 69.7 70.5 -0.8 66.1
AVG. MINIMUM 46.5 47.6 -1.1 46.5
MEAN 58.1 59.0 -0.9 56.3
DAYS MAX >= 90 0 0.0 0.0 0
DAYS MAX <= 32 0 0.0 0.0 0
DAYS MAX >= 45 31 31
DAYS MAX >= 120 0 0
DAYS MIN <= 32 0 0.2 -0.2 0
PRECIPITATION (INCHES)
RECORD
MAXIMUM 8.43 1943
MINIMUM 0.00 2014
TOTALS 0.87 1.14 -0.27 1.33
DAILY AVG. 0.03 0.04 -0.01 0.04
DAYS >= .01 4 2.7 1.3 6
DAYS >= .10 1 1.7 -0.7 3
DAYS >= .50 1 0.8 0.2 0
DAYS >= 1.00 0 0.2 -0.2 0
DAYS >= %-5.2F 0 0
DAYS >= %-5.2F 0 0
GREATEST
24 HR. TOTAL 0.81 01/22 TO 01/22 0.42 01/14 TO 01/15
STORM TOTAL 0.81 0.42
(MM/DD(HH)) MM
DEGREE DAYS
HEATING TOTAL 215 197 18 261
SINCE 7/1 356 502 -146 MM
COOLING TOTAL 9 13 -4 0
SINCE 1/1 9 13 -4 MM
FREEZE DATES
RECORD
EARLIEST 10/24/1951
LATEST 03/13/1956
EARLIEST MM
LATEST MM
................................................................
WIND (MPH)
AVERAGE WIND SPEED 4.2
RESULTANT WIND SPEED/DIRECTION 1/340
HIGHEST WIND SPEED/DIRECTION 41/340 DATE 01/11
HIGHEST GUST SPEED/DIRECTION 53/320 DATE 01/11
SKY COVER
POSSIBLE SUNSHINE (PERCENT) MM
AVERAGE SKY COVER 0.08
NUMBER OF DAYS FAIR 28
NUMBER OF DAYS PC 2
NUMBER OF DAYS CLOUDY 1
AVERAGE RH (PERCENT) 48
WEATHER CONDITIONS. NUMBER OF DAYS WITH
THUNDERSTORM 2 MIXED PRECIP 0
HEAVY RAIN 1 RAIN 1
LIGHT RAIN 4 FREEZING RAIN 0
LT FREEZING RAIN 0 HAIL 0
HEAVY SNOW 0 SNOW 0
LIGHT SNOW 0 SLEET 0
FOG 1 FOG W/VIS <= 1/4 MILE 0
HAZE 4
- INDICATES NEGATIVE NUMBERS.
R INDICATES RECORD WAS SET OR TIED.
MM INDICATES DATA IS MISSING.
T INDICATES TRACE AMOUNT.
$$