000
CXUS54 KFWD 010830
CF6PWG
PRELIMINARY LOCAL CLIMATOLOGICAL DATA (WS FORM: F-6)
STATION: WACO MCGREGOR
MONTH: DECEMBER
YEAR: 2021
LATITUDE: 31 28 N
LONGITUDE: 97 19 W
TEMPERATURE IN F: :PCPN: SNOW: WIND :SUNSHINE: SKY :PK WND
================================================================================
1 2 3 4 5 6A 6B 7 8 9 10 11 12 13 14 15 16 17 18
12Z AVG MX 2MIN
DY MAX MIN AVG DEP HDD CDD WTR SNW DPTH SPD SPD DIR MIN PSBL S-S WX SPD DR
================================================================================
1 78 51 65 14 0 0 0.00 M M 6.1 9 170 M M 0 12 M M
2 80 44 62 12 3 0 0.00 M M 5.7 12 190 M M 2 12 M M
3 75 60 68 18 0 3 T M M 9.4 14 160 M M 3 1 22 170
4 77 60 69 19 0 4 0.00 M M 7.2 16 180 M M 5 1 22 180
5 77 60 69 20 0 4 0.00 M M 9.1 16 200 M M 8 26 200
6 71 39 55 6 10 0 T M M 13.0 22 360 M M 3 1 37 340
7 66 34 50 1 15 0 0.00 M M 7.0 14 350 M M 0 22 350
8 68 41 55 7 10 0 0.00 M M 6.0 17 170 M M 0 8 32 260
9 81 62 72 24 0 7 0.00 M M 12.8 20 180 M M 4 1 26 180
10 85 64 75 27 0 10 0.00 M M 13.0 21 190 M M 5 1 30 210
11 70 29 50 2 15 0 0.00 M M 10.5 23 340 M M 1 37 340
12 60 23 42 -5 23 0 0.00 M M 6.1 12 130 M M 0 16 170
13 66 41 54 7 11 0 T M M 8.9 17 210 M M 6 1 26 210
14 75 57 66 19 0 1 T M M 7.1 17 170 M M 8 1 M M
15 80 68 74 27 0 9 0.00 M M 17.6 22 180 M M 9 33 170
16 80 68 74 27 0 9 T M M 10.3 16 180 M M 8 32 180
17 79 68 74 28 0 9 T M M 13.7 23 160 M M 8 31 170
18 70 42 56 10 9 0 0.04 M M 13.3 23 330 M M 5 3 32 350
19 53 37 45 -1 20 0 0.00 M M 8.9 15 360 M M 3 40 70
20 58 39 49 3 16 0 T M M 4.2 12 20 M M 4 18 99
21 66 30 48 2 17 0 0.00 M M 6.4 12 170 M M 0 17 180
22 71 44 58 12 7 0 0.00 M M 9.3 14 160 M M 0 1 18 160
23 73 55 64 18 1 0 0.00 M M 14.9 24 170 M M 3 1 31 190
24 78 61 70 24 0 5 0.00 M M 16.9 26 180 M M 4 33 180
25 81 60 71 25 0 6 0.00 M M 8.4 16 190 M M 3 23 190
26 78 57 68 23 0 3 0.00 M M 11.4 22 180 M M 3 12 28 180
27 76 62 69 24 0 4 0.00 M M 9.6 18 190 M M 8 22 200
28 82 58 70 25 0 5 0.00 M M 10.0 18 190 M M 5 1 28 190
29 77 56 67 22 0 2 T M M 5.2 12 180 M M 3 18 M M
30 82 47 65 20 0 0 0.00 M M 4.8 13 170 M M 0 1 M M
31 76 58 67 22 0 2 T M M 11.6 18 160 M M 7 1 22 170
================================================================================
SM 2289 1575 157 83 0.04 M 298.4 M 118
================================================================================
AV 73.8 50.8 9.6 FASTST M M 4 MAX(MPH)
MISC ----> 26 180 40 70
================================================================================
NOTES:
# LAST OF SEVERAL OCCURRENCES
COLUMN 17 PEAK WIND IN M.P.H.
PRELIMINARY LOCAL CLIMATOLOGICAL DATA (WS FORM: F-6) , PAGE 2
STATION: WACO MCGREGOR
MONTH: DECEMBER
YEAR: 2021
LATITUDE: 31 28 N
LONGITUDE: 97 19 W
[TEMPERATURE DATA] [PRECIPITATION DATA] SYMBOLS USED IN COLUMN 16
AVERAGE MONTHLY: 62.3 TOTAL FOR MONTH: 0.04 1 = FOG OR MIST
DPTR FM NORMAL: 15.2 DPTR FM NORMAL: -2.69 2 = FOG REDUCING VISIBILITY
HIGHEST: 85 ON 10 GRTST 24HR 0.04 ON 18-18 TO 1/4 MILE OR LESS
LOWEST: 23 ON 12 3 = THUNDER
SNOW, ICE PELLETS, HAIL 4 = ICE PELLETS
TOTAL MONTH: M 5 = HAIL
GRTST 24HR M ON M 6 = FREEZING RAIN OR DRIZZLE
GRTST DEPTH: M ON M 7 = DUSTSTORM OR SANDSTORM:
VSBY 1/2 MILE OR LESS
8 = SMOKE OR HAZE
[NO. OF DAYS WITH] [WEATHER - DAYS WITH] 9 = BLOWING SNOW
X = TORNADO
MAX 32 OR BELOW: 0 0.01 INCH OR MORE: 1
MAX 90 OR ABOVE: 0 0.10 INCH OR MORE: 0
MIN 32 OR BELOW: 3 0.50 INCH OR MORE: 0
MIN 0 OR BELOW: 0 1.00 INCH OR MORE: 0
[HDD (BASE 65) ]
TOTAL THIS MO. 157 CLEAR (SCALE 0-3) 13
DPTR FM NORMAL -401 PTCLDY (SCALE 4-7) 17
TOTAL FM JUL 1 373 CLOUDY (SCALE 8-10) 1
DPTR FM NORMAL -541
[CDD (BASE 65) ]
TOTAL THIS MO. 83
DPTR FM NORMAL 80 [PRESSURE DATA]
TOTAL FM JAN 1 2767 HIGHEST SLP 30.41 ON 19
DPTR FM NORMAL 300 LOWEST SLP 29.60 ON 28
[REMARKS]
#FINAL-12-21#