000
CXUS56 KMFR 010930
CF6RBG
PRELIMINARY LOCAL CLIMATOLOGICAL DATA (WS FORM: F-6)
STATION: ROSEBURG OR
MONTH: MAY
YEAR: 2022
LATITUDE: 43 13 N
LONGITUDE: 123 22 W
TEMPERATURE IN F: :PCPN: SNOW: WIND :SUNSHINE: SKY :PK WND
================================================================================
1 2 3 4 5 6A 6B 7 8 9 10 11 12 13 14 15 16 17 18
12Z AVG MX 2MIN
DY MAX MIN AVG DEP HDD CDD WTR SNW DPTH SPD SPD DIR MIN PSBL S-S WX SPD DR
================================================================================
1 70 42 56 0 9 0 0.00 M M 2.3 9 310 M M 3 12 14 360
2 52 45 49 -8 16 0 0.34 M M 4.2 15 230 M M 10 1 22 220
3 65 47 56 -1 9 0 0.00 M M 4.6 13 10 M M 6 19 360
4 78 42 60 3 5 0 0.00 M M 2.8 13 330 M M 0 19 320
5 64 50 57 0 8 0 0.51 M M 3.3 15 230 M M 9 1 28 220
6 67 51 59 1 6 0 0.10 M M 5.8 23 230 M M 9 1 38 230
7 56 43 50 -8 15 0 0.18 M M 4.4 14 330 M M 9 1 22 210
8 50 38 44 -14 21 0 0.30 M M 4.5 14 310 M M 9 1 24 240
9 54 37 46 -12 19 0 0.28 M M 2.5 18 230 M M 8 12 26 230
10 60 42 51 -7 14 0 0.02 M M 2.8 10 50 M M 7 15 10
11 64 39 52 -7 13 0 0.00 M M 2.9 13 310 M M 7 20 270
12 56 46 51 -8 14 0 0.35 M M 4.6 14 10 M M 10 1 17 10
13 61 43 52 -7 13 0 0.23 M M 1.5 7 330 M M 8 1 13 330
14 75 55 65 6 0 0 0.10 M M 4.5 12 10 M M 6 1 18 240
15 77 54 66 6 0 1 0.00 M M 2.9 15 240 M M 4 24 240
16 64 51 58 -2 7 0 T M M 6.0 16 340 M M 9 23 330
17 71 49 60 0 5 0 0.00 M M 3.4 10 30 M M 5 17 20
18 67 47 57 -3 8 0 T M M 5.0 13 300 M M 7 19 330
19 60 45 53 -7 12 0 0.00 M M 6.1 21 10 M M 6 28 20
20 65 38 52 -8 13 0 0.00 M M 6.4 20 360 M M 2 26 20
21 73 39 56 -4 9 0 0.00 M M 5.0 15 330 M M 1 23 330
22 75 44 60 -1 5 0 0.00 M M 3.6 14 330 M M 2 19 360
23 77 52 65 4 0 0 0.00 M M 5.1 16 10 M M 3 22 330
24 82 48 65 4 0 0 0.00 M M 2.5 13 330 M M 1 19 330
25 83 48 66 5 0 1 0.00 M M 2.3 12 30 M M 0 23 10
26 78 57 68 7 0 3 T M M 2.2 8 280 M M 2 15 270
27 67 54 61 0 4 0 0.01 M M 2.1 13 10 M M 8 18 16 10
28 65 49 57 -4 8 0 0.23 M M 5.5 22 230 M M 9 1 38 220
29 57 48 53 -9 12 0 0.03 M M 4.6 15 320 M M 9 1 22 330
30 64 47 56 -6 9 0 0.00 M M 3.6 17 10 M M 6 24 20
31 76 47 62 0 3 0 0.00 M M 3.4 13 40 M M 2 17 40
================================================================================
SM 2073 1437 257 5 2.68 M 120.4 M 177
================================================================================
AV 66.9 46.4 3.9 FASTST M M 6 MAX(MPH)
MISC ----> 23 230 # 38 230
================================================================================
NOTES:
# LAST OF SEVERAL OCCURRENCES
COLUMN 17 PEAK WIND IN M.P.H.
PRELIMINARY LOCAL CLIMATOLOGICAL DATA (WS FORM: F-6) , PAGE 2
STATION: ROSEBURG OR
MONTH: MAY
YEAR: 2022
LATITUDE: 43 13 N
LONGITUDE: 123 22 W
[TEMPERATURE DATA] [PRECIPITATION DATA] SYMBOLS USED IN COLUMN 16
AVERAGE MONTHLY: 56.6 TOTAL FOR MONTH: 2.68 1 = FOG OR MIST
DPTR FM NORMAL: -2.9 DPTR FM NORMAL: 0.59 2 = FOG REDUCING VISIBILITY
HIGHEST: 83 ON 25 GRTST 24HR 0.51 ON 5- 5 TO 1/4 MILE OR LESS
LOWEST: 37 ON 9 3 = THUNDER
SNOW, ICE PELLETS, HAIL 4 = ICE PELLETS
TOTAL MONTH: M 5 = HAIL
GRTST 24HR M ON M 6 = FREEZING RAIN OR DRIZZLE
GRTST DEPTH: M ON M 7 = DUSTSTORM OR SANDSTORM:
VSBY 1/2 MILE OR LESS
8 = SMOKE OR HAZE
[NO. OF DAYS WITH] [WEATHER - DAYS WITH] 9 = BLOWING SNOW
X = TORNADO
MAX 32 OR BELOW: 0 0.01 INCH OR MORE: 13
MAX 90 OR ABOVE: 0 0.10 INCH OR MORE: 10
MIN 32 OR BELOW: 0 0.50 INCH OR MORE: 1
MIN 0 OR BELOW: 0 1.00 INCH OR MORE: 0
[HDD (BASE 65) ]
TOTAL THIS MO. 257 CLEAR (SCALE 0-3) 9
DPTR FM NORMAL 61 PTCLDY (SCALE 4-7) 12
TOTAL FM JUL 1 3836 CLOUDY (SCALE 8-10) 10
DPTR FM NORMAL 2
[CDD (BASE 65) ]
TOTAL THIS MO. 5
DPTR FM NORMAL -19 [PRESSURE DATA]
TOTAL FM JAN 1 5 HIGHEST SLP M ON M
DPTR FM NORMAL -21 LOWEST SLP 29.69 ON 28
[REMARKS]
#FINAL-05-22#