000
CXUS56 KPDT 011810
CF6RDM
PRELIMINARY LOCAL CLIMATOLOGICAL DATA (WS FORM: F-6)
STATION: REDMOND OR
MONTH: MAY
YEAR: 2022
LATITUDE: 44 16 N
LONGITUDE: 121 9 W
TEMPERATURE IN F: :PCPN: SNOW: WIND :SUNSHINE: SKY :PK WND
================================================================================
1 2 3 4 5 6A 6B 7 8 9 10 11 12 13 14 15 16 17 18
12Z AVG MX 2MIN
DY MAX MIN AVG DEP HDD CDD WTR SNW DPTH SPD SPD DIR MIN PSBL S-S WX SPD DR
================================================================================
1 66 29 48 -1 17 0 0.00 M M 3.8 10 40 M M 3 15 40
2 55 42 49 0 16 0 T M M 13.1 30 280 M M 7 39 280
3 66 32 49 -1 16 0 0.00 M M 6.6 15 20 M M 0 20 30
4 86 33 60 10 5 0 0.00 M M 6.9 20 340 M M 0 26 310
5 64 49 57 7 8 0 T M M 10.7 29 220 M M 7 38 220
6 68 41 55 4 10 0 0.19 M M 15.4 41 240 M M 5 1 53 240
7 54 32 43 -8 22 0 T M M 13.0 29 290 M M 5 36 290
8 46 26 36 -15 29 0 0.10 M M 7.2 24 290 M M 5 138 31 280
9 53 28 41 -11 24 0 T M M 7.1 17 340 M M 3 24 290
10 58 23 41 -11 24 0 0.00 M M 6.4 20 340 M M 0 27 340
11 62 25 44 -8 21 0 T M M 7.9 22 290 M M 3 27 280
12 53 39 46 -7 19 0 0.01 M M 11.0 26 190 M M 8 33 190
13 64 28 46 -7 19 0 T M M 5.1 23 250 M M 6 28 250
14 71 48 60 7 5 0 T M M 7.7 21 240 M M 6 26 250
15 82 41 62 8 3 0 0.00 M M 7.6 25 250 M M 1 32 250
16 68 36 52 -2 13 0 0.00 M M 6.9 21 350 M M 2 25 340
17 72 30 51 -3 14 0 0.00 M M 5.0 17 320 M M 0 22 300
18 67 45 56 2 9 0 T M M 13.2 26 290 M M 5 36 290
19 55 26 41 -13 24 0 0.01 M M 13.1 26 270 M M 3 33 290
20 64 24 44 -11 21 0 0.00 M M 7.6 17 350 M M 0 20 350
21 69 29 49 -6 16 0 0.00 M M 6.5 22 360 M M 2 29 350
22 69 31 50 -5 15 0 0.00 M M 4.4 13 20 M M 0 18 360
23 74 42 58 3 7 0 0.00 M M 8.0 20 310 M M 4 27 270
24 78 37 58 2 7 0 0.00 M M 7.0 20 320 M M 3 24 320
25 81 37 59 3 6 0 0.00 M M 5.7 18 300 M M 0 23 300
26 80 45 63 7 2 0 0.01 M M 5.8 29 290 M M 2 3 36 300
27 66 42 54 -2 11 0 0.04 M M 7.8 24 290 M M 8 32 300
28 67 38 53 -3 12 0 0.11 M M 9.1 26 240 M M 7 33 240
29 59 40 50 -6 15 0 T M M 16.6 32 290 M M 4 38 300
30 64 28 46 -11 19 0 0.00 M M 7.8 21 20 M M 5 26 360
31 73 48 61 4 4 0 0.00 M M 7.7 18 340 M M 5 23 360
================================================================================
SM 2054 1094 433 0 0.47 M 261.7 M 109
================================================================================
AV 66.3 35.3 8.4 FASTST M M 4 MAX(MPH)
MISC ----> 41 240 53 240
================================================================================
NOTES:
# LAST OF SEVERAL OCCURRENCES
COLUMN 17 PEAK WIND IN M.P.H.
PRELIMINARY LOCAL CLIMATOLOGICAL DATA (WS FORM: F-6) , PAGE 2
STATION: REDMOND OR
MONTH: MAY
YEAR: 2022
LATITUDE: 44 16 N
LONGITUDE: 121 9 W
[TEMPERATURE DATA] [PRECIPITATION DATA] SYMBOLS USED IN COLUMN 16
AVERAGE MONTHLY: 50.8 TOTAL FOR MONTH: 0.47 1 = FOG OR MIST
DPTR FM NORMAL: -2.6 DPTR FM NORMAL: -0.73 2 = FOG REDUCING VISIBILITY
HIGHEST: 86 ON 4 GRTST 24HR 0.19 ON 6- 6 TO 1/4 MILE OR LESS
LOWEST: 23 ON 10 3 = THUNDER
SNOW, ICE PELLETS, HAIL 4 = ICE PELLETS
TOTAL MONTH: M 5 = HAIL
GRTST 24HR M ON M 6 = FREEZING RAIN OR DRIZZLE
GRTST DEPTH: M ON M 7 = DUSTSTORM OR SANDSTORM:
VSBY 1/2 MILE OR LESS
8 = SMOKE OR HAZE
[NO. OF DAYS WITH] [WEATHER - DAYS WITH] 9 = BLOWING SNOW
X = TORNADO
MAX 32 OR BELOW: 0 0.01 INCH OR MORE: 7
MAX 90 OR ABOVE: 0 0.10 INCH OR MORE: 3
MIN 32 OR BELOW: 14 0.50 INCH OR MORE: 0
MIN 0 OR BELOW: 0 1.00 INCH OR MORE: 0
[HDD (BASE 65) ]
TOTAL THIS MO. 433 CLEAR (SCALE 0-3) 15
DPTR FM NORMAL 68 PTCLDY (SCALE 4-7) 16
TOTAL FM JUL 1 5642 CLOUDY (SCALE 8-10) 0
DPTR FM NORMAL -350
[CDD (BASE 65) ]
TOTAL THIS MO. 0
DPTR FM NORMAL -7 [PRESSURE DATA]
TOTAL FM JAN 1 0 HIGHEST SLP 30.24 ON 22
DPTR FM NORMAL -7 LOWEST SLP 29.58 ON 28
[REMARKS]
#FINAL-05-22#