000
CXUS56 KPDT 011544
CLMRDM
CLIMATE REPORT
NATIONAL WEATHER SERVICE PENDLETON, OR
844 AM PDT MON MAY 01 2023
...................................
...THE REDMOND OR CLIMATE SUMMARY FOR THE MONTH OF APRIL 2023...
CLIMATE NORMAL PERIOD 1991 TO 2020
CLIMATE RECORD PERIOD 1949 TO 2023
WEATHER OBSERVED NORMAL DEPART LAST YEAR`S
VALUE DATE(S) VALUE FROM VALUE DATE(S)
NORMAL
................................................................
TEMPERATURE (F)
RECORD
HIGH 90 04/29/2023
LOW 10 04/18/1972
04/18/1972
04/02/1963
HIGHEST 89 04/29 77 04/07
LOWEST 15 04/05 16 04/06
AVG. MAXIMUM 60.5 60.2 0.3 56.5
AVG. MINIMUM 30.5 30.7 -0.2 27.4
MEAN 45.5 45.5 -0.0 41.9
DAYS MAX >= 90 0 0.0 0.0 0
DAYS MAX <= 32 0 0.0 0.0 0
DAYS MIN <= 32 19 20.6 -1.6 25
DAYS MIN <= 0 0 0.0 0.0 0
PRECIPITATION (INCHES)
RECORD
MAXIMUM 1.99 2005
MINIMUM T 1968
TOTALS 0.33 0.71 -0.38 0.56
DAILY AVG. 0.01 0.02 -0.01 0.02
DAYS >= .01 11 8.1 2.9 10
DAYS >= .10 1 2.6 -1.6 3
DAYS >= .50 0 0.1 -0.1 0
DAYS >= 1.00 0 0.0 0.0 0
GREATEST
24 HR. TOTAL 0.11 04/12 TO 04/12 0.11 04/13 TO 04/14
04/29 TO 04/30
DEGREE DAYS
HEATING TOTAL 579 587 -8 685
SINCE 7/1 5736 5624 112
COOLING TOTAL 1 0 1 0
SINCE 1/1 1 0 1
................................................................
WIND (MPH)
AVERAGE WIND SPEED 7.8
RESULTANT WIND SPEED/DIRECTION 3/270
HIGHEST WIND SPEED/DIRECTION 33/290 DATE 04/01
HIGHEST GUST SPEED/DIRECTION 41/270 DATE 04/19
AVERAGE RH (PERCENT) 55
WEATHER CONDITIONS. NUMBER OF DAYS WITH
THUNDERSTORM 0 MIXED PRECIP 0
HEAVY RAIN 0 RAIN 1
LIGHT RAIN 13 FREEZING RAIN 0
LT FREEZING RAIN 0 HAIL 0
HEAVY SNOW 0 SNOW 0
LIGHT SNOW 6 SLEET 0
FOG 3 FOG W/VIS <= 1/4 MILE 0
HAZE 4
- INDICATES NEGATIVE NUMBERS.
R INDICATES RECORD WAS SET OR TIED.
MM INDICATES DATA IS MISSING.
T INDICATES TRACE AMOUNT.
$$