000
CXUS56 KBOI 111517
CF6REO
PRELIMINARY LOCAL CLIMATOLOGICAL DATA (WS FORM: F-6)
STATION: ROME OR
MONTH: DECEMBER
YEAR: 2023
LATITUDE: 42 35 N
LONGITUDE: 117 52 W
TEMPERATURE IN F: :PCPN: SNOW: WIND :SUNSHINE: SKY :PK WND
================================================================================
1 2 3 4 5 6A 6B 7 8 9 10 11 12 13 14 15 16 17 18
12Z AVG MX 2MIN
DY MAX MIN AVG DEP HDD CDD WTR SNW DPTH SPD SPD DIR MIN PSBL S-S WX SPD DR
================================================================================
1 41 24 33 1 32 0 0.04 M M 10.6 24 240 M M 0 34 220
2 47 36 42 10 23 0 0.02 M M 18.3 33 240 M M 0 46 240
3 51 39 45 14 20 0 0.10 M M 18.3 28 220 M M 0 37 220
4 59 40 50 19 15 0 0.02 M M 9.6 18 180 M M 0 27 180
5 60 32 46 15 19 0 0.00 M M 7.1 20 160 M M 0 27 160
6 59 39 49 19 16 0 0.00 M M 13.3 30 230 M M 0 40 240
7 47 31 39 9 26 0 0.02 M M 13.5 28 260 M M 0 42 260
8 38 18 28 -2 37 0 0.00 M M 8.0 16 280 M M 0 23 270
9 39 12 26 -4 39 0 0.00 M M 3.1 12 160 M M 0 14 180
10 48 25 37 7 28 0 0.02 M M 4.9 17 170 M M 0 22 180
11 44 35 40 10 25 0 0.02 M M 3.3 10 10 M M 0 13 10
12 37 31 34 5 31 0 T M M 6.2 13 20 M M 0 17 20
13 37 24 31 2 34 0 0.00 M M 3.6 9 110 M M 0 12 110
14 37 21 29 0 36 0 0.00 M M 4.1 8 50 M M 0 10 40
15 29 19 24 -5 41 0 0.00 M M 2.6 8 180 M M 0 9 180
16 27 23 25 -4 40 0 0.00 M M 1.7 7 270 M M 0 8 280
17 26 20 23 -6 42 0 0.00 M M 2.0 8 50 M M 0 11 60
18 32 25 29 0 36 0 0.09 M M 2.2 12 50 M M 0 16 50
19 37 25 31 2 34 0 0.17 M M 2.5 10 30 M M 0 12 40
20 36 31 34 5 31 0 0.00 M M 2.2 9 170 M M 0 12 160
21 33 28 31 2 34 0 0.00 M M 0.8 7 180 M M 0 10 180
22 35 29 32 3 33 0 0.00 M M 3.8 21 330 M M 0 28 340
23 35 16 26 -3 39 0 0.00 M M 4.8 21 340 M M 0 30 340
24 32 12 22 -7 43 0 0.00 M M 3.6 8 130 M M 0 9 160
25 36 24 30 1 35 0 0.00 M M 2.2 8 50 M M 0 10 40
26 34 28 31 2 34 0 0.02 M M 4.2 10 40 M M 0 14 40
27 33 30 32 3 33 0 0.00 M M 2.6 10 200 M M 0 13 200
28 31 28 30 1 35 0 0.00 M M 1.9 8 40 M M 0 11 30
29 31 28 30 1 35 0 0.00 M M 0.4 5 240 M M 0 7 230
30 33 29 31 2 34 0 0.00 M M 2.3 8 240 M M 0 10 40
31 46 28 37 8 28 0 0.00 M M 3.5 8 100 M M 0 11 70
================================================================================
SM 1210 830 988 0 0.52 M 167.2 M 0
================================================================================
AV 39.0 26.8 5.4 FASTST M M 0 MAX(MPH)
MISC ----> 33 240 46 240
================================================================================
NOTES:
# LAST OF SEVERAL OCCURRENCES
COLUMN 17 PEAK WIND IN M.P.H.
PRELIMINARY LOCAL CLIMATOLOGICAL DATA (WS FORM: F-6) , PAGE 2
STATION: ROME OR
MONTH: DECEMBER
YEAR: 2023
LATITUDE: 42 35 N
LONGITUDE: 117 52 W
[TEMPERATURE DATA] [PRECIPITATION DATA] SYMBOLS USED IN COLUMN 16
AVERAGE MONTHLY: 32.9 TOTAL FOR MONTH: 0.52 1 = FOG OR MIST
DPTR FM NORMAL: 3.3 DPTR FM NORMAL: -0.33 2 = FOG REDUCING VISIBILITY
HIGHEST: 60 ON 5 GRTST 24HR 0.17 ON 19-19 TO 1/4 MILE OR LESS
LOWEST: 12 ON 24, 9 3 = THUNDER
SNOW, ICE PELLETS, HAIL 4 = ICE PELLETS
TOTAL MONTH: M 5 = HAIL
GRTST 24HR M ON M 6 = FREEZING RAIN OR DRIZZLE
GRTST DEPTH: M ON M 7 = DUSTSTORM OR SANDSTORM:
VSBY 1/2 MILE OR LESS
8 = SMOKE OR HAZE
[NO. OF DAYS WITH] [WEATHER - DAYS WITH] 9 = BLOWING SNOW
X = TORNADO
MAX 32 OR BELOW: 7 0.01 INCH OR MORE: 10
MAX 90 OR ABOVE: 0 0.10 INCH OR MORE: 2
MIN 32 OR BELOW: 26 0.50 INCH OR MORE: 0
MIN 0 OR BELOW: 0 1.00 INCH OR MORE: 0
[HDD (BASE 65) ]
TOTAL THIS MO. 988 CLEAR (SCALE 0-3) 31
DPTR FM NORMAL -109 PTCLDY (SCALE 4-7) 0
TOTAL FM JUL 1 2380 CLOUDY (SCALE 8-10) 0
DPTR FM NORMAL -203
[CDD (BASE 65) ]
TOTAL THIS MO. 0
DPTR FM NORMAL 0 [PRESSURE DATA]
TOTAL FM JAN 1 664 HIGHEST SLP 30.61 ON 9
DPTR FM NORMAL 5 LOWEST SLP 29.72 ON 6
[REMARKS]
#FINAL-12-23#