000
CXUS53 KGRB 010641
CLMRHI
CLIMATE REPORT
NATIONAL WEATHER SERVICE GREEN BAY
1241 AM CST THU FEB 01 2024
...................................
...THE RHINELANDER WI CLIMATE SUMMARY FOR THE MONTH OF JANUARY 2024...
CLIMATE NORMAL PERIOD: 1991 TO 2020
CLIMATE RECORD PERIOD: 1908 TO 2024
WEATHER OBSERVED NORMAL DEPART LAST YEAR`S
VALUE DATE(S) VALUE FROM VALUE DATE(S)
NORMAL
................................................................
TEMPERATURE (F)
RECORD
HIGH 53 01/25/1981
LOW -41 01/28/1915
HIGHEST 45 01/31 39 6 35 01/15
LOWEST -13 01/15 -26 13 -24 01/31
01/18
AVG. MAXIMUM 24.6 22.6 2.0 25.5
AVG. MINIMUM 15.0 3.7 11.3 14.7
MEAN 19.8 13.1 6.7 20.1
DAYS MAX >= 90 0 0.0 0.0 0
DAYS MAX <= 32 23 25.7 -2.7 27
DAYS MIN <= 32 30 30.7 -0.7 31
DAYS MIN <= 0 8 12.2 -4.2 5
PRECIPITATION (INCHES)
RECORD
MAXIMUM 3.54 1950
MINIMUM 0.14 1985
TOTALS 0.88 1.21 -0.33 1.62
DAYS >= .01 11 11.8 -0.8 18
DAYS >= .10 4 3.4 0.6 5
DAYS >= .50 0 0.1 -0.1 1
DAYS >= 1.00 0 0.0 0.0 0
GREATEST
STORM TOTAL 0.26
(MM/DD(HH))
SNOWFALL (INCHES)
RECORDS
TOTAL 31.5 1935
TOTALS 11.5 13.8 -2.3 17.2
SINCE 7/1 21.8 43.3 -21.5 MM
DAYS >= TRACE 16 12.5 3.5 18
DAYS >= 1.0 4 4.5 -0.5 3
GREATEST
SNOW DEPTH 8 01/15 16 01/25
01/16
01/17
01/27
01/28
24 HR TOTAL MM
DEGREE DAYS
HEATING TOTAL 1392 1607 -215 1383
SINCE 7/1 4402 5091 -689 MM
COOLING TOTAL 0 0 0 0
SINCE 1/1 0 0 0 MM
................................................................
WIND (MPH)
AVERAGE WIND SPEED 6.8
HIGHEST WIND SPEED/DIRECTION 22/210 DATE 01/21
HIGHEST GUST SPEED/DIRECTION 31/050 DATE 01/12
SKY COVER
POSSIBLE SUNSHINE (PERCENT) MM
AVERAGE SKY COVER 0.81
NUMBER OF DAYS FAIR 3
NUMBER OF DAYS PC 9
NUMBER OF DAYS CLOUDY 19
AVERAGE RH (PERCENT) 79
WEATHER CONDITIONS. NUMBER OF DAYS WITH
THUNDERSTORM 0 MIXED PRECIP 0
HEAVY RAIN 0 RAIN 0
LIGHT RAIN 2 FREEZING RAIN 0
LT FREEZING RAIN 0 HAIL 0
HEAVY SNOW 1 SNOW 1
LIGHT SNOW 17 SLEET 0
FOG 19 FOG W/VIS <= 1/4 MILE 5
HAZE 6
- INDICATES NEGATIVE NUMBERS.
R INDICATES RECORD WAS SET OR TIED.
MM INDICATES DATA IS MISSING.
T INDICATES TRACE AMOUNT.
$$