000
CXUS53 KGRB 021349
CLSRHI
CLIMATE REPORT
NATIONAL WEATHER SERVICE GREEN BAY
749 AM CST SAT DEC 02 2023
...................................
...THE RHINELANDER WI FALL CLIMATE SUMMARY FROM 9/1/2023 TO 11/30/2023...
CLIMATE NORMAL PERIOD: 1991 TO 2020
CLIMATE RECORD PERIOD: 1908 TO 2023
WEATHER OBSERVED NORMAL DEPART LAST YEAR`S
VALUE DATE(S) VALUE FROM VALUE DATE(S)
NORMAL
................................................................
TEMPERATURE (F)
RECORD
HIGH 98 09/10/1908
LOW -16 11/30/1976
HIGHEST 94 09/04 86 8 85 09/01
LOWEST 2 11/28 2 0 -2 11/20
AVG. MAXIMUM 54.9 54.4 0.5 55.4
AVG. MINIMUM 37.0 33.7 3.3 34.6
MEAN 45.9 44.0 1.9 45.0
DAYS MAX >= 90 2 0.1 1.9 0
DAYS MAX <= 32 7 8.7 -1.7 11
DAYS MIN <= 32 39 42.3 -3.3 43
DAYS MIN <= 0 0 0.8 -0.8 1
PRECIPITATION (INCHES)
RECORD
MAXIMUM 17.47 1934
MINIMUM 1.11 1976
TOTALS 7.00 9.15 -2.15 6.31
DAILY AVG. 0.08 0.10 -0.02 0.07
DAYS >= .01 35 37.2 -2.2 35
DAYS >= .10 17 19.9 -2.9 14
DAYS >= .50 4 5.4 -1.4 3
DAYS >= 1.00 0 1.8 -1.8 1
SNOWFALL (INCHES)
RECORDS
TOTAL 35.1 2014
24 HR TOTAL 6.1
TOTALS 5.5 11.8 -6.3 13.7
SINCE 7/1 5.5 11.8 -6.3 13.7
DAYS >= TRACE 18 9.4 8.6 19
DAYS >= 1.0 3 3.4 -0.4 5
GREATEST
SNOW DEPTH 2 10/31 5 11/19
11/01
11/20
11/21
24 HR TOTAL MM
DEGREE DAYS
HEATING TOTAL 1788 1935 -147 1827
SINCE 7/1 1920 2061 -141 1944
COOLING TOTAL 75 27 48 29
SINCE 1/1 311 282 29 296
FREEZE DATES
RECORD
EARLIEST 08/27/1915
LATEST 07/30/1928
EARLIEST 10/07
LATEST 05/26
................................................................
WIND (MPH)
AVERAGE WIND SPEED 6.5
RESULTANT WIND SPEED/DIRECTION 2/230
HIGHEST WIND SPEED/DIRECTION 31/210 DATE 11/16
HIGHEST GUST SPEED/DIRECTION 49/210 DATE 11/16
SKY COVER
POSSIBLE SUNSHINE (PERCENT) MM
AVERAGE SKY COVER 0.54
NUMBER OF DAYS FAIR 25
NUMBER OF DAYS PC 33
NUMBER OF DAYS CLOUDY 30
AVERAGE RH (PERCENT) 73
WEATHER CONDITIONS. NUMBER OF DAYS WITH
THUNDERSTORM 5 MIXED PRECIP 1
HEAVY RAIN 6 RAIN 11
LIGHT RAIN 39 FREEZING RAIN 0
LT FREEZING RAIN 0 HAIL 0
HEAVY SNOW 0 SNOW 0
LIGHT SNOW 17 SLEET 0
FOG 49 FOG W/VIS <= 1/4 MILE 11
HAZE 5
- INDICATES NEGATIVE NUMBERS.
R INDICATES RECORD WAS SET OR TIED.
MM INDICATES DATA IS MISSING.
T INDICATES TRACE AMOUNT.
$$