000
CXUS51 KAKQ 010810
CF6RIC
PRELIMINARY LOCAL CLIMATOLOGICAL DATA (WS FORM: F-6)
STATION: RICHMOND VA
MONTH: FEBRUARY
YEAR: 2022
LATITUDE: 37 30 N
LONGITUDE: 77 20 W
TEMPERATURE IN F: :PCPN: SNOW: WIND :SUNSHINE: SKY :PK WND
================================================================================
1 2 3 4 5 6A 6B 7 8 9 10 11 12 13 14 15 16 17 18
12Z AVG MX 2MIN
DY MAX MIN AVG DEP HDD CDD WTR SNW DPTH SPD SPD DIR MIN PSBL S-S WX SPD DR
================================================================================
1 48 24 36 -3 29 0 0.00 0.0 0 5.8 12 60 M M 3 17 50
2 55 25 40 1 25 0 0.00 0.0 0 2.7 12 130 M M 6 1 15 130
3 62 43 53 14 12 0 0.11 0.0 0 7.2 20 180 M M 10 1 26 180
4 69 38 54 15 11 0 0.53 0.0 0 15.5 28 360 M M 10 1 39 200
5 40 26 33 -6 32 0 0.00 0.0 0 10.2 26 340 M M 4 37 320
6 41 20 31 -8 34 0 0.00 0.0 0 5.4 12 50 M M 4 15 60
7 43 34 39 -1 26 0 0.38 0.0 0 6.7 13 330 M M 10 1 17 330
8 51 29 40 0 25 0 0.00 0.0 0 5.2 15 280 M M 5 1 20 260
9 59 26 43 3 22 0 0.00 0.0 0 5.8 17 170 M M 0 21 170
10 65 32 49 9 16 0 0.00 0.0 0 10.3 29 240 M M 1 37 250
11 70 30 50 10 15 0 0.00 0.0 0 10.2 26 200 M M 1 33 210
12 71 43 57 17 8 0 0.00 0.0 0 9.8 20 290 M M 3 26 230
13 50 31 41 0 24 0 0.04 T 0 10.0 22 20 M M 8 1 28 20
14 37 23 30 -11 35 0 T T 0 6.3 17 310 M M 5 1 22 350
15 44 17 31 -10 34 0 0.00 0.0 0 4.3 13 130 M M 1 15 160
16 61 25 43 2 22 0 0.00 0.0 0 8.2 20 170 M M 6 26 170
17 74 51 63 22 2 0 0.00 0.0 0 18.0 32 200 M M 9 45 180
18 68 33 51 9 14 0 0.11 0.0 0 15.0 32 190 M M 6 1 39 200
19 56 24 40 -2 25 0 0.00 0.0 0 12.5 33 320 M M 1 44 320
20 48 21 35 -7 30 0 0.00 0.0 0 6.1 17 170 M M 0 21 160
21 68 30 49 7 16 0 0.00 0.0 0 7.3 16 210 M M 3 22 260
22 69 55 62 20 3 0 0.10 0.0 0 12.5 23 200 M M 10 1 28 190
23 70 53 62 19 3 0 0.11 0.0 0 11.5 20 10 M M 8 1 26 10
24 53 35 44 1 21 0 0.11 0.0 0 8.3 17 30 M M 9 1 25 40
25 65 35 50 7 15 0 0.02 0.0 0 9.5 20 20 M M 8 1 25 30
26 43 35 39 -4 26 0 0.00 0.0 0 6.1 16 20 M M 9 20 10
27 52 36 44 0 21 0 0.00 0.0 0 5.3 12 220 M M 8 16 180
28 55 30 43 -1 22 0 0.00 0.0 0 6.9 17 10 M M 1 22 360
================================================================================
SM 1587 904 568 0 1.51 T 242.6 M 149
================================================================================
AV 56.7 32.3 8.7 FASTST M M 5 MAX(MPH)
MISC ----> 33 320 45 180
================================================================================
NOTES:
# LAST OF SEVERAL OCCURRENCES
COLUMN 17 PEAK WIND IN M.P.H.
PRELIMINARY LOCAL CLIMATOLOGICAL DATA (WS FORM: F-6) , PAGE 2
STATION: RICHMOND VA
MONTH: FEBRUARY
YEAR: 2022
LATITUDE: 37 30 N
LONGITUDE: 77 20 W
[TEMPERATURE DATA] [PRECIPITATION DATA] SYMBOLS USED IN COLUMN 16
AVERAGE MONTHLY: 44.5 TOTAL FOR MONTH: 1.51 1 = FOG OR MIST
DPTR FM NORMAL: 3.5 DPTR FM NORMAL: -1.10 2 = FOG REDUCING VISIBILITY
HIGHEST: 74 ON 17 GRTST 24HR 0.53 ON 3- 4 TO 1/4 MILE OR LESS
LOWEST: 17 ON 15 3 = THUNDER
SNOW, ICE PELLETS, HAIL 4 = ICE PELLETS
TOTAL MONTH: T 5 = HAIL
GRTST 24HR T ON 13-13 6 = FREEZING RAIN OR DRIZZLE
GRTST DEPTH: 0 7 = DUSTSTORM OR SANDSTORM:
VSBY 1/2 MILE OR LESS
8 = SMOKE OR HAZE
[NO. OF DAYS WITH] [WEATHER - DAYS WITH] 9 = BLOWING SNOW
X = TORNADO
MAX 32 OR BELOW: 0 0.01 INCH OR MORE: 9
MAX 90 OR ABOVE: 0 0.10 INCH OR MORE: 7
MIN 32 OR BELOW: 16 0.50 INCH OR MORE: 1
MIN 0 OR BELOW: 0 1.00 INCH OR MORE: 0
[HDD (BASE 65) ]
TOTAL THIS MO. 568 CLEAR (SCALE 0-3) 8
DPTR FM NORMAL -104 PTCLDY (SCALE 4-7) 12
TOTAL FM JUL 1 2500 CLOUDY (SCALE 8-10) 8
DPTR FM NORMAL -405
[CDD (BASE 65) ]
TOTAL THIS MO. 0
DPTR FM NORMAL 0 [PRESSURE DATA]
TOTAL FM JAN 1 0 HIGHEST SLP 30.72 ON 15
DPTR FM NORMAL 0 LOWEST SLP 29.55 ON 18
[REMARKS]
#FINAL-02-22#