000
CXUS56 KSGX 011045
CF6RIV
PRELIMINARY LOCAL CLIMATOLOGICAL DATA (WS FORM: F-6)
STATION: RIVERSIDE/MARCH ARB CA
MONTH: SEPTEMBER
YEAR: 2023
LATITUDE: 33 53 N
LONGITUDE: 117-15 E
TEMPERATURE IN F: :PCPN: SNOW: WIND :SUNSHINE: SKY :PK WND
================================================================================
1 2 3 4 5 6A 6B 7 8 9 10 11 12 13 14 15 16 17 18
12Z AVG MX 2MIN
DY MAX MIN AVG DEP HDD CDD WTR SNW DPTH SPD SPD DIR MIN PSBL S-S WX SPD DR
================================================================================
1 86 65 76 -2 0 11 T M M 6.5 14 160 M M 5 18 240
2 80 69 75 -3 0 10 0.06 M M 5.3 10 340 M M 7 1 M M
3 80 61 71 -7 0 6 0.00 M M 7.5 12 320 M M 5 18 320
4 80 60 70 -8 0 5 0.00 M M 4.7 12 330 M M 3 M M
5 80 58 69 -9 0 4 0.00 M M 4.9 13 300 M M 0 M M
6 85 64 75 -2 0 10 0.00 M M 4.8 9 300 M M 4 M M
7 92 58 75 -2 0 10 0.00 M M 3.1 9 310 M M 0 M M
8 97 62 80 3 0 15 0.00 M M 3.5 12 330 M M 0 17 330
9 97 67 82 5 0 17 0.00 M M 4.3 10 310 M M 1 M M
10 94 71 83 6 0 18 0.02 M M 4.0 13 350 M M 3 M M
11 92 66 79 2 0 14 T M M 3.0 13 310 M M 2 M M
12 90 61 76 0 0 11 0.00 M M 3.2 14 160 M M 0 21 160
13 84 59 72 -4 0 7 0.00 M M 4.5 12 310 M M 3 1 M M
14 81 59 70 -6 0 5 0.00 M M 4.1 10 310 M M 3 1 M M
15 80 59 70 -6 0 5 0.00 M M 3.6 12 320 M M 4 18 M M
16 75 62 69 -6 0 4 0.00 M M 3.1 8 300 M M 6 18 M M
17 75 63 69 -6 0 4 0.00 M M 4.8 9 300 M M 7 1 M M
18 79 56 68 -7 0 3 0.00 M M 3.7 10 290 M M 5 M M
19 80 51 66 -8 0 1 0.00 M M 3.2 10 300 M M 1 M M
20 76 60 68 -6 0 3 0.00 M M 5.3 12 300 M M 6 M M
21 75 58 67 -7 0 2 0.00 M M 5.0 12 300 M M 5 M M
22 78 52 65 -9 0 0 T M M 3.1 9 170 M M 3 M M
23 83 57 70 -3 0 5 0.00 M M 3.6 10 310 M M 1 M M
24 87 53 70 -3 0 5 0.00 M M 3.2 12 300 M M 0 1 M M
25 87 51 69 -4 0 4 0.00 M M 4.4 14 320 M M 0 M M
26 87 50 69 -3 0 4 0.00 M M 3.7 12 350 M M 0 M M
27 92 50 71 -1 0 6 0.00 M M 3.0 9 280 M M 0 M M
28 84 52 68 -4 0 3 0.00 M M 3.6 13 320 M M 0 M M
29 77 59 68 -3 0 3 0.00 M M 4.0 10 340 M M 5 1 M M
30 69 55 62 -9 3 0 0.05 M M 5.4 16 190 M M 6 3 23 220
================================================================================
SM 2502 1768 3 195 0.13 M 126.0 M 85
================================================================================
AV 83.4 58.9 4.2 FASTST M M 3 MAX(MPH)
MISC ----> 16 190 23 220
================================================================================
NOTES:
# LAST OF SEVERAL OCCURRENCES
COLUMN 17 PEAK WIND IN M.P.H.
PRELIMINARY LOCAL CLIMATOLOGICAL DATA (WS FORM: F-6) , PAGE 2
STATION: RIVERSIDE/MARCH ARB CA
MONTH: SEPTEMBER
YEAR: 2023
LATITUDE: 33 53 N
LONGITUDE: 117-15 E
[TEMPERATURE DATA] [PRECIPITATION DATA] SYMBOLS USED IN COLUMN 16
AVERAGE MONTHLY: 71.2 TOTAL FOR MONTH: 0.13 1 = FOG OR MIST
DPTR FM NORMAL: -3.9 DPTR FM NORMAL: -0.03 2 = FOG REDUCING VISIBILITY
HIGHEST: 97 ON 9, 8 GRTST 24HR 0.06 ON 2- 2 TO 1/4 MILE OR LESS
LOWEST: 50 ON 27,26 3 = THUNDER
SNOW, ICE PELLETS, HAIL 4 = ICE PELLETS
TOTAL MONTH: M 5 = HAIL
GRTST 24HR M ON M 6 = FREEZING RAIN OR DRIZZLE
GRTST DEPTH: M ON M 7 = DUSTSTORM OR SANDSTORM:
VSBY 1/2 MILE OR LESS
8 = SMOKE OR HAZE
[NO. OF DAYS WITH] [WEATHER - DAYS WITH] 9 = BLOWING SNOW
X = TORNADO
MAX 32 OR BELOW: 0 0.01 INCH OR MORE: 3
MAX 90 OR ABOVE: 7 0.10 INCH OR MORE: 0
MIN 32 OR BELOW: 0 0.50 INCH OR MORE: 0
MIN 0 OR BELOW: 0 1.00 INCH OR MORE: 0
[HDD (BASE 65) ]
TOTAL THIS MO. 3 CLEAR (SCALE 0-3) 17
DPTR FM NORMAL -1 PTCLDY (SCALE 4-7) 13
TOTAL FM JUL 1 3 CLOUDY (SCALE 8-10) 0
DPTR FM NORMAL 3
[CDD (BASE 65) ]
TOTAL THIS MO. 195
DPTR FM NORMAL -111 [PRESSURE DATA]
TOTAL FM JAN 1 1256 HIGHEST SLP M ON M
DPTR FM NORMAL -142 LOWEST SLP M ON M
[REMARKS]
#FINAL-09-23#