000
CXUS55 KRIW 020044
CF6RKS
PRELIMINARY LOCAL CLIMATOLOGICAL DATA (WS FORM: F-6)
STATION: ROCK SPRINGS WY
MONTH: JANUARY
YEAR: 2024
LATITUDE: 41 35 N
LONGITUDE: 109 4 W
TEMPERATURE IN F: :PCPN: SNOW: WIND :SUNSHINE: SKY :PK WND
================================================================================
1 2 3 4 5 6A 6B 7 8 9 10 11 12 13 14 15 16 17 18
12Z AVG MX 2MIN
DY MAX MIN AVG DEP HDD CDD WTR SNW DPTH SPD SPD DIR MIN PSBL S-S WX SPD DR
================================================================================
1 35 11 23 2 42 0 0.00 M M 1.0 7 200 M M 0 12 7 210
2 34 7 21 0 44 0 0.00 M M 2.5 12 230 M M 1 128 14 220
3 30 5 18 -3 47 0 0.00 M M 2.9 9 140 M M 0 10 40
4 34 15 25 4 40 0 0.00 M M 7.8 18 250 M M 6 23 250
5 30 16 23 2 42 0 0.00 M M 16.6 25 260 M M 5 34 260
6 27 11 19 -2 46 0 T M M 12.8 26 260 M M 4 1 37 250
7 23 15 19 -2 46 0 0.01 M M 5.3 14 220 M M 10 1 19 220
8 19 9 14 -7 51 0 T M M 14.1 35 260 M M 5 1 42 260
9 26 10 18 -3 47 0 T M M 22.0 37 240 M M 5 1289 49 260
10 24 13 19 -2 46 0 T M M 18.4 38 250 M M 7 18 48 250
11 20 -1 10 -12 55 0 T M M 17.0 26 250 M M 3 34 240
12 23 11 17 -5 48 0 T M M 27.4 48 260 M M 7 1289 65 260
13 16 6 11 -11 54 0 T M M 17.9 37 280 M M 7 1289 54 270
14 27 4 16 -6 49 0 T M M 13.6 38 260 M M 9 189 49 260
15 23 -14 5 -17 60 0 T M M 13.7 33 270 M M 6 1289 46 260
16 22 -12 5 -17 60 0 0.00 M M 14.1 30 250 M M 0 35 250
17 31 7 19 -3 46 0 0.03 M M 11.3 33 260 M M 7 1 39 260
18 35 20 28 6 37 0 T M M 23.4 38 260 M M 2 18 49 240
19 37 13 25 3 40 0 0.00 M M 5.0 14 260 M M 5 16 260
20 34 18 26 4 39 0 0.00 M M 3.0 10 230 M M 4 13 250
21 40 24 32 10 33 0 T M M 5.6 14 220 M M 6 17 210
22 40 28 34 12 31 0 T M M 2.5 9 180 M M 8 10 190
23 38 24 31 9 34 0 0.00 M M 3.0 9 240 M M 9 1 10 240
24 36 24 30 8 35 0 0.00 M M 9.3 21 260 M M 8 25 280
25 33 22 28 6 37 0 0.05 M M 3.5 10 250 M M 8 1 12 250
26 34 21 28 6 37 0 0.02 M M 9.7 20 270 M M 6 12 24 250
27 36 17 27 5 38 0 0.00 M M 16.1 25 260 M M 1 30 250
28 43 30 37 15 28 0 0.00 M M 13.6 25 260 M M 1 30 260
29 44 28 36 14 29 0 0.00 M M 6.9 14 240 M M 0 18 240
30 41 22 32 10 33 0 0.00 M M 2.2 8 150 M M 4 12 9 150
31 34 21 28 6 37 0 0.00 M M 2.4 7 190 M M 7 12 8 250
================================================================================
SM 969 425 1311 0 0.11 M 324.6 M 151
================================================================================
AV 31.3 13.7 10.5 FASTST M M 5 MAX(MPH)
MISC ----> 48 260 65 260
================================================================================
NOTES:
# LAST OF SEVERAL OCCURRENCES
COLUMN 17 PEAK WIND IN M.P.H.
PRELIMINARY LOCAL CLIMATOLOGICAL DATA (WS FORM: F-6) , PAGE 2
STATION: ROCK SPRINGS WY
MONTH: JANUARY
YEAR: 2024
LATITUDE: 41 35 N
LONGITUDE: 109 4 W
[TEMPERATURE DATA] [PRECIPITATION DATA] SYMBOLS USED IN COLUMN 16
AVERAGE MONTHLY: 22.5 TOTAL FOR MONTH: 0.11 1 = FOG OR MIST
DPTR FM NORMAL: 1.0 DPTR FM NORMAL: -0.27 2 = FOG REDUCING VISIBILITY
HIGHEST: 44 ON 29 GRTST 24HR 0.07 ON 14-15 TO 1/4 MILE OR LESS
LOWEST: -14 ON 15 3 = THUNDER
SNOW, ICE PELLETS, HAIL 4 = ICE PELLETS
TOTAL MONTH: M 5 = HAIL
GRTST 24HR M ON M 6 = FREEZING RAIN OR DRIZZLE
GRTST DEPTH: M ON M 7 = DUSTSTORM OR SANDSTORM:
VSBY 1/2 MILE OR LESS
8 = SMOKE OR HAZE
[NO. OF DAYS WITH] [WEATHER - DAYS WITH] 9 = BLOWING SNOW
X = TORNADO
MAX 32 OR BELOW: 14 0.01 INCH OR MORE: 4
MAX 90 OR ABOVE: 0 0.10 INCH OR MORE: 0
MIN 32 OR BELOW: 31 0.50 INCH OR MORE: 0
MIN 0 OR BELOW: 3 1.00 INCH OR MORE: 0
[HDD (BASE 65) ]
TOTAL THIS MO. 1311 CLEAR (SCALE 0-3) 9
DPTR FM NORMAL -36 PTCLDY (SCALE 4-7) 18
TOTAL FM JUL 1 4213 CLOUDY (SCALE 8-10) 4
DPTR FM NORMAL -436
[CDD (BASE 65) ]
TOTAL THIS MO. 0
DPTR FM NORMAL 0 [PRESSURE DATA]
TOTAL FM JAN 1 0 HIGHEST SLP 30.56 ON 15
DPTR FM NORMAL 0 LOWEST SLP 29.52 ON 10
[REMARKS]
#FINAL-01-24#