000
CXUS52 KFFC 011010
CF6RMG
PRELIMINARY LOCAL CLIMATOLOGICAL DATA (WS FORM: F-6)
STATION: ROME
MONTH: MAY
YEAR: 2020
LATITUDE: 34 20 N
LONGITUDE: 85 10 W
TEMPERATURE IN F: :PCPN: SNOW: WIND :SUNSHINE: SKY :PK WND
================================================================================
1 2 3 4 5 6A 6B 7 8 9 10 11 12 13 14 15 16 17 18
12Z AVG MX 2MIN
DY MAX MIN AVG DEP HDD CDD WTR SNW DPTH SPD SPD DIR MIN PSBL S-S WX SPD DR
================================================================================
1 78 43 61 -3 4 0 0.00 0.0 0 4.3 17 340 M M 0 23 330
2 84 45 65 1 0 0 0.00 0.0 0 2.2 14 190 M M 0 17 200
3 86 52 69 5 0 4 0.00 0.0 0 5.5 22 340 M M 0 29 350
4 84 58 71 6 0 6 0.06 0.0 0 2.4 18 330 M M 4 38 26 340
5 M M M M M M 0.00 0.0 0 5.6 12 270 M M 6 3 18 220
6 69 44 57 -8 8 0 0.00 0.0 0 7.6 29 330 M M 3 41 330
7 70 39 55 -11 10 0 0.00 0.0 0 3.2 17 20 M M 0 1 23 20
8 59 47 53 -13 12 0 0.48 M 0 3.0 17 360 M M 8 1 23 350
9 64 42 53 -13 12 0 0.00 0.0 0 9.3 21 10 M M 0 28 20
10 73 36 55 -11 10 0 0.00 0.0 0 3.3 14 230 M M 0 8 17 230
11 69 45 57 -10 8 0 0.00 0.0 0 7.8 20 350 M M 0 25 10
12 70 42 56 -11 9 0 0.00 0.0 0 4.0 12 10 M M 3 14 10
13 76 53 65 -2 0 0 0.00 0.0 0 3.1 10 100 M M 1 17 340
14 83 63 73 5 0 8 0.00 0.0 0 6.0 15 130 M M 3 20 130
15 83 60 72 4 0 7 0.00 0.0 0 3.5 10 100 M M 2 16 160
16 86 56 71 3 0 6 0.00 0.0 0 2.3 13 160 M M 1 19 180
17 86 60 73 4 0 8 0.24 0.0 0 4.4 20 250 M M 5 1 24 250
18 84 66 75 6 0 10 0.72 0.0 0 6.3 18 180 M M 8 13 27 180
19 74 61 68 -1 0 3 0.14 0.0 0 3.3 15 330 M M 8 1 21 320
20 70 57 64 -5 1 0 0.00 0.0 0 5.3 13 130 M M 8 16 120
21 78 56 67 -3 0 2 0.00 0.0 0 2.7 10 150 M M 8 1 13 180
22 82 60 71 1 0 6 0.10 0.0 0 4.3 28 310 M M 4 13 37 310
23 88 62 75 5 0 10 0.19 0.0 0 3.9 13 250 M M 3 13 20 300
24 90 67 79 8 0 14 0.04 0.0 0 2.4 12 190 M M 2 13 15 180
25 86 67 77 6 0 12 0.12 M M 6.1 23 150 M M 3 13 36 150
26 80 69 75 4 0 10 T 0.0 M 5.7 17 100 M M 8 25 90
27 75 63 69 -2 0 4 0.53 0.0 M 4.3 21 220 M M 10 18 34 220
28 85 63 74 2 0 9 0.03 M M 3.0 14 270 M M 6 123 19 250
29 87 64 76 4 0 11 0.00 M M 3.0 12 250 M M 1 13 16 310
30 88 63 76 4 0 11 0.00 M M 4.4 15 360 M M 1 1 18 360
31 85 61 73 0 0 8 0.00 M M 7.8 16 10 M M 0 23 340
================================================================================
SM 2372 1664 74 149 2.65 0.0 140.0 M 106
================================================================================
AV 79.1 55.5 4.5 FASTST M M 3 MAX(MPH)
MISC ----> 29 330 41 330
================================================================================
NOTES:
# LAST OF SEVERAL OCCURRENCES
COLUMN 17 PEAK WIND IN M.P.H.
PRELIMINARY LOCAL CLIMATOLOGICAL DATA (WS FORM: F-6) , PAGE 2
STATION: ROME
MONTH: MAY
YEAR: 2020
LATITUDE: 34 20 N
LONGITUDE: 85 10 W
[TEMPERATURE DATA] [PRECIPITATION DATA] SYMBOLS USED IN COLUMN 16
AVERAGE MONTHLY: 67.3 TOTAL FOR MONTH: 2.65 1 = FOG OR MIST
DPTR FM NORMAL: -1.0 DPTR FM NORMAL: -1.53 2 = FOG REDUCING VISIBILITY
HIGHEST: 90 ON 24 GRTST 24HR 0.94 ON 17-18 TO 1/4 MILE OR LESS
LOWEST: 36 ON 10 3 = THUNDER
SNOW, ICE PELLETS, HAIL 4 = ICE PELLETS
TOTAL MONTH: 0.0 INCH 5 = HAIL
GRTST 24HR 0.0 6 = FREEZING RAIN OR DRIZZLE
GRTST DEPTH: 0 7 = DUSTSTORM OR SANDSTORM:
VSBY 1/2 MILE OR LESS
8 = SMOKE OR HAZE
[NO. OF DAYS WITH] [WEATHER - DAYS WITH] 9 = BLOWING SNOW
X = TORNADO
MAX 32 OR BELOW: 0 0.01 INCH OR MORE: 11
MAX 90 OR ABOVE: 1 0.10 INCH OR MORE: 8
MIN 32 OR BELOW: 0 0.50 INCH OR MORE: 2
MIN 0 OR BELOW: 0 1.00 INCH OR MORE: 0
[HDD (BASE 65) ]
TOTAL THIS MO. 74 CLEAR (SCALE 0-3) 17
DPTR FM NORMAL 38 PTCLDY (SCALE 4-7) 11
TOTAL FM JUL 1 2506 CLOUDY (SCALE 8-10) 3
DPTR FM NORMAL -742
[CDD (BASE 65) ]
TOTAL THIS MO. 149
DPTR FM NORMAL 14 [PRESSURE DATA]
TOTAL FM JAN 1 203 HIGHEST SLP 30.31 ON 12
DPTR FM NORMAL 35 LOWEST SLP 29.67 ON 18
[REMARKS]
#FINAL-05-20#