610
CXUS56 KSGX 011245
CF6RNM
PRELIMINARY LOCAL CLIMATOLOGICAL DATA (WS FORM: F-6)
STATION: RAMONA AIRPORT CA
MONTH: JULY
YEAR: 2020
LATITUDE: 33 2 N
LONGITUDE: 116 55 W
TEMPERATURE IN F: :PCPN: SNOW: WIND :SUNSHINE: SKY :PK WND
================================================================================
1 2 3 4 5 6A 6B 7 8 9 10 11 12 13 14 15 16 17 18
12Z AVG MX 2MIN
DY MAX MIN AVG DEP HDD CDD WTR SNW DPTH SPD SPD DIR MIN PSBL S-S WX SPD DR
================================================================================
1 79 56 68 -2 0 3 0.00 0.0 0 4.5 13 260 M M 5 1 18 270
2 84 54 69 -1 0 4 0.00 0.0 0 4.6 14 290 M M 4 1 17 300
3 90 48 69 -1 0 4 0.00 0.0 0 4.6 15 300 M M 0 19 300
4 90 53 72 1 0 7 0.00 0.0 0 5.1 17 300 M M 0 23 270
5 96 53 75 4 0 10 0.00 0.0 0 4.4 17 260 M M 0 21 270
6 96 50 73 2 0 8 0.00 0.0 0 5.4 15 270 M M 0 20 290
7 92 50 71 0 0 6 0.00 0.0 0 4.6 15 270 M M 0 18 19 280
8 89 49 69 -2 0 4 0.00 0.0 0 4.9 15 290 M M 2 128 20 290
9 89 46 68 -4 0 3 0.00 0.0 0 4.6 14 280 M M 1 12 19 260
10 96 55 76 4 0 11 0.00 0.0 0 4.1 14 270 M M 0 8 18 280
11 102 61 82 10 0 17 0.00 0.0 0 4.6 16 270 M M 0 22 260
12 100 60 80 8 0 15 0.00 0.0 0 4.8 17 270 M M 0 23 290
13 96 55 76 4 0 11 0.00 0.0 0 5.1 15 280 M M 0 12 20 250
14 87 56 72 0 0 7 0.00 0.0 0 5.4 15 280 M M 4 12 21 290
15 86 54 70 -2 0 5 0.00 0.0 0 5.0 14 260 M M 3 1 19 260
16 86 54 70 -2 0 5 0.00 0.0 0 5.2 14 270 M M 3 1 20 290
17 87 54 71 -1 0 6 0.00 0.0 0 4.5 13 280 M M 3 12 17 270
18 92 52 72 0 0 7 0.00 0.0 0 5.3 14 270 M M 1 12 20 330
19 92 53 73 0 0 8 0.00 0.0 0 4.7 15 310 M M 1 12 22 290
20 87 50 69 -4 0 4 0.00 0.0 0 5.0 14 290 M M 0 20 270
21 89 54 72 -1 0 7 0.00 0.0 0 5.0 14 270 M M 3 12 18 300
22 83 54 69 -4 0 4 0.00 0.0 0 4.9 14 290 M M 5 12 19 260
23 82 53 68 -5 0 3 0.00 0.0 0 4.5 14 280 M M 4 1 21 270
24 82 54 68 -5 0 3 0.00 0.0 0 4.9 15 270 M M 3 12 20 280
25 87 55 71 -2 0 6 0.00 0.0 0 4.6 13 290 M M 3 12 18 270
26 92 51 72 -1 0 7 0.00 0.0 0 5.1 15 260 M M 0 1 21 260
27 88 56 72 -1 0 7 0.00 0.0 0 5.9 14 280 M M 3 12 18 280
28 87 50 69 -4 0 4 0.00 0.0 0 5.2 14 280 M M 2 12 19 310
29 91 50 71 -2 0 6 0.00 0.0 0 4.7 15 310 M M 2 12 18 300
30 99 55 77 4 0 12 0.00 0.0 0 5.1 14 310 M M 2 12 18 310
31 102 62 82 9 0 17 0.00 0.0 0 5.4 18 290 M M 0 22 290
================================================================================
SM 2798 1657 0 221 0.00 0.0 151.7 M 54
================================================================================
AV 90.3 53.5 4.9 FASTST M M 2 MAX(MPH)
MISC ----> # 18 290 # 23 270
================================================================================
NOTES:
# LAST OF SEVERAL OCCURRENCES
COLUMN 17 PEAK WIND IN M.P.H.
PRELIMINARY LOCAL CLIMATOLOGICAL DATA (WS FORM: F-6) , PAGE 2
STATION: RAMONA AIRPORT CA
MONTH: JULY
YEAR: 2020
LATITUDE: 33 2 N
LONGITUDE: 116 55 W
[TEMPERATURE DATA] [PRECIPITATION DATA] SYMBOLS USED IN COLUMN 16
AVERAGE MONTHLY: 71.9 TOTAL FOR MONTH: 0.00 1 = FOG OR MIST
DPTR FM NORMAL: -0.2 DPTR FM NORMAL: -0.13 2 = FOG REDUCING VISIBILITY
HIGHEST: 102 ON 31,11 GRTST 24HR 0.00 ON 31-31 TO 1/4 MILE OR LESS
LOWEST: 46 ON 9 3 = THUNDER
SNOW, ICE PELLETS, HAIL 4 = ICE PELLETS
TOTAL MONTH: 0.0 INCH 5 = HAIL
GRTST 24HR 0.0 6 = FREEZING RAIN OR DRIZZLE
GRTST DEPTH: 0 7 = DUSTSTORM OR SANDSTORM:
VSBY 1/2 MILE OR LESS
8 = SMOKE OR HAZE
[NO. OF DAYS WITH] [WEATHER - DAYS WITH] 9 = BLOWING SNOW
X = TORNADO
MAX 32 OR BELOW: 0 0.01 INCH OR MORE: 0
MAX 90 OR ABOVE: 15 0.10 INCH OR MORE: 0
MIN 32 OR BELOW: 0 0.50 INCH OR MORE: 0
MIN 0 OR BELOW: 0 1.00 INCH OR MORE: 0
[HDD (BASE 65) ]
TOTAL THIS MO. 0 CLEAR (SCALE 0-3) 26
DPTR FM NORMAL -2 PTCLDY (SCALE 4-7) 5
TOTAL FM JUL 1 0 CLOUDY (SCALE 8-10) 0
DPTR FM NORMAL -2
[CDD (BASE 65) ]
TOTAL THIS MO. 221
DPTR FM NORMAL -1 [PRESSURE DATA]
TOTAL FM JAN 1 371 HIGHEST SLP M ON M
DPTR FM NORMAL 36 LOWEST SLP 29.74 ON 21
[REMARKS]
#FINAL-07-20#