000
CXUS55 KREV 010915
CF6RNO
PRELIMINARY LOCAL CLIMATOLOGICAL DATA (WS FORM: F-6)
STATION: RENO-TAHOE INTL AIRPORT NV
MONTH: OCTOBER
YEAR: 2022
LATITUDE: 39 30 N
LONGITUDE: 119 47 W
TEMPERATURE IN F: :PCPN: SNOW: WIND :SUNSHINE: SKY :PK WND
================================================================================
1 2 3 4 5 6A 6B 7 8 9 10 11 12 13 14 15 16 17 18
12Z AVG MX 2MIN
DY MAX MIN AVG DEP HDD CDD WTR SNW DPTH SPD SPD DIR MIN PSBL S-S WX SPD DR
================================================================================
1 78 45 62 1 3 0 0.00 0.0 0 3.4 10 90 M M 1 13 110
2 81 46 64 3 1 0 0.00 0.0 0 2.4 17 10 M M 0 20 10
3 83 47 65 5 0 0 0.00 0.0 0 2.6 12 80 M M 0 15 90
4 83 46 65 5 0 0 0.00 0.0 0 2.9 12 10 M M 0 16 10
5 84 47 66 6 0 1 0.00 0.0 0 2.2 10 300 M M 0 15 310
6 86 46 66 7 0 1 0.00 0.0 0 1.2 10 320 M M 0 13 50
7 86 46 66 7 0 1 0.00 0.0 0 2.9 13 20 M M 1 16 30
8 85 45 65 7 0 0 0.00 0.0 0 2.2 13 10 M M 1 16 50
9 83 47 65 7 0 0 T 0.0 0 3.8 25 330 M M 5 3 30 320
10 84 52 68 11 0 3 0.00 0.0 0 2.7 10 190 M M 3 16 280
11 82 47 65 8 0 0 0.00 0.0 0 3.3 14 30 M M 2 18 40
12 82 43 63 7 2 0 0.00 0.0 0 2.3 10 90 M M 0 14 310
13 83 44 64 8 1 0 0.00 0.0 0 2.5 10 80 M M 0 8 16 350
14 83 43 63 7 2 0 0.00 0.0 0 2.3 10 90 M M 0 13 270
15 82 42 62 7 3 0 0.00 0.0 0 1.8 10 10 M M 0 14 10
16 80 40 60 5 5 0 0.00 0.0 0 1.2 9 280 M M 0 16 280
17 80 42 61 7 4 0 0.00 0.0 0 3.2 13 90 M M 3 18 280
18 80 43 62 8 3 0 0.00 0.0 0 1.6 9 90 M M 6 15 260
19 81 40 61 7 4 0 0.00 0.0 0 2.3 10 70 M M 1 14 60
20 81 39 60 7 5 0 0.00 0.0 0 2.2 8 300 M M 1 15 250
21 81 42 62 9 3 0 0.00 0.0 0 6.7 24 260 M M 4 34 260
22 66 39 53 0 12 0 0.01 0.0 0 14.7 32 190 M M 6 18 42 180
23 50 31 41 -11 24 0 0.00 0.0 0 4.6 18 40 M M 3 23 40
24 66 29 48 -4 17 0 0.00 0.0 0 2.9 16 260 M M 4 21 280
25 61 38 50 -2 15 0 0.00 0.0 0 6.4 17 350 M M 5 20 360
26 57 36 47 -4 18 0 0.00 0.0 0 7.7 20 10 M M 4 24 10
27 58 31 45 -6 20 0 0.00 0.0 0 5.0 15 80 M M 2 19 80
28 65 31 48 -2 17 0 0.00 0.0 0 1.9 10 90 M M 5 14 10
29 65 32 49 -1 16 0 0.00 0.0 0 1.6 7 280 M M 4 11 280
30 68 30 49 -1 16 0 0.00 0.0 0 2.0 10 80 M M 2 14 80
31 64 32 48 -1 17 0 0.00 0.0 0 1.5 9 160 M M 6 12 170
================================================================================
SM 2348 1261 208 6 0.01 0.0 104.0 M 69
================================================================================
AV 75.7 40.7 3.4 FASTST M M 2 MAX(MPH)
MISC ----> 32 190 42 180
================================================================================
NOTES:
# LAST OF SEVERAL OCCURRENCES
COLUMN 17 PEAK WIND IN M.P.H.
PRELIMINARY LOCAL CLIMATOLOGICAL DATA (WS FORM: F-6) , PAGE 2
STATION: RENO-TAHOE INTL AIRPORT NV
MONTH: OCTOBER
YEAR: 2022
LATITUDE: 39 30 N
LONGITUDE: 119 47 W
[TEMPERATURE DATA] [PRECIPITATION DATA] SYMBOLS USED IN COLUMN 16
AVERAGE MONTHLY: 58.2 TOTAL FOR MONTH: 0.01 1 = FOG OR MIST
DPTR FM NORMAL: 3.1 DPTR FM NORMAL: -0.49 2 = FOG REDUCING VISIBILITY
HIGHEST: 86 ON 7, 6 GRTST 24HR 0.01 ON 22-22 TO 1/4 MILE OR LESS
LOWEST: 29 ON 24 3 = THUNDER
SNOW, ICE PELLETS, HAIL 4 = ICE PELLETS
TOTAL MONTH: 0.0 INCH 5 = HAIL
GRTST 24HR 0.0 6 = FREEZING RAIN OR DRIZZLE
GRTST DEPTH: 0 7 = DUSTSTORM OR SANDSTORM:
VSBY 1/2 MILE OR LESS
8 = SMOKE OR HAZE
[NO. OF DAYS WITH] [WEATHER - DAYS WITH] 9 = BLOWING SNOW
X = TORNADO
MAX 32 OR BELOW: 0 0.01 INCH OR MORE: 1
MAX 90 OR ABOVE: 0 0.10 INCH OR MORE: 0
MIN 32 OR BELOW: 7 0.50 INCH OR MORE: 0
MIN 0 OR BELOW: 0 1.00 INCH OR MORE: 0
[HDD (BASE 65) ]
TOTAL THIS MO. 208 CLEAR (SCALE 0-3) 21
DPTR FM NORMAL -109 PTCLDY (SCALE 4-7) 10
TOTAL FM JUL 1 245 CLOUDY (SCALE 8-10) 0
DPTR FM NORMAL -134
[CDD (BASE 65) ]
TOTAL THIS MO. 6
DPTR FM NORMAL -2 [PRESSURE DATA]
TOTAL FM JAN 1 1353 HIGHEST SLP M ON M
DPTR FM NORMAL 314 LOWEST SLP 29.44 ON 22
[REMARKS]
THE AVERAGE TEMPERATURE FOR OCTOBER 2022 AT THE RENO-TAHOE
INTERNATIONAL AIRPORT WAS 58.2 DEGREES, WHICH IS 3.1 DEGREES ABOVE
NORMAL. THE HIGHEST TEMPERATURE FOR OCTOBER WAS 86 DEGREES, WHICH
OCCURRED ON THE 6TH AND 7TH. THE LOWEST TEMPERATURE FOR THE MONTH
WAS 29 DEGREES, WHICH OCCURED ON THE 24TH.
FOR OCTOBER 2022, 0.01 INCHES OF PRECIPITATION WAS RECORDED AT THE
RENO-TAHOE INTERNATIONAL AIRPORT. THIS IS 0.49 INCHES BELOW NORMAL
FOR THE MONTH.
THE AVERAGE WIND SPEED FOR OCTOBER 2022 WAS 3.4 MPH. THE PEAK WIND
GUST FOR THE MONTH WAS 42 MPH FROM THE SOUTH ON THE 22ND.
#FINAL-10-22#