000
CXUS55 KABQ 021525
CF6ROW
PRELIMINARY LOCAL CLIMATOLOGICAL DATA (WS FORM: F-6)
STATION: ROSWELL NM
MONTH: APRIL
YEAR: 2023
LATITUDE: 33 17 N
LONGITUDE: 104 32 W
TEMPERATURE IN F: :PCPN: SNOW: WIND :SUNSHINE: SKY :PK WND
================================================================================
1 2 3 4 5 6A 6B 7 8 9 10 11 12 13 14 15 16 17 18
12Z AVG MX 2MIN
DY MAX MIN AVG DEP HDD CDD WTR SNW DPTH SPD SPD DIR MIN PSBL S-S WX SPD DR
================================================================================
1 78 39 59 -1 6 0 0.00 0.0 0 9.8 25 160 M M 0 33 160
2 86 39 63 3 2 0 0.00 0.0 0 9.2 20 240 M M 0 26 290
3 89 47 68 8 0 3 0.00 0.0 0 13.9 36 230 M M 0 51 230
4 80 45 63 3 2 0 0.00 0.0 0 25.8 49 230 M M 1 8 73 240
5 63 37 50 -11 15 0 0.00 0.0 0 11.1 28 350 M M 0 39 360
6 68 35 52 -9 13 0 0.00 0.0 0 7.2 17 140 M M 0 25 170
7 67 38 53 -8 12 0 0.00 0.0 0 4.1 12 150 M M 0 17 160
8 78 39 59 -2 6 0 0.00 0.0 0 7.0 18 150 M M 0 27 160
9 84 52 68 6 0 3 0.00 0.0 0 5.8 21 120 M M 1 3 26 120
10 82 52 67 5 0 2 0.00 0.0 0 5.1 14 130 M M 1 20 170
11 88 49 69 7 0 4 0.00 0.0 0 7.1 18 140 M M 0 26 140
12 90 48 69 7 0 4 0.00 0.0 0 11.5 25 160 M M 0 37 150
13 89 51 70 7 0 5 0.00 0.0 0 15.1 32 220 M M 1 40 210
14 82 56 69 6 0 4 0.00 0.0 0 13.8 29 260 M M 0 36 250
15 81 45 63 0 2 0 0.00 0.0 0 8.5 22 330 M M 0 32 330
16 73 40 57 -6 8 0 0.00 0.0 0 9.2 20 170 M M 0 27 190
17 85 46 66 2 0 1 0.00 0.0 0 12.3 28 160 M M 0 36 140
18 90 45 68 4 0 3 0.00 0.0 0 10.2 25 250 M M 0 33 270
19 91 51 71 7 0 6 0.00 0.0 0 14.9 32 260 M M 0 46 270
20 75 51 63 -1 2 0 0.00 0.0 0 8.3 23 10 M M 0 30 10
21 80 46 63 -1 2 0 0.00 0.0 0 7.9 23 360 M M 0 29 10
22 72 45 59 -6 6 0 0.00 0.0 0 16.1 28 20 M M 0 40 360
23 61 40 51 -14 14 0 0.00 0.0 0 11.7 18 160 M M 5 26 140
24 71 47 59 -6 6 0 T 0.0 0 12.0 22 170 M M 5 27 160
25 84 47 66 0 0 1 T 0.0 0 10.8 38 360 M M 0 8 52 360
26 74 49 62 -4 3 0 0.00 0.0 0 15.5 32 350 M M 0 42 360
27 86 40 63 -3 2 0 0.00 0.0 0 8.8 18 270 M M 0 29 170
28 66 44 55 -11 10 0 0.00 0.0 0 18.1 37 10 M M 4 8 55 20
29 80 38 59 -8 6 0 0.00 0.0 0 6.2 15 140 M M 0 20 150
30 96 45 71 4 0 6 0.00 0.0 0 8.8 25 320 M M 0 35 320
================================================================================
SM 2389 1346 117 42 T 0.0 325.8 M 18
================================================================================
AV 79.6 44.9 10.9 FASTST M M 1 MAX(MPH)
MISC ----> 49 230 73 240
================================================================================
NOTES:
# LAST OF SEVERAL OCCURRENCES
COLUMN 17 PEAK WIND IN M.P.H.
PRELIMINARY LOCAL CLIMATOLOGICAL DATA (WS FORM: F-6) , PAGE 2
STATION: ROSWELL NM
MONTH: APRIL
YEAR: 2023
LATITUDE: 33 17 N
LONGITUDE: 104 32 W
[TEMPERATURE DATA] [PRECIPITATION DATA] SYMBOLS USED IN COLUMN 16
AVERAGE MONTHLY: 62.3 TOTAL FOR MONTH: T 1 = FOG OR MIST
DPTR FM NORMAL: -1.0 DPTR FM NORMAL: -0.57 2 = FOG REDUCING VISIBILITY
HIGHEST: 96 ON 30 GRTST 24HR T ON 13-13 TO 1/4 MILE OR LESS
LOWEST: 35 ON 6 3 = THUNDER
SNOW, ICE PELLETS, HAIL 4 = ICE PELLETS
TOTAL MONTH: 0.0 INCH 5 = HAIL
GRTST 24HR 0.0 6 = FREEZING RAIN OR DRIZZLE
GRTST DEPTH: 0 7 = DUSTSTORM OR SANDSTORM:
VSBY 1/2 MILE OR LESS
8 = SMOKE OR HAZE
[NO. OF DAYS WITH] [WEATHER - DAYS WITH] 9 = BLOWING SNOW
X = TORNADO
MAX 32 OR BELOW: 0 0.01 INCH OR MORE: 0
MAX 90 OR ABOVE: 4 0.10 INCH OR MORE: 0
MIN 32 OR BELOW: 0 0.50 INCH OR MORE: 0
MIN 0 OR BELOW: 0 1.00 INCH OR MORE: 0
[HDD (BASE 65) ]
TOTAL THIS MO. 117 CLEAR (SCALE 0-3) 27
DPTR FM NORMAL 0 PTCLDY (SCALE 4-7) 3
TOTAL FM JUL 1 2806 CLOUDY (SCALE 8-10) 0
DPTR FM NORMAL -48
[CDD (BASE 65) ]
TOTAL THIS MO. 42
DPTR FM NORMAL -21 [PRESSURE DATA]
TOTAL FM JAN 1 47 HIGHEST SLP 30.28 ON 16
DPTR FM NORMAL -26 LOWEST SLP 29.27 ON 4
[REMARKS]
#FINAL-04-23#