000
CXUS56 KFGZ 010910
CF6RQE
PRELIMINARY LOCAL CLIMATOLOGICAL DATA (WS FORM: F-6)
STATION: WINDOW ROCK AZ AIRPORT
MONTH: FEBRUARY
YEAR: 2023
LATITUDE: 35 39 N
LONGITUDE: 109 4 W
TEMPERATURE IN F: :PCPN: SNOW: WIND :SUNSHINE: SKY :PK WND
================================================================================
1 2 3 4 5 6A 6B 7 8 9 10 11 12 13 14 15 16 17 18
12Z AVG MX 2MIN
DY MAX MIN AVG DEP HDD CDD WTR SNW DPTH SPD SPD DIR MIN PSBL S-S WX SPD DR
================================================================================
1 42 3 23 -9 42 0 0.00 M M 1.6 12 100 M M 0 14 90
2 43 5 24 -8 41 0 0.00 M M 2.4 9 160 M M 0 12 170
3 49 5 27 -5 38 0 0.00 M M 1.1 7 100 M M 0 11 150
4 52 18 35 3 30 0 0.00 M M 1.7 12 250 M M 0 14 260
5 54 14 34 2 31 0 0.00 M M 8.1 28 230 M M 0 33 220
6 38 25 32 -1 33 0 0.02 M M 7.9 23 360 M M 4 1 28 330
7 39 19 29 -4 36 0 0.00 M M 4.5 12 360 M M 2 15 70
8 45 14 30 -3 35 0 0.00 M M 5.3 18 320 M M 0 23 320
9 M M M M M M 0.00 M M M M M M M M M M
10 45 20 33 0 32 0 0.00 M M 7.3 22 340 M M 0 30 320
11 50 15 33 0 32 0 0.00 M M 3.5 26 180 M M 2 37 210
12 54 20 37 3 28 0 0.00 M M 4.5 16 60 M M 1 24 60
13 50 26 38 4 27 0 0.03 M M 6.6 31 230 M M 7 13 40 240
14 32 22 27 -7 38 0 0.30 M M 15.6 28 240 M M 10 12 36 270
15 22 -2 10 -24 55 0 0.05 M M 9.0 22 260 M M 8 128 29 260
16 28 -12 8 -26 57 0 0.00 M M 2.6 10 110 M M 1 13 110
17 36 -9 14 -21 51 0 0.00 M M 3.0 13 50 M M 0 17 60
18 45 12 29 -6 36 0 0.00 M M 5.2 22 230 M M 3 29 230
19 48 27 38 3 27 0 T M M 5.2 20 240 M M 4 26 240
20 50 26 38 3 27 0 0.00 M M 5.8 17 260 M M 0 23 280
21 48 24 36 1 29 0 0.01 M M 8.7 24 210 M M 5 34 210
22 37 16 27 -9 38 0 0.09 M M 25.0 45 230 M M 8 189 61 210
23 31 19 25 -11 40 0 0.03 M M 10.4 26 240 M M 9 18 37 230
24 45 22 34 -2 31 0 0.00 M M 7.4 23 230 M M 2 34 220
25 54 24 39 3 26 0 0.00 M M 1.8 10 130 M M 0 16 120
26 39 19 29 -8 36 0 0.05 M M 10.4 30 230 M M 5 128 37 230
27 42 18 30 -7 35 0 0.00 M M 6.8 21 240 M M 3 29 230
28 43 24 34 -3 31 0 0.00 M M 12.9 25 240 M M 2 38 230
================================================================================
SM 1161 414 962 0 0.58 M 184.3 M 76
================================================================================
AV 43.0 15.3 6.8 FASTST M M 3 MAX(MPH)
MISC ----> 45 230 61 210
================================================================================
NOTES:
# LAST OF SEVERAL OCCURRENCES
COLUMN 17 PEAK WIND IN M.P.H.
PRELIMINARY LOCAL CLIMATOLOGICAL DATA (WS FORM: F-6) , PAGE 2
STATION: WINDOW ROCK AZ AIRPORT
MONTH: FEBRUARY
YEAR: 2023
LATITUDE: 35 39 N
LONGITUDE: 109 4 W
[TEMPERATURE DATA] [PRECIPITATION DATA] SYMBOLS USED IN COLUMN 16
AVERAGE MONTHLY: 29.2 TOTAL FOR MONTH: 0.58 1 = FOG OR MIST
DPTR FM NORMAL: -5.0 DPTR FM NORMAL: -0.29 2 = FOG REDUCING VISIBILITY
HIGHEST: 54 ON 25,12 GRTST 24HR 0.33 ON 13-14 TO 1/4 MILE OR LESS
LOWEST: -12 ON 16 3 = THUNDER
SNOW, ICE PELLETS, HAIL 4 = ICE PELLETS
TOTAL MONTH: M 5 = HAIL
GRTST 24HR M ON M 6 = FREEZING RAIN OR DRIZZLE
GRTST DEPTH: M ON M 7 = DUSTSTORM OR SANDSTORM:
VSBY 1/2 MILE OR LESS
8 = SMOKE OR HAZE
[NO. OF DAYS WITH] [WEATHER - DAYS WITH] 9 = BLOWING SNOW
X = TORNADO
MAX 32 OR BELOW: 4 0.01 INCH OR MORE: 8
MAX 90 OR ABOVE: 0 0.10 INCH OR MORE: 1
MIN 32 OR BELOW: 27 0.50 INCH OR MORE: 0
MIN 0 OR BELOW: 3 1.00 INCH OR MORE: 0
[HDD (BASE 65) ]
TOTAL THIS MO. 962 CLEAR (SCALE 0-3) 18
DPTR FM NORMAL 100 PTCLDY (SCALE 4-7) 7
TOTAL FM JUL 1 4587 CLOUDY (SCALE 8-10) 3
DPTR FM NORMAL 103
[CDD (BASE 65) ]
TOTAL THIS MO. 0
DPTR FM NORMAL 0 [PRESSURE DATA]
TOTAL FM JAN 1 0 HIGHEST SLP M ON M
DPTR FM NORMAL 0 LOWEST SLP 29.15 ON 22
[REMARKS]
#FINAL-02-23#