000
CXUS56 KFGZ 010910
CF6RQE
PRELIMINARY LOCAL CLIMATOLOGICAL DATA (WS FORM: F-6)
STATION: WINDOW ROCK AZ AIRPORT
MONTH: AUGUST
YEAR: 2023
LATITUDE: 35 39 N
LONGITUDE: 109 4 W
TEMPERATURE IN F: :PCPN: SNOW: WIND :SUNSHINE: SKY :PK WND
================================================================================
1 2 3 4 5 6A 6B 7 8 9 10 11 12 13 14 15 16 17 18
12Z AVG MX 2MIN
DY MAX MIN AVG DEP HDD CDD WTR SNW DPTH SPD SPD DIR MIN PSBL S-S WX SPD DR
================================================================================
1 86 52 69 -2 0 4 T M M 6.3 21 240 M M 3 3 27 240
2 88 50 69 -2 0 4 0.05 M M 5.9 23 200 M M 3 3 30 200
3 87 47 67 -4 0 2 0.00 M M 2.8 16 270 M M 2 12 23 280
4 89 47 68 -3 0 3 0.00 M M 6.4 24 240 M M 1 39 230
5 92 47 70 0 0 5 0.00 M M 7.0 25 250 M M 0 34 210
6 92 54 73 3 0 8 0.00 M M 9.2 29 250 M M 0 39 290
7 86 55 71 1 0 6 0.08 M M 5.5 26 200 M M 3 3 36 200
8 87 50 69 -1 0 4 0.30 M M 8.2 31 260 M M 2 38 45 250
9 83 50 67 -3 0 2 T M M 5.5 20 250 M M 2 3 29 260
10 82 53 68 -2 0 3 T M M 6.2 26 270 M M 3 3 32 290
11 77 56 67 -3 0 2 0.33 M M 3.7 20 320 M M 6 13 24 320
12 80 54 67 -2 0 2 1.68 M M 3.3 23 280 M M 9 1238 35 270
13 79 51 65 -4 0 0 0.00 M M 2.9 12 190 M M 2 16 190
14 81 57 69 0 0 4 0.68 M M 4.8 20 190 M M 6 13 26 190
15 83 54 69 0 0 4 T M M 3.8 15 180 M M 3 1 19 190
16 86 54 70 1 0 5 0.00 M M 3.9 20 350 M M 2 24 350
17 86 57 72 4 0 7 0.00 M M 5.0 30 10 M M 2 3 36 360
18 85 60 73 5 0 8 0.01 M M 6.1 29 150 M M 3 3 38 150
19 87 53 70 2 0 5 0.00 M M 6.1 21 170 M M 1 28 170
20 86 49 68 0 0 3 0.00 M M 7.8 24 170 M M 2 36 190
21 86 52 69 1 0 4 T M M 8.1 26 180 M M 2 3 36 150
22 85 55 70 2 0 5 T M M 6.5 21 130 M M 4 3 33 110
23 79 53 66 -1 0 1 0.01 M M 4.5 23 60 M M 5 3 31 50
24 73 56 65 -2 0 0 0.73 M M 6.6 15 220 M M 7 1 23 40
25 81 51 66 -1 0 1 0.00 M M 2.7 14 310 M M 2 1 19 360
26 84 54 69 2 0 4 T M M 3.3 15 230 M M 2 3 20 210
27 84 55 70 4 0 5 0.00 M M 3.1 14 360 M M 3 3 18 360
28 88 48 68 2 0 3 0.00 M M 3.7 14 340 M M 1 20 40
29 88 48 68 2 0 3 0.00 M M 3.3 13 330 M M 0 19 320
30 89 49 69 3 0 4 0.00 M M 3.5 14 280 M M 3 18 260
31 89 47 68 2 0 3 T M M 4.3 17 100 M M 2 3 26 240
================================================================================
SM 2628 1618 0 114 3.87 M 160.0 M 86
================================================================================
AV 84.8 52.2 5.2 FASTST M M 3 MAX(MPH)
MISC ----> 31 260 45 250
================================================================================
NOTES:
# LAST OF SEVERAL OCCURRENCES
COLUMN 17 PEAK WIND IN M.P.H.
PRELIMINARY LOCAL CLIMATOLOGICAL DATA (WS FORM: F-6) , PAGE 2
STATION: WINDOW ROCK AZ AIRPORT
MONTH: AUGUST
YEAR: 2023
LATITUDE: 35 39 N
LONGITUDE: 109 4 W
[TEMPERATURE DATA] [PRECIPITATION DATA] SYMBOLS USED IN COLUMN 16
AVERAGE MONTHLY: 68.5 TOTAL FOR MONTH: 3.87 1 = FOG OR MIST
DPTR FM NORMAL: 0.0 DPTR FM NORMAL: 2.02 2 = FOG REDUCING VISIBILITY
HIGHEST: 92 ON 6, 5 GRTST 24HR 1.72 ON 11-12 TO 1/4 MILE OR LESS
LOWEST: 47 ON 31, 5 3 = THUNDER
SNOW, ICE PELLETS, HAIL 4 = ICE PELLETS
TOTAL MONTH: M 5 = HAIL
GRTST 24HR M ON M 6 = FREEZING RAIN OR DRIZZLE
GRTST DEPTH: M ON M 7 = DUSTSTORM OR SANDSTORM:
VSBY 1/2 MILE OR LESS
8 = SMOKE OR HAZE
[NO. OF DAYS WITH] [WEATHER - DAYS WITH] 9 = BLOWING SNOW
X = TORNADO
MAX 32 OR BELOW: 0 0.01 INCH OR MORE: 9
MAX 90 OR ABOVE: 2 0.10 INCH OR MORE: 5
MIN 32 OR BELOW: 0 0.50 INCH OR MORE: 3
MIN 0 OR BELOW: 0 1.00 INCH OR MORE: 1
[HDD (BASE 65) ]
TOTAL THIS MO. 0 CLEAR (SCALE 0-3) 21
DPTR FM NORMAL -11 PTCLDY (SCALE 4-7) 9
TOTAL FM JUL 1 1 CLOUDY (SCALE 8-10) 1
DPTR FM NORMAL -8
[CDD (BASE 65) ]
TOTAL THIS MO. 114
DPTR FM NORMAL -6 [PRESSURE DATA]
TOTAL FM JAN 1 377 HIGHEST SLP M ON M
DPTR FM NORMAL -20 LOWEST SLP 29.76 ON 31
[REMARKS]
#FINAL-08-23#