000
CXUS53 KARX 011737
CF6RST
PRELIMINARY LOCAL CLIMATOLOGICAL DATA (WS FORM: F-6)
STATION: ROCHESTER MN
MONTH: SEPTEMBER
YEAR: 2020
LATITUDE: 43 55 N
LONGITUDE: 92 30 W
TEMPERATURE IN F: :PCPN: SNOW: WIND :SUNSHINE: SKY :PK WND
================================================================================
1 2 3 4 5 6A 6B 7 8 9 10 11 12 13 14 15 16 17 18
12Z AVG MX 2MIN
DY MAX MIN AVG DEP HDD CDD WTR SNW DPTH SPD SPD DIR MIN PSBL S-S WX SPD DR
================================================================================
1 70 50 60 -6 5 0 T 0.0 0 6.9 15 170 M M 2 23 170
2 79 55 67 1 0 2 0.00 0.0 0 11.9 21 190 M M 0 27 290
3 69 48 59 -7 6 0 T 0.0 0 17.8 29 310 M M 0 42 300
4 75 47 61 -5 4 0 0.00 0.0 0 9.6 21 320 M M 1 29 320
5 77 51 64 -1 1 0 0.20 0.0 0 8.0 18 130 M M 0 3 24 130
6 82 59 71 6 0 6 0.47 0.0 0 17.9 38 190 M M 3 13 48 190
7 62 48 55 -9 10 0 T 0.0 0 13.0 23 320 M M 4 32 330
8 49 45 47 -17 18 0 0.22 0.0 0 10.2 24 30 M M 10 1 31 30
9 47 43 45 -19 20 0 0.35 0.0 0 9.3 16 20 M M 10 1 22 20
10 56 41 49 -14 16 0 T 0.0 0 6.7 13 20 M M 10 15 30
11 58 49 54 -9 11 0 0.09 0.0 0 9.7 17 120 M M 10 1 24 120
12 65 54 60 -3 5 0 0.11 0.0 0 8.0 14 270 M M 9 1 17 270
13 73 50 62 0 3 0 0.00 0.0 0 6.0 13 280 M M 4 12 19 290
14 75 52 64 2 1 0 0.00 0.0 0 11.2 20 200 M M 0 1 26 190
15 79 58 69 8 0 4 0.00 0.0 0 15.9 28 210 M M 0 38 200
16 70 49 60 -1 5 0 0.00 0.0 0 11.6 22 340 M M 1 31 350
17 60 42 51 -9 14 0 0.00 0.0 0 7.7 15 350 M M 4 20 350
18 63 37 50 -10 15 0 0.00 0.0 0 6.8 13 100 M M 0 17 100
19 67 41 54 -6 11 0 0.00 0.0 0 12.5 21 190 M M 1 27 170
20 71 49 60 1 5 0 0.00 0.0 0 16.9 29 170 M M 0 41 160
21 78 54 66 7 0 1 0.00 0.0 0 14.6 25 190 M M 0 34 170
22 81 56 69 11 0 4 0.00 0.0 0 8.7 16 210 M M 0 21 190
23 81 54 68 10 0 3 T 0.0 0 8.8 17 190 M M 0 23 190
24 73 56 65 8 0 0 1.32 0.0 0 6.5 40 350 M M 4 123 52 340
25 81 56 69 12 0 4 0.00 0.0 0 12.4 28 180 M M 0 1 38 170
26 75 57 66 10 0 1 T 0.0 0 8.7 18 130 M M 2 27 140
27 65 52 59 3 6 0 0.01 0.0 0 11.9 21 270 M M 4 1 35 240
28 59 46 53 -3 12 0 0.03 0.0 0 13.2 25 300 M M 8 32 300
29 61 47 54 -1 11 0 T 0.0 0 10.3 20 260 M M 7 24 260
30 61 43 52 -3 13 0 0.01 0.0 0 14.3 35 320 M M 6 54 310
================================================================================
SM 2062 1489 192 25 2.81 0.0 327.0 M 100
================================================================================
AV 68.7 49.6 10.9 FASTST M M 3 MAX(MPH)
MISC ----> # 40 350 # 54 310
================================================================================
NOTES:
# LAST OF SEVERAL OCCURRENCES
COLUMN 17 PEAK WIND IN M.P.H.
PRELIMINARY LOCAL CLIMATOLOGICAL DATA (WS FORM: F-6) , PAGE 2
STATION: ROCHESTER MN
MONTH: SEPTEMBER
YEAR: 2020
LATITUDE: 43 55 N
LONGITUDE: 92 30 W
[TEMPERATURE DATA] [PRECIPITATION DATA] SYMBOLS USED IN COLUMN 16
AVERAGE MONTHLY: 59.2 TOTAL FOR MONTH: 2.81 1 = FOG OR MIST
DPTR FM NORMAL: -1.7 DPTR FM NORMAL: -0.64 2 = FOG REDUCING VISIBILITY
HIGHEST: 82 ON 6 GRTST 24HR 2.01 ON 31- 1 TO 1/4 MILE OR LESS
LOWEST: 37 ON 18 3 = THUNDER
SNOW, ICE PELLETS, HAIL 4 = ICE PELLETS
TOTAL MONTH: 0.0 INCH 5 = HAIL
GRTST 24HR 0.0 6 = FREEZING RAIN OR DRIZZLE
GRTST DEPTH: 0 7 = DUSTSTORM OR SANDSTORM:
VSBY 1/2 MILE OR LESS
8 = SMOKE OR HAZE
[NO. OF DAYS WITH] [WEATHER - DAYS WITH] 9 = BLOWING SNOW
X = TORNADO
MAX 32 OR BELOW: 0 0.01 INCH OR MORE: 10
MAX 90 OR ABOVE: 0 0.10 INCH OR MORE: 6
MIN 32 OR BELOW: 0 0.50 INCH OR MORE: 1
MIN 0 OR BELOW: 0 1.00 INCH OR MORE: 1
[HDD (BASE 65) ]
TOTAL THIS MO. 192 CLEAR (SCALE 0-3) 17
DPTR FM NORMAL 15 PTCLDY (SCALE 4-7) 8
TOTAL FM JUL 1 217 CLOUDY (SCALE 8-10) 5
DPTR FM NORMAL 2
[CDD (BASE 65) ]
TOTAL THIS MO. 25
DPTR FM NORMAL -29 [PRESSURE DATA]
TOTAL FM JAN 1 630 HIGHEST SLP 30.51 ON 10
DPTR FM NORMAL 51 LOWEST SLP 29.44 ON 26
[REMARKS]
#FINAL-09-20#