000
CXUS54 KLZK 011230
CF6RUE
PRELIMINARY LOCAL CLIMATOLOGICAL DATA (WS FORM: F-6)
STATION: RUSSELLVILLE
MONTH: OCTOBER
YEAR: 2022
LATITUDE: 35 15 N
LONGITUDE: 93 6 W
TEMPERATURE IN F: :PCPN: SNOW: WIND :SUNSHINE: SKY :PK WND
================================================================================
1 2 3 4 5 6A 6B 7 8 9 10 11 12 13 14 15 16 17 18
12Z AVG MX 2MIN
DY MAX MIN AVG DEP HDD CDD WTR SNW DPTH SPD SPD DIR MIN PSBL S-S WX SPD DR
================================================================================
1 84 43 64 -4 1 0 0.00 M M 2.0 12 30 M M 0 17 70
2 86 45 66 -2 0 1 0.00 M M 2.2 10 50 M M 0 14 40
3 86 48 67 0 0 2 0.00 M M 2.2 12 30 M M 0 18 70
4 82 47 65 -2 0 0 0.00 M M 1.5 9 180 M M 0 13 150
5 85 46 66 0 0 1 0.00 M M 1.3 7 210 M M 0 11 360
6 88 51 70 4 0 5 0.00 M M 3.3 16 260 M M 1 21 270
7 85 50 68 2 0 3 0.00 M M 3.8 12 20 M M 2 17 50
8 75 48 62 -3 3 0 0.00 M M 1.5 10 60 M M 0 14 270
9 81 49 65 0 0 0 0.00 M M 1.8 9 220 M M 0 12 240
10 83 51 67 3 0 2 0.00 M M 1.7 12 290 M M 2 M M
11 83 54 69 5 0 4 T M M 2.7 14 190 M M 2 1 19 220
12 85 52 69 5 0 4 0.23 M M 4.3 22 330 M M 5 13 31 330
13 76 46 61 -2 4 0 0.00 M M 4.4 21 280 M M 0 27 270
14 87 39 63 0 2 0 0.00 M M 3.4 22 270 M M 0 1 33 290
15 92 52 72 10 0 7 0.79 M M 2.5 17 190 M M 3 13 21 190
16 76 53 65 3 0 0 0.62 M M 5.3 18 330 M M 4 13 25 350
17 65 41 53 -9 12 0 0.00 M M 6.7 20 330 M M 0 25 330
18 55 31 43 -18 22 0 0.00 M M 4.5 15 20 M M 0 20 360
19 58 28 43 -18 22 0 0.00 M M 2.7 13 300 M M 0 18 310
20 75 32 54 -7 11 0 0.00 M M 0.2 8 240 M M 0 12 200
21 85 39 62 2 3 0 0.00 M M 0.5 7 190 M M 0 18 10 170
22 82 49 66 6 0 1 0.00 M M 5.1 17 190 M M 1 18 26 190
23 82 64 73 14 0 8 0.00 M M 5.9 16 180 M M 5 23 180
24 79 61 70 11 0 5 1.39 M M 6.1 15 320 M M 8 1 23 190
25 63 41 52 -7 13 0 0.81 M M 6.8 26 270 M M 6 1 34 290
26 70 37 54 -4 11 0 0.00 M M 1.0 9 20 M M 0 1 12 30
27 68 39 54 -4 11 0 0.00 M M 3.7 12 110 M M 0 1 16 110
28 70 46 58 0 7 0 0.00 M M 4.2 13 60 M M 1 18 60
29 64 57 61 4 4 0 0.97 M M 6.7 17 20 M M 9 138 24 20
30 66 55 61 4 4 0 0.05 M M 4.4 14 270 M M 10 1 17 270
31 75 47 61 5 4 0 0.00 M M 4.2 13 280 M M 3 1 16 290
================================================================================
SM 2391 1441 134 43 4.86 M 106.6 M 62
================================================================================
AV 77.1 46.5 3.4 FASTST M M 2 MAX(MPH)
MISC ----> 26 270 34 290
================================================================================
NOTES:
# LAST OF SEVERAL OCCURRENCES
COLUMN 17 PEAK WIND IN M.P.H.
PRELIMINARY LOCAL CLIMATOLOGICAL DATA (WS FORM: F-6) , PAGE 2
STATION: RUSSELLVILLE
MONTH: OCTOBER
YEAR: 2022
LATITUDE: 35 15 N
LONGITUDE: 93 6 W
[TEMPERATURE DATA] [PRECIPITATION DATA] SYMBOLS USED IN COLUMN 16
AVERAGE MONTHLY: 61.8 TOTAL FOR MONTH: 4.86 1 = FOG OR MIST
DPTR FM NORMAL: -0.3 DPTR FM NORMAL: 0.80 2 = FOG REDUCING VISIBILITY
HIGHEST: 92 ON 15 GRTST 24HR 2.20 ON 24-25 TO 1/4 MILE OR LESS
LOWEST: 28 ON 19 3 = THUNDER
SNOW, ICE PELLETS, HAIL 4 = ICE PELLETS
TOTAL MONTH: M 5 = HAIL
GRTST 24HR M ON M 6 = FREEZING RAIN OR DRIZZLE
GRTST DEPTH: M ON M 7 = DUSTSTORM OR SANDSTORM:
VSBY 1/2 MILE OR LESS
8 = SMOKE OR HAZE
[NO. OF DAYS WITH] [WEATHER - DAYS WITH] 9 = BLOWING SNOW
X = TORNADO
MAX 32 OR BELOW: 0 0.01 INCH OR MORE: 7
MAX 90 OR ABOVE: 1 0.10 INCH OR MORE: 6
MIN 32 OR BELOW: 3 0.50 INCH OR MORE: 5
MIN 0 OR BELOW: 0 1.00 INCH OR MORE: 1
[HDD (BASE 65) ]
TOTAL THIS MO. 134 CLEAR (SCALE 0-3) 23
DPTR FM NORMAL -23 PTCLDY (SCALE 4-7) 5
TOTAL FM JUL 1 139 CLOUDY (SCALE 8-10) 3
DPTR FM NORMAL -30
[CDD (BASE 65) ]
TOTAL THIS MO. 43
DPTR FM NORMAL -24 [PRESSURE DATA]
TOTAL FM JAN 1 2202 HIGHEST SLP 30.44 ON 8
DPTR FM NORMAL 221 LOWEST SLP 29.52 ON 25
[REMARKS]
#FINAL-10-22#