000
CXUS54 KLZK 121346
CF6RUE
PRELIMINARY LOCAL CLIMATOLOGICAL DATA (WS FORM: F-6)
STATION: RUSSELLVILLE
MONTH: MAY
YEAR: 2021
LATITUDE: 35 15 N
LONGITUDE: 93 6 W
TEMPERATURE IN F: :PCPN: SNOW: WIND :SUNSHINE: SKY :PK WND
================================================================================
1 2 3 4 5 6A 6B 7 8 9 10 11 12 13 14 15 16 17 18
12Z AVG MX 2MIN
DY MAX MIN AVG DEP HDD CDD WTR SNW DPTH SPD SPD DIR MIN PSBL S-S WX SPD DR
================================================================================
1 81 49 65 0 0 0 0.00 M M 2.4 12 180 M M 3 1 17 200
2 68 61 65 -1 0 0 0.24 M M 1.5 9 130 M M 10 12 14 120
3 84 60 72 6 0 7 0.81 M M 4.1 30 300 M M 8 123 40 300
4 78 55 67 1 0 2 0.24 M M 7.3 23 280 M M 7 13 31 270
5 74 46 60 -6 5 0 0.00 M M 2.5 9 190 M M 0 13 200
6 80 48 64 -3 1 0 0.00 M M 6.8 21 280 M M 1 1 30 320
7 70 44 57 -10 8 0 0.22 M M 1.9 10 60 M M 4 13 13 40
8 83 51 67 0 0 2 0.00 M M 6.5 16 190 M M 1 1 25 200
9 84 56 70 2 0 5 0.01 M M 9.7 24 280 M M 8 3 33 270
10 64 52 58 -10 7 0 0.02 M M 5.2 12 40 M M 10 3 16 180
11 61 54 58 -10 7 0 0.56 M M 7.2 16 70 M M 10 13 23 70
12 71 50 61 -7 4 0 0.00 M M 7.2 14 70 M M 9 18 50
13 73 43 58 -11 7 0 0.00 M M 2.3 12 70 M M 1 15 20
14 75 44 60 -9 5 0 0.00 M M 2.4 9 90 M M 0 15 30
15 81 50 66 -3 0 1 0.00 M M 2.7 13 200 M M 2 21 190
16 82 57 70 0 0 5 0.03 M M 3.8 12 180 M M 3 1 17 150
17 74 63 69 -1 0 4 1.28 M M 3.7 12 100 M M 9 1 19 110
18 80 64 72 2 0 7 0.88 M M 4.2 23 240 M M 9 13 33 240
19 71 64 68 -3 0 3 0.55 M M 5.5 12 90 M M 10 1 21 100
20 77 66 72 1 0 7 0.48 M M 3.8 12 110 M M 9 13 21 90
21 76 69 73 2 0 8 0.10 M M 3.1 9 120 M M 10 1 15 80
22 84 67 76 4 0 11 0.00 M M 2.8 12 160 M M 4 17 160
23 85 64 75 3 0 10 0.00 M M 2.0 10 100 M M 1 1 15 80
24 85 64 75 3 0 10 0.00 M M 2.0 12 190 M M 1 1 20 190
25 81 68 75 3 0 10 3.30 M M 4.1 16 280 M M 7 1238 22 270
26 87 65 76 3 0 11 0.01 M M 2.6 15 280 M M 6 12 20 330
27 89 66 78 5 0 13 0.96 M M 4.4 14 20 M M 3 13 27 360
28 83 60 72 -1 0 7 0.06 M M 7.6 22 270 M M 3 1 28 280
29 72 52 62 -12 3 0 0.00 M M 7.0 15 60 M M 3 18 50
30 72 52 62 -12 3 0 0.00 M M 4.1 12 70 M M 5 15 110
31 75 51 63 -11 2 0 0.00 M M 2.5 8 70 M M 3 1 11 120
================================================================================
SM 2400 1755 52 123 9.75 M 132.9 M 160
================================================================================
AV 77.4 56.6 4.3 FASTST M M 5 MAX(MPH)
MISC ----> 30 300 40 300
================================================================================
NOTES:
# LAST OF SEVERAL OCCURRENCES
COLUMN 17 PEAK WIND IN M.P.H.
PRELIMINARY LOCAL CLIMATOLOGICAL DATA (WS FORM: F-6) , PAGE 2
STATION: RUSSELLVILLE
MONTH: MAY
YEAR: 2021
LATITUDE: 35 15 N
LONGITUDE: 93 6 W
[TEMPERATURE DATA] [PRECIPITATION DATA] SYMBOLS USED IN COLUMN 16
AVERAGE MONTHLY: 67.0 TOTAL FOR MONTH: 9.75 1 = FOG OR MIST
DPTR FM NORMAL: -2.6 DPTR FM NORMAL: 5.08 2 = FOG REDUCING VISIBILITY
HIGHEST: 89 ON 27 GRTST 24HR 3.31 ON 25-26 TO 1/4 MILE OR LESS
LOWEST: 43 ON 13 3 = THUNDER
SNOW, ICE PELLETS, HAIL 4 = ICE PELLETS
TOTAL MONTH: M 5 = HAIL
GRTST 24HR M ON M 6 = FREEZING RAIN OR DRIZZLE
GRTST DEPTH: M ON M 7 = DUSTSTORM OR SANDSTORM:
VSBY 1/2 MILE OR LESS
8 = SMOKE OR HAZE
[NO. OF DAYS WITH] [WEATHER - DAYS WITH] 9 = BLOWING SNOW
X = TORNADO
MAX 32 OR BELOW: 0 0.01 INCH OR MORE: 17
MAX 90 OR ABOVE: 0 0.10 INCH OR MORE: 12
MIN 32 OR BELOW: 0 0.50 INCH OR MORE: 7
MIN 0 OR BELOW: 0 1.00 INCH OR MORE: 2
[HDD (BASE 65) ]
TOTAL THIS MO. 52 CLEAR (SCALE 0-3) 12
DPTR FM NORMAL 19 PTCLDY (SCALE 4-7) 9
TOTAL FM JUL 1 3432 CLOUDY (SCALE 8-10) 10
DPTR FM NORMAL 155
[CDD (BASE 65) ]
TOTAL THIS MO. 123
DPTR FM NORMAL -54 [PRESSURE DATA]
TOTAL FM JAN 1 144 HIGHEST SLP 30.36 ON 13
DPTR FM NORMAL -91 LOWEST SLP 29.54 ON 2
[REMARKS]
#FINAL-05-21#