000
CXUS51 KBTV 010700
CF6RUT
PRELIMINARY LOCAL CLIMATOLOGICAL DATA (WS FORM: F-6)
STATION: RUTLAND VT
MONTH: JUNE
YEAR: 2023
LATITUDE: 43 31 N
LONGITUDE: 72 57 W
TEMPERATURE IN F: :PCPN: SNOW: WIND :SUNSHINE: SKY :PK WND
================================================================================
1 2 3 4 5 6A 6B 7 8 9 10 11 12 13 14 15 16 17 18
12Z AVG MX 2MIN
DY MAX MIN AVG DEP HDD CDD WTR SNW DPTH SPD SPD DIR MIN PSBL S-S WX SPD DR
================================================================================
1 89 54 72 M 0 7 0.00 M M 5.4 9 130 M M 0 M M
2 87 56 72 M 0 7 0.11 M M 5.9 12 70 M M 2 M M
3 65 47 56 M 9 0 0.16 M M 6.5 16 360 M M 8 1 20 50
4 59 41 50 M 15 0 T M M 6.7 15 20 M M 8 24 20
5 68 47 58 M 7 0 0.00 M M 8.1 16 320 M M 7 24 330
6 66 44 55 M 10 0 0.05 M M 7.3 15 330 M M 4 18 21 330
7 56 50 53 M 12 0 0.01 M M 5.2 13 320 M M 10 1 18 330
8 62 48 55 M 10 0 0.05 M M 3.8 9 10 M M 9 M M
9 62 50 56 M 9 0 0.04 M M 2.3 10 190 M M 8 12 M M
10 67 47 57 M 8 0 T M M 3.7 9 250 M M 7 12 M M
11 80 46 63 M 2 0 0.00 M M 4.9 10 130 M M 2 1 M M
12 81 60 71 M 0 6 T M M 11.2 20 120 M M 3 30 130
13 72 61 67 M 0 2 0.46 M M 5.8 13 160 M M 10 1 23 160
14 73 55 64 M 1 0 0.66 M M 3.7 14 150 M M 8 1 M M
15 75 55 65 M 0 0 0.04 M M 3.7 12 170 M M 9 1 M M
16 72 53 63 M 2 0 0.06 M M 3.5 9 190 M M 6 12 M M
17 60 57 59 M 6 0 0.86 M M 5.8 12 320 M M 10 1 17 320
18 62 50 56 M 9 0 T M M 7.7 13 320 M M 8 1 21 320
19 74 47 61 M 4 0 0.00 M M 4.9 10 120 M M 4 12 M M
20 78 54 66 M 0 1 0.00 M M 6.6 14 100 M M 6 20 120
21 76 57 67 M 0 2 0.00 M M 9.3 14 120 M M 3 20 100
22 79 50 65 M 0 0 0.00 M M 7.7 12 110 M M 0 16 90
23 84 55 70 M 0 5 T M M 5.7 10 130 M M 3 M M
24 72 67 70 M 0 5 0.13 M M 4.5 12 130 M M 9 M M
25 84 67 76 M 0 11 0.51 M M 2.3 16 160 M M 7 3 32 150
26 82 66 74 M 0 9 0.70 M M 8.8 18 120 M M 7 13 21 150
27 76 66 71 M 0 6 0.50 M M 7.1 14 120 M M 6 1 22 120
28 76 63 70 M 0 5 0.24 M M 5.5 12 250 M M 7 1 M M
29 71 60 66 M 0 1 0.00 M M 2.6 6 140 M M 8 1 M M
30 80 57 69 M 0 4 0.00 M M 4.1 10 150 M M 2 128 M M
================================================================================
SM 2188 1630 104 71 4.58 M 170.4 M 181
================================================================================
AV 72.9 54.3 5.7 FASTST M M 6 MAX(MPH)
MISC ----> 20 120 32 150
================================================================================
NOTES:
# LAST OF SEVERAL OCCURRENCES
COLUMN 17 PEAK WIND IN M.P.H.
PRELIMINARY LOCAL CLIMATOLOGICAL DATA (WS FORM: F-6) , PAGE 2
STATION: RUTLAND VT
MONTH: JUNE
YEAR: 2023
LATITUDE: 43 31 N
LONGITUDE: 72 57 W
[TEMPERATURE DATA] [PRECIPITATION DATA] SYMBOLS USED IN COLUMN 16
AVERAGE MONTHLY: 63.6 TOTAL FOR MONTH: 4.58 1 = FOG OR MIST
DPTR FM NORMAL: 0.0 DPTR FM NORMAL: M 2 = FOG REDUCING VISIBILITY
HIGHEST: 89 ON 1 GRTST 24HR 0.86 ON 17-17 TO 1/4 MILE OR LESS
LOWEST: 41 ON 4 3 = THUNDER
SNOW, ICE PELLETS, HAIL 4 = ICE PELLETS
TOTAL MONTH: M 5 = HAIL
GRTST 24HR M ON M 6 = FREEZING RAIN OR DRIZZLE
GRTST DEPTH: M ON M 7 = DUSTSTORM OR SANDSTORM:
VSBY 1/2 MILE OR LESS
8 = SMOKE OR HAZE
[NO. OF DAYS WITH] [WEATHER - DAYS WITH] 9 = BLOWING SNOW
X = TORNADO
MAX 32 OR BELOW: 0 0.01 INCH OR MORE: 16
MAX 90 OR ABOVE: 0 0.10 INCH OR MORE: 10
MIN 32 OR BELOW: 0 0.50 INCH OR MORE: 5
MIN 0 OR BELOW: 0 1.00 INCH OR MORE: 0
[HDD (BASE 65) ]
TOTAL THIS MO. 104 CLEAR (SCALE 0-3) 7
DPTR FM NORMAL M PTCLDY (SCALE 4-7) 11
TOTAL FM JUL 1 6496 CLOUDY (SCALE 8-10) 12
DPTR FM NORMAL M
[CDD (BASE 65) ]
TOTAL THIS MO. 71
DPTR FM NORMAL M [PRESSURE DATA]
TOTAL FM JAN 1 82 HIGHEST SLP M ON M
DPTR FM NORMAL M LOWEST SLP M ON M
[REMARKS]
#FINAL-06-23#