000
CXUS54 KTSA 010950
CF6RVS
PRELIMINARY LOCAL CLIMATOLOGICAL DATA (WS FORM: F-6)
STATION: TULSA-RIVERSIDE OKLAHOMA
MONTH: DECEMBER
YEAR: 2022
LATITUDE: 36 2 N
LONGITUDE: 95 59 W
TEMPERATURE IN F: :PCPN: SNOW: WIND :SUNSHINE: SKY :PK WND
================================================================================
1 2 3 4 5 6A 6B 7 8 9 10 11 12 13 14 15 16 17 18
12Z AVG MX 2MIN
DY MAX MIN AVG DEP HDD CDD WTR SNW DPTH SPD SPD DIR MIN PSBL S-S WX SPD DR
================================================================================
1 56 24 40 -5 25 0 0.00 0.0 M 9.0 22 190 M M 5 33 160
2 59 46 53 8 12 0 0.00 0.0 M 14.5 24 200 M M 10 38 330
3 46 31 39 -5 26 0 0.00 0.0 M 6.9 16 10 M M 1 30 350
4 48 31 40 -4 25 0 0.00 0.0 M 5.1 15 170 M M 6 21 170
5 56 39 48 4 17 0 T 0.0 M 5.2 10 30 M M 8 1 16 30
6 52 45 49 5 16 0 0.01 0.0 M 3.0 10 360 M M 10 1 14 360
7 51 45 48 5 17 0 0.39 0.0 M 2.4 8 360 M M 10 1 11 10
8 60 47 54 11 11 0 0.32 0.0 M 0.3 7 20 M M 9 12 10 30
9 56 35 46 3 19 0 0.26 0.0 M 2.4 10 120 M M 3 12 15 130
10 50 45 48 6 17 0 0.67 0.0 M 6.4 13 10 M M 10 13 20 10
11 51 45 48 6 17 0 0.00 0.0 M 4.1 13 60 M M 10 1 17 60
12 54 50 52 10 13 0 0.20 0.0 M 8.1 16 150 M M 10 13 26 140
13 66 39 53 11 12 0 0.69 0.0 M 8.7 24 150 M M 5 13 36 130
14 47 30 39 -2 26 0 0.00 0.0 M 4.5 13 290 M M 0 23 230
15 45 28 37 -4 28 0 0.00 0.0 M 5.3 14 280 M M 0 28 350
16 44 26 35 -6 30 0 0.00 0.0 M 4.9 15 290 M M 1 29 310
17 44 23 34 -7 31 0 0.00 0.0 M 3.6 13 320 M M 0 21 300
18 52 20 36 -4 29 0 0.00 0.0 M 3.6 12 140 M M 0 17 150
19 52 42 47 7 18 0 T 0.0 M 9.8 21 160 M M 9 33 180
20 43 28 36 -4 29 0 0.00 0.0 M 5.9 15 360 M M 7 24 10
21 49 30 40 0 25 0 0.00 0.0 M 5.5 17 180 M M 7 18 24 170
22 42 2 22 -18 43 0 0.04 M M 9.4 28 10 M M 7 169 45 20
23 17 3 10 -30 55 0 0.00 0.0 M 6.5 14 300 M M 0 25 300
24 30 9 20 -20 45 0 0.00 0.0 M 1.9 8 230 M M 0 13 330
25 40 13 27 -12 38 0 T M M 3.8 10 160 M M 1 16 200
26 44 17 31 -8 34 0 0.01 M M 5.8 18 350 M M 6 31 360
27 47 14 31 -8 34 0 0.00 0.0 M 8.5 17 180 M M 0 27 160
28 63 38 51 12 14 0 0.00 0.0 M 15.7 26 180 M M 0 41 180
29 70 48 59 20 6 0 0.00 0.0 M 10.5 23 190 M M 0 34 200
30 57 34 46 7 19 0 0.00 0.0 M 3.6 13 30 M M 0 16 30
31 68 31 50 11 15 0 0.00 0.0 M 5.3 20 170 M M 1 1 30 170
================================================================================
SM 1559 958 746 0 2.59 0.0 190.2 M 136
================================================================================
AV 50.3 30.9 6.1 FASTST M M 4 MAX(MPH)
MISC ----> 28 10 45 20
================================================================================
NOTES:
# LAST OF SEVERAL OCCURRENCES
COLUMN 17 PEAK WIND IN M.P.H.
PRELIMINARY LOCAL CLIMATOLOGICAL DATA (WS FORM: F-6) , PAGE 2
STATION: TULSA-RIVERSIDE OKLAHOMA
MONTH: DECEMBER
YEAR: 2022
LATITUDE: 36 2 N
LONGITUDE: 95 59 W
[TEMPERATURE DATA] [PRECIPITATION DATA] SYMBOLS USED IN COLUMN 16
AVERAGE MONTHLY: 40.6 TOTAL FOR MONTH: 2.59 1 = FOG OR MIST
DPTR FM NORMAL: -0.6 DPTR FM NORMAL: 0.08 2 = FOG REDUCING VISIBILITY
HIGHEST: 70 ON 29 GRTST 24HR 0.93 ON 9-10 TO 1/4 MILE OR LESS
LOWEST: 2 ON 22 3 = THUNDER
SNOW, ICE PELLETS, HAIL 4 = ICE PELLETS
TOTAL MONTH: 0.0 INCH 5 = HAIL
GRTST 24HR 0.0 6 = FREEZING RAIN OR DRIZZLE
GRTST DEPTH: M ON M 7 = DUSTSTORM OR SANDSTORM:
VSBY 1/2 MILE OR LESS
8 = SMOKE OR HAZE
[NO. OF DAYS WITH] [WEATHER - DAYS WITH] 9 = BLOWING SNOW
X = TORNADO
MAX 32 OR BELOW: 2 0.01 INCH OR MORE: 9
MAX 90 OR ABOVE: 0 0.10 INCH OR MORE: 6
MIN 32 OR BELOW: 17 0.50 INCH OR MORE: 2
MIN 0 OR BELOW: 0 1.00 INCH OR MORE: 0
[HDD (BASE 65) ]
TOTAL THIS MO. 746 CLEAR (SCALE 0-3) 15
DPTR FM NORMAL 9 PTCLDY (SCALE 4-7) 8
TOTAL FM JUL 1 1386 CLOUDY (SCALE 8-10) 8
DPTR FM NORMAL 43
[CDD (BASE 65) ]
TOTAL THIS MO. 0
DPTR FM NORMAL 0 [PRESSURE DATA]
TOTAL FM JAN 1 2447 HIGHEST SLP 30.79 ON 23
DPTR FM NORMAL 302 LOWEST SLP 29.58 ON 13
[REMARKS]
#FINAL-12-22#