000
CXUS53 KMPX 011010
CF6RWF
PRELIMINARY LOCAL CLIMATOLOGICAL DATA (WS FORM: F-6)
STATION: REDWOOD FALLS MN
MONTH: JANUARY
YEAR: 2024
LATITUDE: 44 32 N
LONGITUDE: 95 5 W
TEMPERATURE IN F: :PCPN: SNOW: WIND :SUNSHINE: SKY :PK WND
================================================================================
1 2 3 4 5 6A 6B 7 8 9 10 11 12 13 14 15 16 17 18
12Z AVG MX 2MIN
DY MAX MIN AVG DEP HDD CDD WTR SNW DPTH SPD SPD DIR MIN PSBL S-S WX SPD DR
================================================================================
1 34 18 26 10 39 0 0.00 M M 9.1 15 170 M M 5 1 20 180
2 34 25 30 15 35 0 0.00 M M 8.4 14 280 M M 5 1 20 260
3 30 20 25 10 40 0 0.00 M M 8.7 15 320 M M 8 1 23 330
4 28 17 23 8 42 0 0.00 M M 7.5 12 170 M M 10 16 160
5 34 26 30 15 35 0 0.00 M M 10.3 16 180 M M 10 18 20 170
6 32 15 24 9 41 0 T M M 9.1 20 300 M M 9 18 28 290
7 20 5 13 -2 52 0 0.00 M M 6.4 16 310 M M 2 23 300
8 28 12 20 5 45 0 0.09 M M 6.5 13 60 M M 9 12 19 70
9 27 8 18 3 47 0 0.01 M M 10.9 18 300 M M 10 1 25 300
10 23 9 16 2 49 0 T M M 4.7 15 130 M M 10 1 18 130
11 21 0 11 -3 54 0 T M M 11.0 20 280 M M 3 1 27 320
12 3 -1 1 -13 64 0 T M M 14.8 24 310 M M 8 18 38 300
13 2 -13 -5 -19 70 0 T M M 21.1 30 290 M M 10 18 43 300
14 -3 -14 -8 -22 73 0 T M M 15.3 23 290 M M 4 8 32 280
15 0 -11 -5 -19 70 0 0.00 M M 15.7 24 270 M M 2 33 270
16 7 -6 1 -13 64 0 0.00 M M 15.8 24 260 M M 0 33 260
17 12 1 7 -7 58 0 0.00 M M 8.5 16 280 M M 0 21 280
18 6 -2 2 -12 63 0 T M M 8.5 20 320 M M 5 18 30 320
19 3 -8 -2 -16 67 0 T M M 11.3 20 320 M M 5 18 30 310
20 4 -15 -5 -19 70 0 0.00 M M 7.9 15 150 M M 0 M M
21 23 0 12 -2 53 0 0.00 M M 18.2 30 170 M M 2 39 170
22 32 13 23 9 42 0 0.00 M M 5.0 12 150 M M 4 15 150
23 32 26 29 15 36 0 0.00 M M 5.3 15 140 M M 10 12 18 140
24 36 31 34 20 31 0 0.00 M M 7.2 12 210 M M 10 12 14 150
25 36 33 35 21 30 0 0.00 M M 3.5 10 150 M M 10 12 14 140
26 36 30 33 19 32 0 0.00 M M 5.6 14 200 M M 10 12 18 200
27 44 25 35 21 30 0 0.00 M M 5.9 12 260 M M 4 12 15 240
28 49 21 35 20 30 0 0.00 M M 4.2 10 200 M M 1 12 13 190
29 50 30 40 25 25 0 0.00 M M 10.2 22 290 M M 1 29 270
30 37 28 33 18 32 0 0.00 M M 8.8 18 310 M M 9 12 27 310
31 57 30 44 29 21 0 0.00 M M 5.4 13 180 M M 1 128 17 180
================================================================================
SM 777 353 1440 0 0.10 M 290.8 M 177
================================================================================
AV 25.1 11.4 9.4 FASTST M M 6 MAX(MPH)
MISC ----> # 30 290 43 300
================================================================================
NOTES:
# LAST OF SEVERAL OCCURRENCES
COLUMN 17 PEAK WIND IN M.P.H.
PRELIMINARY LOCAL CLIMATOLOGICAL DATA (WS FORM: F-6) , PAGE 2
STATION: REDWOOD FALLS MN
MONTH: JANUARY
YEAR: 2024
LATITUDE: 44 32 N
LONGITUDE: 95 5 W
[TEMPERATURE DATA] [PRECIPITATION DATA] SYMBOLS USED IN COLUMN 16
AVERAGE MONTHLY: 18.2 TOTAL FOR MONTH: 0.10 1 = FOG OR MIST
DPTR FM NORMAL: 3.6 DPTR FM NORMAL: -0.48 2 = FOG REDUCING VISIBILITY
HIGHEST: 57 ON 31 GRTST 24HR 0.09 ON 8- 8 TO 1/4 MILE OR LESS
LOWEST: -15 ON 20 3 = THUNDER
SNOW, ICE PELLETS, HAIL 4 = ICE PELLETS
TOTAL MONTH: M 5 = HAIL
GRTST 24HR M ON M 6 = FREEZING RAIN OR DRIZZLE
GRTST DEPTH: M ON M 7 = DUSTSTORM OR SANDSTORM:
VSBY 1/2 MILE OR LESS
8 = SMOKE OR HAZE
[NO. OF DAYS WITH] [WEATHER - DAYS WITH] 9 = BLOWING SNOW
X = TORNADO
MAX 32 OR BELOW: 20 0.01 INCH OR MORE: 2
MAX 90 OR ABOVE: 0 0.10 INCH OR MORE: 0
MIN 32 OR BELOW: 30 0.50 INCH OR MORE: 0
MIN 0 OR BELOW: 10 1.00 INCH OR MORE: 0
[HDD (BASE 65) ]
TOTAL THIS MO. 1440 CLEAR (SCALE 0-3) 9
DPTR FM NORMAL -124 PTCLDY (SCALE 4-7) 8
TOTAL FM JUL 1 3777 CLOUDY (SCALE 8-10) 14
DPTR FM NORMAL -844
[CDD (BASE 65) ]
TOTAL THIS MO. 0
DPTR FM NORMAL 0 [PRESSURE DATA]
TOTAL FM JAN 1 0 HIGHEST SLP 30.73 ON 20
DPTR FM NORMAL 0 LOWEST SLP 29.45 ON 10
[REMARKS]
#FINAL-01-24#