000
CXUS55 KCYS 011759
CF6RWL
PRELIMINARY LOCAL CLIMATOLOGICAL DATA (WS FORM: F-6)
STATION: RAWLINS WYOMING AIRPORT
MONTH: NOVEMBER
YEAR: 2023
LATITUDE: 41 47 N
LONGITUDE: 107 12 W
TEMPERATURE IN F: :PCPN: SNOW: WIND :SUNSHINE: SKY :PK WND
================================================================================
1 2 3 4 5 6A 6B 7 8 9 10 11 12 13 14 15 16 17 18
12Z AVG MX 2MIN
DY MAX MIN AVG DEP HDD CDD WTR SNW DPTH SPD SPD DIR MIN PSBL S-S WX SPD DR
================================================================================
1 53 34 44 7 21 0 0.00 M M 17.2 30 220 M M 0 50 230
2 56 35 46 9 19 0 T M M 19.9 37 240 M M 4 57 230
3 55 36 46 10 19 0 0.00 M M 17.8 41 240 M M 2 64 240
4 60 36 48 12 17 0 0.00 M M 12.5 24 230 M M 0 44 220
5 61 44 53 17 12 0 0.00 M M 16.9 36 210 M M 1 49 250
6 56 39 48 13 17 0 0.00 M M 9.7 26 210 M M 1 36 200
7 49 32 41 6 24 0 0.01 M M 10.2 21 240 M M 7 1 27 250
8 43 27 35 1 30 0 0.00 M M M M M M M M M M
9 39 21 30 -4 35 0 0.00 M M M M M M M M M M
10 46 20 33 -1 32 0 0.00 M M 11.2 24 230 M M 2 33 240
11 48 27 38 5 27 0 0.00 M M 18.4 36 230 M M 1 56 230
12 53 21 37 4 28 0 0.00 M M 10.2 26 240 M M 0 8 36 240
13 59 18 39 7 26 0 0.00 M M 10.8 33 210 M M 0 8 54 210
14 56 37 47 15 18 0 0.00 M M 14.2 25 220 M M 0 37 210
15 57 31 44 12 21 0 0.00 M M 12.3 39 210 M M 0 56 220
16 50 35 43 12 22 0 0.07 M M 19.5 37 210 M M 5 1 53 210
17 50 24 37 6 28 0 0.00 M M 10.2 23 220 M M 0 32 190
18 53 21 37 7 28 0 0.00 M M 8.1 22 230 M M 1 28 200
19 47 30 39 9 26 0 0.02 M M 8.9 21 280 M M 7 1 26 290
20 37 28 33 4 32 0 0.02 M M 5.1 13 50 M M 9 18 16 340
21 42 25 34 5 31 0 0.00 M M 9.0 21 220 M M 1 27 230
22 53 23 38 10 27 0 0.00 M M 10.4 28 220 M M 0 40 220
23 38 18 28 0 37 0 0.07 M M 15.3 29 50 M M 5 1 40 40
24 18 1 10 -18 55 0 0.32 M M 16.3 28 50 M M 10 18 38 40
25 22 9 16 -11 49 0 0.03 M M 7.4 21 230 M M 6 8 28 230
26 25 15 20 -7 45 0 0.00 M M 15.0 23 220 M M 6 35 220
27 29 8 19 -7 46 0 0.00 M M 11.1 24 230 M M 0 32 220
28 39 10 25 -1 40 0 0.00 M M 6.1 21 230 M M 0 30 260
29 40 6 23 -3 42 0 0.00 M M 6.3 18 180 M M 1 24 200
30 36 11 24 -1 41 0 T M M 4.0 14 240 M M 6 1 19 240
================================================================================
SM 1370 722 895 0 0.54 M 334.0 M 75
================================================================================
AV 45.7 24.1 11.9 FASTST M M 3 MAX(MPH)
MISC ----> 41 240 64 240
================================================================================
NOTES:
# LAST OF SEVERAL OCCURRENCES
COLUMN 17 PEAK WIND IN M.P.H.
PRELIMINARY LOCAL CLIMATOLOGICAL DATA (WS FORM: F-6) , PAGE 2
STATION: RAWLINS WYOMING AIRPORT
MONTH: NOVEMBER
YEAR: 2023
LATITUDE: 41 47 N
LONGITUDE: 107 12 W
[TEMPERATURE DATA] [PRECIPITATION DATA] SYMBOLS USED IN COLUMN 16
AVERAGE MONTHLY: 34.9 TOTAL FOR MONTH: 0.54 1 = FOG OR MIST
DPTR FM NORMAL: 3.6 DPTR FM NORMAL: 0.07 2 = FOG REDUCING VISIBILITY
HIGHEST: 61 ON 5 GRTST 24HR 0.32 ON 24-24 TO 1/4 MILE OR LESS
LOWEST: 1 ON 24 3 = THUNDER
SNOW, ICE PELLETS, HAIL 4 = ICE PELLETS
TOTAL MONTH: M 5 = HAIL
GRTST 24HR M ON M 6 = FREEZING RAIN OR DRIZZLE
GRTST DEPTH: M ON M 7 = DUSTSTORM OR SANDSTORM:
VSBY 1/2 MILE OR LESS
8 = SMOKE OR HAZE
[NO. OF DAYS WITH] [WEATHER - DAYS WITH] 9 = BLOWING SNOW
X = TORNADO
MAX 32 OR BELOW: 4 0.01 INCH OR MORE: 7
MAX 90 OR ABOVE: 0 0.10 INCH OR MORE: 1
MIN 32 OR BELOW: 22 0.50 INCH OR MORE: 0
MIN 0 OR BELOW: 0 1.00 INCH OR MORE: 0
[HDD (BASE 65) ]
TOTAL THIS MO. 895 CLEAR (SCALE 0-3) 18
DPTR FM NORMAL -116 PTCLDY (SCALE 4-7) 8
TOTAL FM JUL 1 1777 CLOUDY (SCALE 8-10) 4
DPTR FM NORMAL -236
[CDD (BASE 65) ]
TOTAL THIS MO. 0
DPTR FM NORMAL 0 [PRESSURE DATA]
TOTAL FM JAN 1 263 HIGHEST SLP 30.64 ON 21
DPTR FM NORMAL 38 LOWEST SLP 29.64 ON 7
[REMARKS]
#FINAL-11-23#
NOVEMBER 5... RECORD HIGH MINIMUM TEMPERATURE: 44F (PREVIOUS: 39F IN 1999)
NOVEMBER 8... COOP BACKUP USED DUE TO ASOS OUTAGE
NOVEMBER 9... COOP BACKUP USED DUE TO ASOS OUTAGE
NOVEMBER 23... COOP BACKUP USED FOR PRECIPITATION DUE TO ASOS ERRORS
NOVEMBER 24... COOP BACKUP USED FOR PRECIPITATION DUE TO ASOS ERRORS
NOVEMBER 24... RECORD DAILY PRECIPITATION: 0.32" (PREVIOUS: 0.24" IN 1988)
NOVEMBER 25... COOP BACKUP USED FOR PRECIPITATION DUE TO ASOS ERRORS