000
CXUS55 KTWC 010855
CF6SAD
PRELIMINARY LOCAL CLIMATOLOGICAL DATA (WS FORM: F-6)
STATION: SAFFORD AZ AIRPORT
MONTH: APRIL
YEAR: 2021
LATITUDE: 32 50 N
LONGITUDE: 109 38 W
TEMPERATURE IN F: :PCPN: SNOW: WIND :SUNSHINE: SKY :PK WND
================================================================================
1 2 3 4 5 6A 6B 7 8 9 10 11 12 13 14 15 16 17 18
12Z AVG MX 2MIN
DY MAX MIN AVG DEP HDD CDD WTR SNW DPTH SPD SPD DIR MIN PSBL S-S WX SPD DR
================================================================================
1 80 52 66 6 0 1 0.00 M M 14.0 25 150 M M 0 36 140
2 88 57 73 13 0 8 0.00 M M 9.4 17 300 M M 0 23 210
3 91 51 71 11 0 6 0.00 M M 4.9 13 320 M M 0 16 170
4 93 53 73 12 0 8 0.00 M M 6.8 14 300 M M 0 20 230
5 92 52 72 11 0 7 0.00 M M 7.9 29 300 M M 0 38 300
6 86 60 73 12 0 8 0.00 M M 15.1 31 300 M M 0 48 300
7 87 46 67 5 0 2 0.00 M M 10.3 24 270 M M 0 36 320
8 89 48 69 7 0 4 0.00 M M 10.8 29 300 M M M 39 300
9 87 56 72 10 0 7 0.00 M M 11.0 25 280 M M 1 37 280
10 89 46 68 6 0 3 0.00 M M 9.7 28 290 M M 0 39 340
11 88 48 68 5 0 3 0.00 M M 7.8 25 310 M M 0 36 310
12 88 57 73 10 0 8 0.00 M M 7.7 22 270 M M M 29 260
13 88 53 71 8 0 6 0.00 M M 10.0 23 270 M M M 32 270
14 86 53 70 6 0 5 0.00 M M 7.7 18 270 M M M 26 280
15 81 53 67 3 0 2 0.00 M M 12.6 32 300 M M 0 42 290
16 76 50 63 -1 2 0 0.00 M M 7.6 22 270 M M 0 29 280
17 80 40 60 -4 5 0 0.00 M M 7.9 23 300 M M 0 30 300
18 74 50 62 -3 3 0 T M M 12.7 26 60 M M 3 36 70
19 80 50 65 0 0 0 0.00 M M 8.7 17 300 M M 0 25 300
20 86 47 67 2 0 2 0.00 M M 6.7 21 300 M M 0 27 290
21 88 50 69 3 0 4 0.00 M M 11.9 28 270 M M 0 35 210
22 82 49 66 0 0 1 0.00 M M 8.2 25 270 M M 0 34 280
23 80 53 67 1 0 2 0.00 M M 14.3 29 290 M M 0 41 270
24 86 47 67 0 0 2 0.00 M M 4.7 16 140 M M 0 24 150
25 92 51 72 5 0 7 0.00 M M 8.5 20 280 M M 0 25 260
26 85 56 71 4 0 6 0.00 M M 10.1 26 290 M M 0 35 290
27 71 52 62 -6 3 0 0.00 M M 14.0 33 310 M M 4 43 310
28 65 46 56 -12 9 0 0.00 M M 13.5 28 330 M M 2 40 330
29 81 44 63 -5 2 0 0.00 M M 7.6 21 200 M M 1 35 160
30 84 52 68 -1 0 3 0.00 M M 10.0 17 160 M M 0 23 190
================================================================================
SM 2523 1522 24 105 T M 292.1 M 11
================================================================================
AV 84.1 50.7 9.7 FASTST M M 0 MAX(MPH)
MISC ----> 33 310 48 300
================================================================================
NOTES:
# LAST OF SEVERAL OCCURRENCES
COLUMN 17 PEAK WIND IN M.P.H.
PRELIMINARY LOCAL CLIMATOLOGICAL DATA (WS FORM: F-6) , PAGE 2
STATION: SAFFORD AZ AIRPORT
MONTH: APRIL
YEAR: 2021
LATITUDE: 32 50 N
LONGITUDE: 109 38 W
[TEMPERATURE DATA] [PRECIPITATION DATA] SYMBOLS USED IN COLUMN 16
AVERAGE MONTHLY: 67.4 TOTAL FOR MONTH: T 1 = FOG OR MIST
DPTR FM NORMAL: 3.2 DPTR FM NORMAL: -0.36 2 = FOG REDUCING VISIBILITY
HIGHEST: 93 ON 4 GRTST 24HR T ON 18-18 TO 1/4 MILE OR LESS
LOWEST: 40 ON 17 3 = THUNDER
SNOW, ICE PELLETS, HAIL 4 = ICE PELLETS
TOTAL MONTH: M 5 = HAIL
GRTST 24HR M ON M 6 = FREEZING RAIN OR DRIZZLE
GRTST DEPTH: M ON M 7 = DUSTSTORM OR SANDSTORM:
VSBY 1/2 MILE OR LESS
8 = SMOKE OR HAZE
[NO. OF DAYS WITH] [WEATHER - DAYS WITH] 9 = BLOWING SNOW
X = TORNADO
MAX 32 OR BELOW: 0 0.01 INCH OR MORE: 0
MAX 90 OR ABOVE: 4 0.10 INCH OR MORE: 0
MIN 32 OR BELOW: 0 0.50 INCH OR MORE: 0
MIN 0 OR BELOW: 0 1.00 INCH OR MORE: 0
[HDD (BASE 65) ]
TOTAL THIS MO. 24 CLEAR (SCALE 0-3) 24
DPTR FM NORMAL -70 PTCLDY (SCALE 4-7) 2
TOTAL FM JUL 1 2073 CLOUDY (SCALE 8-10) 4
DPTR FM NORMAL -184
[CDD (BASE 65) ]
TOTAL THIS MO. 105
DPTR FM NORMAL 36 [PRESSURE DATA]
TOTAL FM JAN 1 115 HIGHEST SLP M ON M
DPTR FM NORMAL 39 LOWEST SLP 29.54 ON 26
[REMARKS]
#FINAL-04-21#