000
CXUS54 KEWX 151524
CF6SAT
PRELIMINARY LOCAL CLIMATOLOGICAL DATA (WS FORM: F-6)
STATION: SAN ANTONIO
MONTH: DECEMBER
YEAR: 2021
LATITUDE: 29 31 N
LONGITUDE: 98 28 W
TEMPERATURE IN F: :PCPN: SNOW: WIND :SUNSHINE: SKY :PK WND
================================================================================
1 2 3 4 5 6A 6B 7 8 9 10 11 12 13 14 15 16 17 18
12Z AVG MX 2MIN
DY MAX MIN AVG DEP HDD CDD WTR SNW DPTH SPD SPD DIR MIN PSBL S-S WX SPD DR
================================================================================
1 76 51 64 8 1 0 0.00 0.0 0 4.2 14 210 M M 4 18 200
2 75 53 64 8 1 0 0.00 0.0 0 3.8 14 150 M M 6 12 18 210
3 80 65 73 17 0 8 T 0.0 0 6.7 13 150 M M 6 1 16 180
4 76 65 71 15 0 6 0.00 0.0 0 5.8 16 160 M M 8 1 22 160
5 77 68 73 18 0 8 T 0.0 0 9.7 15 160 M M 10 24 190
6 72 50 61 6 4 0 T 0.0 0 10.9 24 350 M M 9 1 35 360
7 68 45 57 2 8 0 0.00 0.0 0 4.6 12 190 M M 5 16 210
8 78 45 62 7 3 0 0.00 0.0 0 5.3 14 160 M M 2 19 160
9 78 61 70 16 0 5 T 0.0 0 5.2 12 200 M M 8 12 19 180
10 83 65 74 20 0 9 T 0.0 0 6.9 16 170 M M 7 18 21 160
11 70 42 56 2 9 0 0.00 0.0 0 12.1 32 20 M M 8 47 20
12 61 34 48 -6 17 0 0.00 0.0 0 4.6 12 70 M M 2 14 60
13 67 43 55 1 10 0 0.00 0.0 0 2.8 8 100 M M 9 1 11 90
14 75 60 68 14 0 3 T 0.0 0 5.4 18 150 M M 9 12 27 160
15 81 69 75 21 0 10 T 0.0 0 13.2 22 140 M M 9 29 160
16 80 69 75 22 0 10 T 0.0 0 11.4 20 160 M M 9 26 140
17 79 70 75 22 0 10 T 0.0 0 14.0 22 160 M M 9 29 160
18 71 48 60 7 5 0 0.85 0.0 0 11.7 28 310 M M 7 13 37 300
19 52 40 46 -7 19 0 0.05 0.0 0 7.4 20 360 M M 9 27 10
20 59 42 51 -2 14 0 0.00 0.0 0 2.7 8 170 M M 5 12 150
21 66 37 52 -1 13 0 0.00 0.0 0 4.7 13 220 M M 2 20 230
22 73 42 58 6 7 0 0.00 0.0 0 4.4 13 160 M M 4 17 170
23 71 48 60 8 5 0 T 0.0 0 7.2 15 150 M M 6 12 22 150
24 77 57 67 15 0 2 T 0.0 0 7.3 14 200 M M 7 1 19 200
25 77 60 69 17 0 4 T 0.0 0 5.2 12 190 M M 8 1 16 200
26 76 57 67 15 0 2 T 0.0 0 4.7 13 140 M M 6 128 16 150
27 77 60 69 17 0 4 T 0.0 0 7.2 15 190 M M 6 1 23 180
28 72 59 66 14 0 1 0.00 0.0 0 5.4 16 170 M M 9 1 23 160
29 85 59 72 20 0 7 T 0.0 0 2.8 10 250 M M 7 128 13 220
30 82 56 69 17 0 4 0.00 0.0 0 4.3 12 120 M M 7 1 17 160
31 83 64 74 22 0 9 T 0.0 0 8.4 21 140 M M 8 12 26 150
================================================================================
SM 2297 1684 116 102 0.90 0.0 210.0 M 211
================================================================================
AV 74.1 54.3 6.8 FASTST M M 7 MAX(MPH)
MISC ----> 32 20 47 20
================================================================================
NOTES:
# LAST OF SEVERAL OCCURRENCES
COLUMN 17 PEAK WIND IN M.P.H.
PRELIMINARY LOCAL CLIMATOLOGICAL DATA (WS FORM: F-6) , PAGE 2
STATION: SAN ANTONIO
MONTH: DECEMBER
YEAR: 2021
LATITUDE: 29 31 N
LONGITUDE: 98 28 W
[TEMPERATURE DATA] [PRECIPITATION DATA] SYMBOLS USED IN COLUMN 16
AVERAGE MONTHLY: 64.2 TOTAL FOR MONTH: 0.90 1 = FOG OR MIST
DPTR FM NORMAL: 10.7 DPTR FM NORMAL: -1.10 2 = FOG REDUCING VISIBILITY
HIGHEST: 85 ON 29 GRTST 24HR 0.89 ON 18-19 TO 1/4 MILE OR LESS
LOWEST: 34 ON 12 3 = THUNDER
SNOW, ICE PELLETS, HAIL 4 = ICE PELLETS
TOTAL MONTH: 0.0 INCH 5 = HAIL
GRTST 24HR 0.0 6 = FREEZING RAIN OR DRIZZLE
GRTST DEPTH: 0 7 = DUSTSTORM OR SANDSTORM:
VSBY 1/2 MILE OR LESS
8 = SMOKE OR HAZE
[NO. OF DAYS WITH] [WEATHER - DAYS WITH] 9 = BLOWING SNOW
X = TORNADO
MAX 32 OR BELOW: 0 0.01 INCH OR MORE: 2
MAX 90 OR ABOVE: 0 0.10 INCH OR MORE: 1
MIN 32 OR BELOW: 0 0.50 INCH OR MORE: 1
MIN 0 OR BELOW: 0 1.00 INCH OR MORE: 0
[HDD (BASE 65) ]
TOTAL THIS MO. 116 CLEAR (SCALE 0-3) 3
DPTR FM NORMAL -253 PTCLDY (SCALE 4-7) 18
TOTAL FM JUL 1 276 CLOUDY (SCALE 8-10) 10
DPTR FM NORMAL -315
[CDD (BASE 65) ]
TOTAL THIS MO. 102
DPTR FM NORMAL 88 [PRESSURE DATA]
TOTAL FM JAN 1 3281 HIGHEST SLP 30.33 ON 19
DPTR FM NORMAL 135 LOWEST SLP 29.60 ON 31
[REMARKS]
#FINAL-12-21#