000
CXUS52 KCHS 010815
CF6SAV
PRELIMINARY LOCAL CLIMATOLOGICAL DATA (WS FORM: F-6)
STATION: SAVANNAH GA
MONTH: AUGUST
YEAR: 2021
LATITUDE: 32 7 N
LONGITUDE: 81 12 W
TEMPERATURE IN F: :PCPN: SNOW: WIND :SUNSHINE: SKY :PK WND
================================================================================
1 2 3 4 5 6A 6B 7 8 9 10 11 12 13 14 15 16 17 18
12Z AVG MX 2MIN
DY MAX MIN AVG DEP HDD CDD WTR SNW DPTH SPD SPD DIR MIN PSBL S-S WX SPD DR
================================================================================
1 95 76 86 3 0 21 0.00 0.0 0 9.9 21 200 M M 4 3 27 180
2 93 73 83 0 0 18 0.44 0.0 0 7.1 25 180 M M 5 138 33 190
3 86 73 80 -3 0 15 0.21 0.0 0 4.7 14 340 M M 7 1 16 330
4 81 71 76 -7 0 11 0.00 0.0 0 7.2 13 50 M M 9 16 30
5 78 71 75 -8 0 10 0.11 0.0 0 7.8 14 60 M M 8 1 17 60
6 87 71 79 -4 0 14 0.08 0.0 0 5.7 21 240 M M 8 138 26 230
7 86 73 80 -3 0 15 0.02 0.0 0 4.8 10 220 M M 6 14 260
8 91 73 82 -1 0 17 0.02 0.0 0 2.9 21 180 M M 5 13 24 170
9 91 73 82 -1 0 17 0.00 0.0 0 4.1 15 80 M M 5 1 20 100
10 92 74 83 0 0 18 0.00 0.0 0 4.6 15 160 M M 3 1 18 150
11 92 74 83 0 0 18 0.00 0.0 0 4.9 16 150 M M 4 3 19 160
12 92 74 83 1 0 18 0.00 0.0 0 4.8 15 80 M M 3 17 140
13 92 73 83 1 0 18 T 0.0 0 4.0 15 150 M M 4 16 140
14 90 75 83 1 0 18 T 0.0 0 4.8 14 90 M M 6 18 80
15 86 73 80 -2 0 15 0.40 0.0 0 3.5 13 270 M M 6 138 16 270
16 86 73 80 -2 0 15 0.93 0.0 0 7.2 18 150 M M 7 13 26 160
17 90 77 84 2 0 19 0.30 0.0 0 10.4 23 160 M M 5 138 30 230
18 93 77 85 3 0 20 T 0.0 0 6.7 17 260 M M 5 3 20 260
19 94 78 86 4 0 21 0.00 0.0 0 5.2 13 210 M M 5 3 16 200
20 90 76 83 1 0 18 0.00 0.0 0 6.2 13 270 M M 5 16 280
21 91 75 83 1 0 18 0.09 0.0 0 5.6 14 250 M M 6 13 17 240
22 88 74 81 -1 0 16 0.95 0.0 0 7.7 28 280 M M 7 13 33 280
23 90 75 83 1 0 18 T 0.0 0 5.2 17 200 M M 7 3 22 170
24 90 73 82 1 0 17 0.00 0.0 0 5.8 20 180 M M 5 138 24 180
25 89 74 82 1 0 17 0.00 0.0 0 4.8 15 170 M M 5 19 210
26 90 73 82 1 0 17 0.00 0.0 0 8.1 21 100 M M 4 1 26 110
27 90 77 84 3 0 19 T 0.0 0 8.3 17 130 M M 6 22 120
28 89 74 82 1 0 17 T 0.0 0 8.4 21 110 M M 5 8 25 100
29 88 71 80 -1 0 15 0.00 0.0 0 5.0 14 120 M M 3 1 21 110
30 90 69 80 -1 0 15 0.00 0.0 0 4.7 13 160 M M 5 1 16 160
31 91 74 83 2 0 18 0.07 0.0 0 8.2 30 250 M M 5 138 40 240
================================================================================
SM 2771 2287 0 523 3.62 0.0 188.3 M 168
================================================================================
AV 89.4 73.8 6.1 FASTST M M 5 MAX(MPH)
MISC ----> 30 250 40 240
================================================================================
NOTES:
# LAST OF SEVERAL OCCURRENCES
COLUMN 17 PEAK WIND IN M.P.H.
PRELIMINARY LOCAL CLIMATOLOGICAL DATA (WS FORM: F-6) , PAGE 2
STATION: SAVANNAH GA
MONTH: AUGUST
YEAR: 2021
LATITUDE: 32 7 N
LONGITUDE: 81 12 W
[TEMPERATURE DATA] [PRECIPITATION DATA] SYMBOLS USED IN COLUMN 16
AVERAGE MONTHLY: 81.6 TOTAL FOR MONTH: 3.62 1 = FOG OR MIST
DPTR FM NORMAL: -0.5 DPTR FM NORMAL: -1.84 2 = FOG REDUCING VISIBILITY
HIGHEST: 95 ON 1 GRTST 24HR 1.19 ON 15-16 TO 1/4 MILE OR LESS
LOWEST: 69 ON 30 3 = THUNDER
SNOW, ICE PELLETS, HAIL 4 = ICE PELLETS
TOTAL MONTH: 0.0 INCH 5 = HAIL
GRTST 24HR 0.0 6 = FREEZING RAIN OR DRIZZLE
GRTST DEPTH: 0 7 = DUSTSTORM OR SANDSTORM:
VSBY 1/2 MILE OR LESS
8 = SMOKE OR HAZE
[NO. OF DAYS WITH] [WEATHER - DAYS WITH] 9 = BLOWING SNOW
X = TORNADO
MAX 32 OR BELOW: 0 0.01 INCH OR MORE: 12
MAX 90 OR ABOVE: 20 0.10 INCH OR MORE: 7
MIN 32 OR BELOW: 0 0.50 INCH OR MORE: 2
MIN 0 OR BELOW: 0 1.00 INCH OR MORE: 0
[HDD (BASE 65) ]
TOTAL THIS MO. 0 CLEAR (SCALE 0-3) 3
DPTR FM NORMAL 0 PTCLDY (SCALE 4-7) 27
TOTAL FM JUL 1 0 CLOUDY (SCALE 8-10) 1
DPTR FM NORMAL 0
[CDD (BASE 65) ]
TOTAL THIS MO. 523
DPTR FM NORMAL -5 [PRESSURE DATA]
TOTAL FM JAN 1 1909 HIGHEST SLP 30.22 ON 10
DPTR FM NORMAL -93 LOWEST SLP 29.78 ON 31
[REMARKS]
#FINAL-08-21#