000
CXUS56 KLOX 011155
CF6SBA
PRELIMINARY LOCAL CLIMATOLOGICAL DATA (WS FORM: F-6)
STATION: SANTA BARBARA AIRPORT CA
MONTH: JUNE
YEAR: 2023
LATITUDE: 34 25 N
LONGITUDE: 119 50 W
TEMPERATURE IN F: :PCPN: SNOW: WIND :SUNSHINE: SKY :PK WND
================================================================================
1 2 3 4 5 6A 6B 7 8 9 10 11 12 13 14 15 16 17 18
12Z AVG MX 2MIN
DY MAX MIN AVG DEP HDD CDD WTR SNW DPTH SPD SPD DIR MIN PSBL S-S WX SPD DR
================================================================================
1 69 52 61 0 4 0 0.00 M M 4.1 10 270 M M 6 14 250
2 71 54 63 2 2 0 0.00 M M 5.5 15 240 M M 4 19 240
3 69 52 61 0 4 0 0.00 M M 5.1 9 240 M M 1 14 140
4 66 58 62 1 3 0 0.00 M M 4.3 12 260 M M 10 18 14 270
5 63 59 61 0 4 0 0.02 M M 5.7 13 80 M M 10 18 15 80
6 68 58 63 2 2 0 0.19 M M 4.3 12 110 M M 9 1 14 100
7 68 57 63 1 2 0 0.01 M M 4.4 10 150 M M 10 18 14 140
8 69 57 63 1 2 0 0.00 M M 5.9 15 260 M M 7 18 260
9 66 56 61 -1 4 0 0.00 M M 4.1 10 260 M M M 11 250
10 66 62 64 2 1 0 0.00 M M 4.6 14 40 M M 10 18 17 30
11 69 61 65 3 0 0 0.00 M M 5.4 12 250 M M 10 18 16 260
12 69 60 65 3 0 0 0.00 M M 5.7 14 250 M M 9 16 240
13 68 55 62 0 3 0 0.00 M M 5.4 15 270 M M 7 18 260
14 67 58 63 1 2 0 0.00 M M 5.2 9 130 M M 10 12 130
15 69 60 65 3 0 0 0.00 M M 5.1 10 260 M M 10 18 13 270
16 70 60 65 3 0 0 0.00 M M 5.5 14 260 M M 8 17 250
17 73 57 65 3 0 0 0.00 M M 7.2 15 70 M M 2 18 18 80
18 68 57 63 0 2 0 0.00 M M 6.0 14 90 M M 9 18 17 70
19 72 53 63 0 2 0 0.00 M M 3.8 9 130 M M 2 13 150
20 75 51 63 0 2 0 0.00 M M 4.9 14 130 M M 0 8 16 150
21 76 51 64 1 1 0 0.00 M M 4.5 13 130 M M 0 14 130
22 71 51 61 -2 4 0 0.00 M M 6.5 20 250 M M 2 24 260
23 71 49 60 -3 5 0 0.00 M M 6.3 18 260 M M 2 23 250
24 73 53 63 0 2 0 0.00 M M 4.3 14 260 M M 1 17 250
25 74 51 63 -1 2 0 0.00 M M 6.3 15 240 M M 0 18 250
26 74 53 64 0 1 0 0.00 M M 6.3 16 130 M M 0 8 20 130
27 73 53 63 -1 2 0 0.00 M M 5.8 16 240 M M 0 18 240
28 71 55 63 -1 2 0 0.00 M M 6.4 15 130 M M 2 18 130
29 70 54 62 -2 3 0 0.00 M M 6.7 13 110 M M 3 1 16 250
30 69 58 64 0 1 0 0.00 M M 6.3 15 240 M M 8 18 17 250
================================================================================
SM 2097 1665 62 0 0.22 M 161.6 M 152
================================================================================
AV 69.9 55.5 5.4 FASTST M M 5 MAX(MPH)
MISC ----> 20 250 24 260
================================================================================
NOTES:
# LAST OF SEVERAL OCCURRENCES
COLUMN 17 PEAK WIND IN M.P.H.
PRELIMINARY LOCAL CLIMATOLOGICAL DATA (WS FORM: F-6) , PAGE 2
STATION: SANTA BARBARA AIRPORT CA
MONTH: JUNE
YEAR: 2023
LATITUDE: 34 25 N
LONGITUDE: 119 50 W
[TEMPERATURE DATA] [PRECIPITATION DATA] SYMBOLS USED IN COLUMN 16
AVERAGE MONTHLY: 62.7 TOTAL FOR MONTH: 0.22 1 = FOG OR MIST
DPTR FM NORMAL: 0.3 DPTR FM NORMAL: 0.11 2 = FOG REDUCING VISIBILITY
HIGHEST: 76 ON 21 GRTST 24HR 0.20 ON 6- 7 TO 1/4 MILE OR LESS
LOWEST: 49 ON 23 3 = THUNDER
SNOW, ICE PELLETS, HAIL 4 = ICE PELLETS
TOTAL MONTH: M 5 = HAIL
GRTST 24HR M ON M 6 = FREEZING RAIN OR DRIZZLE
GRTST DEPTH: M ON M 7 = DUSTSTORM OR SANDSTORM:
VSBY 1/2 MILE OR LESS
8 = SMOKE OR HAZE
[NO. OF DAYS WITH] [WEATHER - DAYS WITH] 9 = BLOWING SNOW
X = TORNADO
MAX 32 OR BELOW: 0 0.01 INCH OR MORE: 3
MAX 90 OR ABOVE: 0 0.10 INCH OR MORE: 1
MIN 32 OR BELOW: 0 0.50 INCH OR MORE: 0
MIN 0 OR BELOW: 0 1.00 INCH OR MORE: 0
[HDD (BASE 65) ]
TOTAL THIS MO. 62 CLEAR (SCALE 0-3) 13
DPTR FM NORMAL -29 PTCLDY (SCALE 4-7) 6
TOTAL FM JUL 1 2264 CLOUDY (SCALE 8-10) 11
DPTR FM NORMAL -30
[CDD (BASE 65) ]
TOTAL THIS MO. 0
DPTR FM NORMAL -13 [PRESSURE DATA]
TOTAL FM JAN 1 0 HIGHEST SLP 30.07 ON 25
DPTR FM NORMAL -31 LOWEST SLP 29.81 ON 27
[REMARKS]
#FINAL-06-23#