000
CXUS56 KLOX 021854
CF6SBA
PRELIMINARY LOCAL CLIMATOLOGICAL DATA (WS FORM: F-6)
STATION: SANTA BARBARA AIRPORT CA
MONTH: SEPTEMBER
YEAR: 2023
LATITUDE: 34 25 N
LONGITUDE: 119 50 W
TEMPERATURE IN F: :PCPN: SNOW: WIND :SUNSHINE: SKY :PK WND
================================================================================
1 2 3 4 5 6A 6B 7 8 9 10 11 12 13 14 15 16 17 18
12Z AVG MX 2MIN
DY MAX MIN AVG DEP HDD CDD WTR SNW DPTH SPD SPD DIR MIN PSBL S-S WX SPD DR
================================================================================
1 75 64 70 4 0 5 0.00 M M 7.0 13 100 M M 10 18 16 120
2 76 68 72 6 0 7 T M M 6.5 13 140 M M 10 18 18 140
3 77 62 70 4 0 5 0.00 M M 6.7 18 250 M M 4 8 22 250
4 76 56 66 0 0 1 0.00 M M 5.5 13 140 M M 0 16 150
5 74 62 68 2 0 3 0.00 M M 5.3 13 140 M M 8 8 16 130
6 77 62 70 4 0 5 0.00 M M 6.5 16 260 M M 5 8 19 260
7 77 59 68 2 0 3 0.00 M M 5.9 13 270 M M 0 8 15 260
8 78 58 68 2 0 3 0.00 M M 4.6 13 260 M M 0 1 15 250
9 86 62 74 8 0 9 T M M 3.2 17 130 M M 0 1 21 140
10 86 67 77 12 0 12 T M M 5.7 14 210 M M 2 8 20 210
11 85 65 75 10 0 10 0.00 M M 4.1 15 230 M M 0 18 20 230
12 78 59 69 4 0 4 0.00 M M 4.7 13 140 M M 0 18 15 140
13 75 59 67 2 0 2 0.00 M M 4.9 13 260 M M 4 18 15 260
14 71 60 66 1 0 1 0.00 M M 5.4 12 250 M M 8 18 14 250
15 70 61 66 1 0 1 0.00 M M 5.2 13 260 M M 8 18 16 260
16 72 59 66 1 0 1 0.00 M M 3.6 9 230 M M 8 12 250
17 75 57 66 1 0 1 0.00 M M 3.9 13 240 M M 6 16 260
18 76 53 65 0 0 0 0.00 M M 3.8 16 250 M M 1 20 250
19 76 55 66 1 0 1 0.00 M M 3.5 12 240 M M 0 8 14 230
20 77 56 67 2 0 2 0.00 M M 4.4 13 250 M M 5 8 15 250
21 73 55 64 -1 1 0 0.00 M M 4.3 10 250 M M 8 8 13 250
22 74 53 64 -1 1 0 T M M 3.9 14 170 M M 1 18 17 180
23 74 53 64 0 1 0 0.00 M M 3.9 10 260 M M 1 18 14 230
24 73 55 64 0 1 0 0.00 M M 5.4 14 250 M M 1 18 17 260
25 76 51 64 0 1 0 0.00 M M 3.9 9 240 M M 2 18 13 130
26 79 52 66 2 0 1 0.00 M M 3.3 12 150 M M 0 14 100
27 78 54 66 2 0 1 0.00 M M 3.5 14 150 M M 1 16 150
28 74 54 64 0 1 0 0.00 M M 4.4 12 250 M M 4 18 14 240
29 71 59 65 1 0 0 0.00 M M 3.6 14 250 M M 8 18 16 260
30 76 55 66 2 0 1 0.00 M M 7.9 23 240 M M 4 28 260
================================================================================
SM 2285 1745 6 79 T M 144.5 M 109
================================================================================
AV 76.2 58.2 4.8 FASTST M M 4 MAX(MPH)
MISC ----> 23 240 28 260
================================================================================
NOTES:
# LAST OF SEVERAL OCCURRENCES
COLUMN 17 PEAK WIND IN M.P.H.
PRELIMINARY LOCAL CLIMATOLOGICAL DATA (WS FORM: F-6) , PAGE 2
STATION: SANTA BARBARA AIRPORT CA
MONTH: SEPTEMBER
YEAR: 2023
LATITUDE: 34 25 N
LONGITUDE: 119 50 W
[TEMPERATURE DATA] [PRECIPITATION DATA] SYMBOLS USED IN COLUMN 16
AVERAGE MONTHLY: 67.2 TOTAL FOR MONTH: T 1 = FOG OR MIST
DPTR FM NORMAL: 2.2 DPTR FM NORMAL: -0.07 2 = FOG REDUCING VISIBILITY
HIGHEST: 86 ON 10, 9 GRTST 24HR T ON 2- 2 TO 1/4 MILE OR LESS
LOWEST: 51 ON 25 3 = THUNDER
SNOW, ICE PELLETS, HAIL 4 = ICE PELLETS
TOTAL MONTH: M 5 = HAIL
GRTST 24HR M ON M 6 = FREEZING RAIN OR DRIZZLE
GRTST DEPTH: M ON M 7 = DUSTSTORM OR SANDSTORM:
VSBY 1/2 MILE OR LESS
8 = SMOKE OR HAZE
[NO. OF DAYS WITH] [WEATHER - DAYS WITH] 9 = BLOWING SNOW
X = TORNADO
MAX 32 OR BELOW: 0 0.01 INCH OR MORE: 0
MAX 90 OR ABOVE: 0 0.10 INCH OR MORE: 0
MIN 32 OR BELOW: 0 0.50 INCH OR MORE: 0
MIN 0 OR BELOW: 0 1.00 INCH OR MORE: 0
[HDD (BASE 65) ]
TOTAL THIS MO. 6 CLEAR (SCALE 0-3) 15
DPTR FM NORMAL -38 PTCLDY (SCALE 4-7) 12
TOTAL FM JUL 1 24 CLOUDY (SCALE 8-10) 3
DPTR FM NORMAL -70
[CDD (BASE 65) ]
TOTAL THIS MO. 79
DPTR FM NORMAL 35 [PRESSURE DATA]
TOTAL FM JAN 1 301 HIGHEST SLP 30.07 ON 25
DPTR FM NORMAL 113 LOWEST SLP 29.77 ON 30
[REMARKS]
#FINAL-09-23#