000
CXUS51 KAKQ 042016
CF6SBY
PRELIMINARY LOCAL CLIMATOLOGICAL DATA (WS FORM: F-6)
STATION: SALISBURY MD
MONTH: OCTOBER
YEAR: 2023
LATITUDE: 38 20 N
LONGITUDE: 75 30 W
TEMPERATURE IN F: :PCPN: SNOW: WIND :SUNSHINE: SKY :PK WND
================================================================================
1 2 3 4 5 6A 6B 7 8 9 10 11 12 13 14 15 16 17 18
12Z AVG MX 2MIN
DY MAX MIN AVG DEP HDD CDD WTR SNW DPTH SPD SPD DIR MIN PSBL S-S WX SPD DR
================================================================================
1 79 56 68 4 0 3 0.00 0.0 0 6.2 16 360 M M 0 22 360
2 82 57 70 6 0 5 0.00 0.0 0 5.4 14 70 M M 0 17 40
3 82 56 69 5 0 4 0.00 0.0 0 2.2 12 120 M M 1 14 110
4 82 51 67 4 0 2 0.00 0.0 0 2.6 10 130 M M 1 1 16 130
5 81 55 68 5 0 3 0.00 0.0 0 4.8 15 120 M M 4 20 110
6 80 61 71 9 0 6 0.00 0.0 0 1.8 10 30 M M 7 1 14 70
7 74 53 64 2 1 0 0.01 0.0 0 7.7 23 320 M M 7 12 35 310
8 65 43 54 -8 11 0 0.00 0.0 0 7.0 18 270 M M 3 30 290
9 65 38 52 -9 13 0 T 0.0 0 6.8 20 250 M M 2 25 220
10 72 46 59 -2 6 0 T 0.0 0 4.8 17 240 M M 0 1 22 250
11 74 49 62 2 3 0 0.00 0.0 0 2.6 10 240 M M 1 1 15 270
12 76 45 61 1 4 0 0.00 0.0 0 1.8 10 100 M M 0 1 13 110
13 72 48 60 0 5 0 0.00 0.0 0 3.7 15 40 M M 0 1 20 40
14 66 45 56 -3 9 0 1.27 0.0 0 3.0 18 10 M M 7 1 26 20
15 65 45 55 -4 10 0 0.05 0.0 0 9.7 20 330 M M 6 1 29 340
16 62 41 52 -6 13 0 0.00 0.0 0 5.4 14 300 M M 3 21 300
17 67 45 56 -2 9 0 0.00 0.0 0 3.5 14 320 M M 4 19 320
18 72 50 61 3 4 0 0.00 0.0 0 M M M M M 1 M M
19 71 39 55 -2 10 0 0.00 0.0 0 5.2 15 200 M M 4 24 190
20 73 55 64 7 1 0 0.03 0.0 0 6.5 16 180 M M 6 23 180
21 69 48 59 3 6 0 0.01 0.0 0 10.8 26 280 M M 5 41 280
22 65 43 54 -2 11 0 0.00 0.0 0 7.5 25 280 M M 1 39 260
23 64 39 52 -4 13 0 0.00 0.0 0 5.5 17 330 M M 0 25 350
24 69 35 52 -4 13 0 0.00 0.0 0 2.1 10 230 M M 0 15 240
25 76 44 60 5 5 0 0.00 0.0 0 5.9 18 200 M M 2 12 25 210
26 80 50 65 10 0 0 0.00 0.0 0 5.6 16 260 M M 0 1 22 250
27 80 54 67 13 0 2 0.00 0.0 0 5.0 16 250 M M 1 1 23 240
28 85 59 72 18 0 7 0.00 0.0 0 4.2 14 160 M M 0 21 260
29 86 60 73 19 0 8 0.00 0.0 0 5.8 16 210 M M 0 24 200
30 82 53 68 15 0 3 0.04 0.0 0 22.9 24 330 M M 3 34 330
31 54 48 51 -2 14 0 0.05 0.0 0 6.2 17 340 M M 10 24 330
================================================================================
SM 2270 1511 161 43 1.46 0.0 172.2 M 79
================================================================================
AV 73.2 48.7 5.7 FASTST M M 3 MAX(MPH)
MISC ----> 26 280 41 280
================================================================================
NOTES:
# LAST OF SEVERAL OCCURRENCES
COLUMN 17 PEAK WIND IN M.P.H.
PRELIMINARY LOCAL CLIMATOLOGICAL DATA (WS FORM: F-6) , PAGE 2
STATION: SALISBURY MD
MONTH: OCTOBER
YEAR: 2023
LATITUDE: 38 20 N
LONGITUDE: 75 30 W
[TEMPERATURE DATA] [PRECIPITATION DATA] SYMBOLS USED IN COLUMN 16
AVERAGE MONTHLY: 61.0 TOTAL FOR MONTH: 1.46 1 = FOG OR MIST
DPTR FM NORMAL: 2.5 DPTR FM NORMAL: -2.69 2 = FOG REDUCING VISIBILITY
HIGHEST: 86 ON 29 GRTST 24HR 1.27 ON 14-14 TO 1/4 MILE OR LESS
LOWEST: 35 ON 24 3 = THUNDER
SNOW, ICE PELLETS, HAIL 4 = ICE PELLETS
TOTAL MONTH: 0.0 INCH 5 = HAIL
GRTST 24HR 0.0 6 = FREEZING RAIN OR DRIZZLE
GRTST DEPTH: 0 7 = DUSTSTORM OR SANDSTORM:
VSBY 1/2 MILE OR LESS
8 = SMOKE OR HAZE
[NO. OF DAYS WITH] [WEATHER - DAYS WITH] 9 = BLOWING SNOW
X = TORNADO
MAX 32 OR BELOW: 0 0.01 INCH OR MORE: 7
MAX 90 OR ABOVE: 0 0.10 INCH OR MORE: 1
MIN 32 OR BELOW: 0 0.50 INCH OR MORE: 1
MIN 0 OR BELOW: 0 1.00 INCH OR MORE: 1
[HDD (BASE 65) ]
TOTAL THIS MO. 161 CLEAR (SCALE 0-3) 20
DPTR FM NORMAL -74 PTCLDY (SCALE 4-7) 10
TOTAL FM JUL 1 167 CLOUDY (SCALE 8-10) 1
DPTR FM NORMAL -99
[CDD (BASE 65) ]
TOTAL THIS MO. 43
DPTR FM NORMAL 9 [PRESSURE DATA]
TOTAL FM JAN 1 1372 HIGHEST SLP M ON M
DPTR FM NORMAL 74 LOWEST SLP 29.40 ON 14
[REMARKS]
#FINAL-10-23#