000
CXUS56 KSTO 011300
CF6SCK
PRELIMINARY LOCAL CLIMATOLOGICAL DATA (WS FORM: F-6)
STATION: STOCKTON AIRPORT CA
MONTH: APRIL
YEAR: 2023
LATITUDE: 37 54 N
LONGITUDE: 121 15 W
TEMPERATURE IN F: :PCPN: SNOW: WIND :SUNSHINE: SKY :PK WND
================================================================================
1 2 3 4 5 6A 6B 7 8 9 10 11 12 13 14 15 16 17 18
12Z AVG MX 2MIN
DY MAX MIN AVG DEP HDD CDD WTR SNW DPTH SPD SPD DIR MIN PSBL S-S WX SPD DR
================================================================================
1 66 39 53 -5 12 0 0.00 M M 5.9 13 290 M M 1 16 310
2 63 44 54 -4 11 0 0.00 M M 12.6 26 250 M M 4 31 260
3 60 39 50 -8 15 0 0.00 M M 15.9 30 310 M M 2 39 310
4 60 39 50 -9 15 0 0.00 M M 10.6 18 250 M M 0 26 230
5 64 38 51 -8 14 0 0.00 M M 5.2 9 270 M M 0 13 250
6 69 40 55 -4 10 0 0.00 M M 4.2 13 150 M M 1 17 160
7 66 51 59 0 6 0 0.14 M M 6.3 13 150 M M 8 1 17 170
8 69 46 58 -1 7 0 0.00 M M 5.8 13 300 M M 2 17 300
9 76 44 60 0 5 0 0.00 M M 4.7 10 280 M M 0 13 270
10 82 47 65 5 0 0 0.00 M M 5.0 21 260 M M 0 8 26 260
11 74 49 62 2 3 0 0.00 M M 9.7 20 260 M M 2 28 260
12 66 46 56 -4 9 0 0.00 M M 11.8 18 250 M M 0 26 280
13 69 44 57 -3 8 0 0.00 M M 12.5 21 330 M M 0 34 320
14 70 41 56 -4 9 0 0.00 M M 8.1 16 270 M M 0 21 260
15 72 42 57 -4 8 0 0.00 M M 7.0 13 260 M M 0 16 260
16 70 44 57 -4 8 0 0.00 M M 8.9 17 260 M M 0 23 290
17 64 47 56 -5 9 0 0.00 M M 10.4 21 270 M M 0 26 270
18 64 42 53 -8 12 0 T M M 9.1 15 310 M M 2 20 340
19 66 38 52 -10 13 0 0.00 0.0 M 8.1 18 290 M M 0 26 280
20 73 41 57 -5 8 0 0.00 0.0 M 9.1 17 290 M M 0 25 300
21 83 49 66 4 0 1 0.00 M M 10.1 21 300 M M 0 28 300
22 83 54 69 7 0 4 0.00 M M 9.6 16 280 M M 0 22 300
23 80 51 66 4 0 1 0.00 M M 8.3 20 250 M M 0 22 250
24 81 48 65 2 0 0 0.00 M M 8.2 17 260 M M 0 21 270
25 85 49 67 4 0 2 0.00 M M 8.5 20 300 M M 0 26 300
26 87 47 67 4 0 2 0.00 0.0 M 3.9 12 310 M M 0 14 280
27 92 51 72 9 0 7 0.00 0.0 M 4.3 10 280 M M 0 12 320
28 92 54 73 9 0 8 0.00 M M 5.0 14 310 M M 0 17 300
29 88 55 72 8 0 7 0.00 M M 8.0 16 300 M M 0 20 300
30 73 50 62 -2 3 0 0.00 M M 15.6 28 250 M M 0 37 270
================================================================================
SM 2207 1369 185 32 0.14 0.0 252.4 M 22
================================================================================
AV 73.6 45.6 8.4 FASTST M M 1 MAX(MPH)
MISC ----> 30 310 39 310
================================================================================
NOTES:
# LAST OF SEVERAL OCCURRENCES
COLUMN 17 PEAK WIND IN M.P.H.
PRELIMINARY LOCAL CLIMATOLOGICAL DATA (WS FORM: F-6) , PAGE 2
STATION: STOCKTON AIRPORT CA
MONTH: APRIL
YEAR: 2023
LATITUDE: 37 54 N
LONGITUDE: 121 15 W
[TEMPERATURE DATA] [PRECIPITATION DATA] SYMBOLS USED IN COLUMN 16
AVERAGE MONTHLY: 59.6 TOTAL FOR MONTH: 0.14 1 = FOG OR MIST
DPTR FM NORMAL: -1.3 DPTR FM NORMAL: -0.97 2 = FOG REDUCING VISIBILITY
HIGHEST: 92 ON 28,27 GRTST 24HR 0.14 ON 7- 7 TO 1/4 MILE OR LESS
LOWEST: 38 ON 19, 5 3 = THUNDER
SNOW, ICE PELLETS, HAIL 4 = ICE PELLETS
TOTAL MONTH: 0.0 INCH 5 = HAIL
GRTST 24HR 0.0 6 = FREEZING RAIN OR DRIZZLE
GRTST DEPTH: M ON M 7 = DUSTSTORM OR SANDSTORM:
VSBY 1/2 MILE OR LESS
8 = SMOKE OR HAZE
[NO. OF DAYS WITH] [WEATHER - DAYS WITH] 9 = BLOWING SNOW
X = TORNADO
MAX 32 OR BELOW: 0 0.01 INCH OR MORE: 1
MAX 90 OR ABOVE: 2 0.10 INCH OR MORE: 1
MIN 32 OR BELOW: 0 0.50 INCH OR MORE: 0
MIN 0 OR BELOW: 0 1.00 INCH OR MORE: 0
[HDD (BASE 65) ]
TOTAL THIS MO. 185 CLEAR (SCALE 0-3) 28
DPTR FM NORMAL 39 PTCLDY (SCALE 4-7) 2
TOTAL FM JUL 1 2592 CLOUDY (SCALE 8-10) 0
DPTR FM NORMAL 377
[CDD (BASE 65) ]
TOTAL THIS MO. 32
DPTR FM NORMAL 8 [PRESSURE DATA]
TOTAL FM JAN 1 32 HIGHEST SLP 30.32 ON 20
DPTR FM NORMAL 7 LOWEST SLP 29.80 ON 13
[REMARKS]
#FINAL-04-23#