000
CXUS55 KPSR 221503
CF6SDL
PRELIMINARY LOCAL CLIMATOLOGICAL DATA (WS FORM: F-6)
STATION: SCOTTSDALE AZ
MONTH: MARCH
YEAR: 2021
LATITUDE: 33 37 N
LONGITUDE: 111 54 W
TEMPERATURE IN F: :PCPN: SNOW: WIND :SUNSHINE: SKY :PK WND
================================================================================
1 2 3 4 5 6A 6B 7 8 9 10 11 12 13 14 15 16 17 18
12Z AVG MX 2MIN
DY MAX MIN AVG DEP HDD CDD WTR SNW DPTH SPD SPD DIR MIN PSBL S-S WX SPD DR
================================================================================
1 70 38 54 -6 11 0 0.00 M M 4.6 15 40 M M 0 18 50
2 77 50 64 4 1 0 0.00 M M 5.4 17 110 M M 0 24 80
3 83 48 66 6 0 1 0.00 M M 7.9 31 210 M M 1 45 230
4 70 53 62 1 3 0 0.00 M M 3.9 13 280 M M 4 17 280
5 82 49 66 5 0 1 0.00 M M 3.2 10 220 M M 0 13 230
6 83 59 71 10 0 6 0.00 M M 6.5 16 90 M M 0 24 100
7 86 54 70 8 0 5 0.00 M M 3.0 13 180 M M 0 16 190
8 83 64 74 12 0 9 0.00 M M 4.7 14 260 M M 0 18 220
9 77 58 68 6 0 3 T M M 7.2 23 250 M M 1 35 250
10 66 47 57 -5 8 0 0.00 M M 4.0 16 240 M M 0 22 250
11 66 47 57 -5 8 0 T M M 5.4 18 260 M M 4 24 260
12 59 46 53 -10 12 0 0.27 M M 4.7 20 200 M M 9 1 26 210
13 59 44 52 -11 13 0 0.05 M M 6.4 18 10 M M 8 1 29 330
14 65 41 53 -10 12 0 0.00 M M 3.5 15 240 M M 0 21 240
15 71 49 60 -4 5 0 0.00 M M 3.5 14 160 M M 1 19 150
16 60 46 53 -11 12 0 T M M 6.7 22 240 M M 3 29 240
17 71 41 56 -8 9 0 0.00 M M 2.4 10 230 M M 0 13 220
18 80 49 65 1 0 0 0.00 M M 1.9 9 180 M M 0 12 190
19 83 49 66 2 0 1 0.00 M M 2.6 7 270 M M 0 M M
20 83 53 68 3 0 3 0.00 M M 5.1 16 230 M M 0 24 240
21 75 55 65 0 0 0 0.00 M M 3.9 16 240 M M 0 21 240
22 70 53 62 -3 3 0 0.00 M M 6.9 16 230 M M 0 25 330
23 62 52 57 -9 8 0 T M M 5.1 16 270 M M 6 24 260
24 70 47 59 -7 6 0 0.00 M M 3.1 16 240 M M 6 24 220
25 71 50 61 -5 4 0 0.00 M M 8.2 20 240 M M 2 27 170
26 63 51 57 -9 8 0 T M M 5.2 14 260 M M 5 20 270
27 79 46 63 -3 2 0 0.00 M M 4.3 12 50 M M 0 15 50
28 86 52 69 3 0 4 0.00 M M 3.1 10 120 M M 0 14 110
29 87 56 72 5 0 7 0.00 M M 3.8 9 250 M M 0 17 250
30 84 56 70 3 0 5 0.00 M M 3.4 14 230 M M 0 19 240
31 87 53 70 3 0 5 0.00 M M 4.3 16 50 M M 0 20 50
================================================================================
SM 2308 1556 125 50 0.32 M 143.9 M 50
================================================================================
AV 74.5 50.2 4.6 FASTST M M 2 MAX(MPH)
MISC ----> 31 210 45 230
================================================================================
NOTES:
# LAST OF SEVERAL OCCURRENCES
COLUMN 17 PEAK WIND IN M.P.H.
PRELIMINARY LOCAL CLIMATOLOGICAL DATA (WS FORM: F-6) , PAGE 2
STATION: SCOTTSDALE AZ
MONTH: MARCH
YEAR: 2021
LATITUDE: 33 37 N
LONGITUDE: 111 54 W
[TEMPERATURE DATA] [PRECIPITATION DATA] SYMBOLS USED IN COLUMN 16
AVERAGE MONTHLY: 62.3 TOTAL FOR MONTH: 0.32 1 = FOG OR MIST
DPTR FM NORMAL: -1.4 DPTR FM NORMAL: -0.78 2 = FOG REDUCING VISIBILITY
HIGHEST: 87 ON 31,29 GRTST 24HR 0.27 ON 12-12 TO 1/4 MILE OR LESS
LOWEST: 38 ON 1 3 = THUNDER
SNOW, ICE PELLETS, HAIL 4 = ICE PELLETS
TOTAL MONTH: M 5 = HAIL
GRTST 24HR M ON M 6 = FREEZING RAIN OR DRIZZLE
GRTST DEPTH: M ON M 7 = DUSTSTORM OR SANDSTORM:
VSBY 1/2 MILE OR LESS
8 = SMOKE OR HAZE
[NO. OF DAYS WITH] [WEATHER - DAYS WITH] 9 = BLOWING SNOW
X = TORNADO
MAX 32 OR BELOW: 0 0.01 INCH OR MORE: 2
MAX 90 OR ABOVE: 0 0.10 INCH OR MORE: 1
MIN 32 OR BELOW: 0 0.50 INCH OR MORE: 0
MIN 0 OR BELOW: 0 1.00 INCH OR MORE: 0
[HDD (BASE 65) ]
TOTAL THIS MO. 125 CLEAR (SCALE 0-3) 23
DPTR FM NORMAL 23 PTCLDY (SCALE 4-7) 7
TOTAL FM JUL 1 1075 CLOUDY (SCALE 8-10) 1
DPTR FM NORMAL -46
[CDD (BASE 65) ]
TOTAL THIS MO. 50
DPTR FM NORMAL -11 [PRESSURE DATA]
TOTAL FM JAN 1 61 HIGHEST SLP 30.31 ON 1
DPTR FM NORMAL -7 LOWEST SLP 29.64 ON 25
[REMARKS]
#FINAL-03-21#