000
CXUS56 KSGX 011045
CF6SDM
PRELIMINARY LOCAL CLIMATOLOGICAL DATA (WS FORM: F-6)
STATION: SAN DIEGO/BROWN
MONTH: MARCH
YEAR: 2021
LATITUDE: 32 34 N
LONGITUDE: 116 59 W
TEMPERATURE IN F: :PCPN: SNOW: WIND :SUNSHINE: SKY :PK WND
================================================================================
1 2 3 4 5 6A 6B 7 8 9 10 11 12 13 14 15 16 17 18
12Z AVG MX 2MIN
DY MAX MIN AVG DEP HDD CDD WTR SNW DPTH SPD SPD DIR MIN PSBL S-S WX SPD DR
================================================================================
1 75 45 60 4 5 0 0.00 M M 11.5 26 120 M M 0 31 120
2 75 39 57 1 8 0 0.00 M M 4.1 14 260 M M 0 17 290
3 61 39 50 -6 15 0 0.77 M M 8.9 23 210 M M 6 138 28 200
4 63 44 54 -2 11 0 0.00 M M 4.6 14 280 M M 2 18 20 260
5 70 43 57 1 8 0 0.00 M M 5.0 15 280 M M 1 128 20 240
6 66 49 58 2 7 0 0.00 M M 5.4 14 270 M M 5 128 19 290
7 62 47 55 -2 10 0 0.00 M M 5.4 15 210 M M 7 20 220
8 62 49 56 -1 9 0 T M M 5.2 15 270 M M 7 19 260
9 61 44 53 -4 12 0 T M M 5.3 16 270 M M 5 18 23 260
10 59 45 52 -5 13 0 0.62 M M 6.8 20 230 M M 6 1 23 260
11 57 44 51 -6 14 0 0.15 M M 6.1 14 270 M M 7 13 19 250
12 57 40 49 -8 16 0 0.02 M M 5.5 15 250 M M 5 20 260
13 59 44 52 -5 13 0 0.04 M M 6.9 17 250 M M 6 8 23 250
14 59 46 53 -4 12 0 0.00 M M 4.1 14 260 M M 8 18 18 240
15 55 48 52 -5 13 0 0.15 M M 8.3 18 270 M M 9 18 27 270
16 58 41 50 -7 15 0 0.06 M M 5.1 18 280 M M 4 29 270
17 63 37 50 -7 15 0 0.00 M M 4.0 14 280 M M 0 18 19 260
18 63 44 54 -3 11 0 0.00 M M 3.9 15 270 M M 2 1 20 290
19 70 41 56 -1 9 0 0.00 M M 4.5 17 270 M M 0 18 23 280
20 66 44 55 -2 10 0 0.00 M M 4.9 14 280 M M 4 18 19 300
21 63 41 52 -5 13 0 0.00 M M 6.2 15 260 M M 1 8 21 250
22 68 40 54 -3 11 0 0.00 M M 7.4 14 260 M M 1 21 290
23 61 47 54 -3 11 0 0.01 M M 6.4 15 270 M M 7 18 20 280
24 68 40 54 -3 11 0 0.00 M M 4.6 16 260 M M 1 8 22 270
25 62 46 54 -3 11 0 0.04 M M 8.8 18 240 M M 7 8 25 220
26 64 48 56 -1 9 0 0.14 M M 3.9 14 270 M M 5 18 18 290
27 76 42 59 2 6 0 0.00 M M 4.3 13 280 M M 0 17 270
28 87 47 67 10 0 2 0.00 M M 5.5 15 280 M M 0 20 270
29 78 48 63 6 2 0 0.00 M M 5.0 10 280 M M 1 8 17 270
30 69 50 60 3 5 0 0.00 M M 3.7 10 260 M M 3 18 15 320
31 90 47 69 12 0 4 0.00 M M 7.4 23 150 M M 0 18 28 150
================================================================================
SM 2047 1369 305 6 2.00 M 178.7 M 110
================================================================================
AV 66.0 44.2 5.8 FASTST M M 4 MAX(MPH)
MISC ----> 26 120 31 120
================================================================================
NOTES:
# LAST OF SEVERAL OCCURRENCES
COLUMN 17 PEAK WIND IN M.P.H.
PRELIMINARY LOCAL CLIMATOLOGICAL DATA (WS FORM: F-6) , PAGE 2
STATION: SAN DIEGO/BROWN
MONTH: MARCH
YEAR: 2021
LATITUDE: 32 34 N
LONGITUDE: 116 59 W
[TEMPERATURE DATA] [PRECIPITATION DATA] SYMBOLS USED IN COLUMN 16
AVERAGE MONTHLY: 55.1 TOTAL FOR MONTH: 2.00 1 = FOG OR MIST
DPTR FM NORMAL: -1.6 DPTR FM NORMAL: -0.45 2 = FOG REDUCING VISIBILITY
HIGHEST: 90 ON 31 GRTST 24HR 0.77 ON 3- 3 TO 1/4 MILE OR LESS
LOWEST: 37 ON 17 3 = THUNDER
SNOW, ICE PELLETS, HAIL 4 = ICE PELLETS
TOTAL MONTH: M 5 = HAIL
GRTST 24HR M ON M 6 = FREEZING RAIN OR DRIZZLE
GRTST DEPTH: M ON M 7 = DUSTSTORM OR SANDSTORM:
VSBY 1/2 MILE OR LESS
8 = SMOKE OR HAZE
[NO. OF DAYS WITH] [WEATHER - DAYS WITH] 9 = BLOWING SNOW
X = TORNADO
MAX 32 OR BELOW: 0 0.01 INCH OR MORE: 10
MAX 90 OR ABOVE: 1 0.10 INCH OR MORE: 5
MIN 32 OR BELOW: 0 0.50 INCH OR MORE: 2
MIN 0 OR BELOW: 0 1.00 INCH OR MORE: 0
[HDD (BASE 65) ]
TOTAL THIS MO. 305 CLEAR (SCALE 0-3) 14
DPTR FM NORMAL 43 PTCLDY (SCALE 4-7) 16
TOTAL FM JUL 1 1263 CLOUDY (SCALE 8-10) 1
DPTR FM NORMAL -171
[CDD (BASE 65) ]
TOTAL THIS MO. 6
DPTR FM NORMAL 1 [PRESSURE DATA]
TOTAL FM JAN 1 15 HIGHEST SLP 30.30 ON 13
DPTR FM NORMAL 4 LOWEST SLP 29.79 ON 3
[REMARKS]
#FINAL-03-21#