000
CXUS56 KOTX 011010
CF6SFF
PRELIMINARY LOCAL CLIMATOLOGICAL DATA (WS FORM: F-6)
STATION: SPOKANE WA FELTS AIRPORT
MONTH: NOVEMBER
YEAR: 2021
LATITUDE: 47 40 N
LONGITUDE: 117 20 W
TEMPERATURE IN F: :PCPN: SNOW: WIND :SUNSHINE: SKY :PK WND
================================================================================
1 2 3 4 5 6A 6B 7 8 9 10 11 12 13 14 15 16 17 18
12Z AVG MX 2MIN
DY MAX MIN AVG DEP HDD CDD WTR SNW DPTH SPD SPD DIR MIN PSBL S-S WX SPD DR
================================================================================
1 55 28 42 -1 23 0 0.00 M M 2.0 13 120 M M 1 15 120
2 51 42 47 5 18 0 0.00 M M 1.5 9 220 M M 9 12 210
3 57 43 50 8 15 0 T M M 0.7 8 80 M M 8 1 11 100
4 57 44 51 9 14 0 0.32 M M 7.6 22 230 M M 8 1 28 220
5 51 40 46 5 19 0 0.01 M M 4.7 17 220 M M 7 23 220
6 48 36 42 1 23 0 0.01 M M 6.2 18 220 M M 6 24 220
7 48 35 42 2 23 0 0.00 M M 8.6 20 210 M M 5 25 210
8 51 35 43 3 22 0 0.00 M M 3.9 14 140 M M 4 19 150
9 51 36 44 4 21 0 0.14 M M 7.9 24 230 M M 5 1 31 220
10 47 30 39 -1 26 0 0.00 M M 3.1 12 180 M M 3 15 220
11 43 34 39 0 26 0 0.29 M M 2.5 9 100 M M 9 1 12 100
12 49 40 45 6 20 0 0.46 M M 1.1 12 230 M M 9 1 16 230
13 46 33 40 1 25 0 0.11 M M 1.6 12 100 M M 8 12 15 100
14 60 42 51 13 14 0 0.05 M M 17.8 33 230 M M 4 1 48 230
15 62 39 51 13 14 0 0.06 M M 16.5 44 220 M M 2 3 58 230
16 45 25 35 -3 30 0 T M M 6.9 28 250 M M 3 8 43 250
17 40 21 31 -6 34 0 0.00 M M 1.6 8 100 M M 0 10 90
18 38 30 34 -3 31 0 0.30 M M 1.1 8 70 M M 8 18 11 100
19 38 31 35 -2 30 0 0.25 M M 0.4 7 260 M M 10 1 9 330
20 38 30 34 -2 31 0 0.00 M M 1.9 13 210 M M 9 12 15 210
21 43 30 37 1 28 0 0.00 M M 1.0 6 40 M M 5 12 7 50
22 39 27 33 -3 32 0 0.00 M M 2.1 9 100 M M 7 12 12 80
23 36 33 35 -1 30 0 0.40 M M 3.0 10 230 M M 10 1 14 340
24 42 31 37 2 28 0 0.00 M M 2.2 9 170 M M 9 1 12 210
25 48 32 40 5 25 0 0.01 M M 2.9 10 100 M M 10 1 14 100
26 52 42 47 12 18 0 0.02 M M 2.7 10 210 M M 8 14 220
27 52 37 45 11 20 0 0.21 M M 2.6 12 110 M M 9 12 16 60
28 59 48 54 20 11 0 0.00 M M 11.3 23 220 M M 3 29 210
29 56 46 51 17 14 0 0.00 0.0 0 3.6 14 200 M M 4 17 210
30 53 46 50 16 15 0 T M M 7.8 21 210 M M 8 28 220
================================================================================
SM 1455 1066 680 0 2.64 0.0 136.8 M 191
================================================================================
AV 48.5 35.5 4.6 FASTST M M 6 MAX(MPH)
MISC ----> 44 220 58 230
================================================================================
NOTES:
# LAST OF SEVERAL OCCURRENCES
COLUMN 17 PEAK WIND IN M.P.H.
PRELIMINARY LOCAL CLIMATOLOGICAL DATA (WS FORM: F-6) , PAGE 2
STATION: SPOKANE WA FELTS AIRPORT
MONTH: NOVEMBER
YEAR: 2021
LATITUDE: 47 40 N
LONGITUDE: 117 20 W
[TEMPERATURE DATA] [PRECIPITATION DATA] SYMBOLS USED IN COLUMN 16
AVERAGE MONTHLY: 42.0 TOTAL FOR MONTH: 2.64 1 = FOG OR MIST
DPTR FM NORMAL: 4.1 DPTR FM NORMAL: 0.63 2 = FOG REDUCING VISIBILITY
HIGHEST: 62 ON 15 GRTST 24HR 0.73 ON 11-12 TO 1/4 MILE OR LESS
LOWEST: 21 ON 17 3 = THUNDER
SNOW, ICE PELLETS, HAIL 4 = ICE PELLETS
TOTAL MONTH: 0.0 INCH 5 = HAIL
GRTST 24HR 0.0 6 = FREEZING RAIN OR DRIZZLE
GRTST DEPTH: 0 7 = DUSTSTORM OR SANDSTORM:
VSBY 1/2 MILE OR LESS
8 = SMOKE OR HAZE
[NO. OF DAYS WITH] [WEATHER - DAYS WITH] 9 = BLOWING SNOW
X = TORNADO
MAX 32 OR BELOW: 0 0.01 INCH OR MORE: 15
MAX 90 OR ABOVE: 0 0.10 INCH OR MORE: 9
MIN 32 OR BELOW: 11 0.50 INCH OR MORE: 0
MIN 0 OR BELOW: 0 1.00 INCH OR MORE: 0
[HDD (BASE 65) ]
TOTAL THIS MO. 680 CLEAR (SCALE 0-3) 6
DPTR FM NORMAL -133 PTCLDY (SCALE 4-7) 12
TOTAL FM JUL 1 1261 CLOUDY (SCALE 8-10) 12
DPTR FM NORMAL -222
[CDD (BASE 65) ]
TOTAL THIS MO. 0
DPTR FM NORMAL 0 [PRESSURE DATA]
TOTAL FM JAN 1 931 HIGHEST SLP M ON M
DPTR FM NORMAL 424 LOWEST SLP 29.45 ON 15
[REMARKS]
#FINAL-11-21#