000
CXUS56 KMTR 010900
CF6SFO
PRELIMINARY LOCAL CLIMATOLOGICAL DATA (WS FORM: F-6)
STATION: SAN FRANCISCO AIRPORT
MONTH: AUGUST
YEAR: 2022
LATITUDE: 37 37 N
LONGITUDE: 122 23 W
TEMPERATURE IN F: :PCPN: SNOW: WIND :SUNSHINE: SKY :PK WND
================================================================================
1 2 3 4 5 6A 6B 7 8 9 10 11 12 13 14 15 16 17 18
12Z AVG MX 2MIN
DY MAX MIN AVG DEP HDD CDD WTR SNW DPTH SPD SPD DIR MIN PSBL S-S WX SPD DR
================================================================================
1 74 59 67 3 0 2 0.01 M M 11.8 21 300 M M 7 18 27 300
2 73 60 67 3 0 2 0.00 M M 13.2 26 290 M M 5 8 32 290
3 71 59 65 1 0 0 0.00 M M 14.2 24 300 M M 4 8 36 300
4 83 60 72 8 0 7 0.00 M M 11.1 23 290 M M 3 8 34 290
5 77 62 70 6 0 5 0.00 M M 9.5 23 260 M M 6 8 30 230
6 74 62 68 3 0 3 0.00 M M 10.6 24 280 M M 4 8 31 270
7 72 62 67 2 0 2 0.00 M M 12.9 25 280 M M 3 8 35 290
8 74 62 68 3 0 3 0.00 M M 14.7 24 280 M M 5 8 32 280
9 75 63 69 4 0 4 0.00 M M 13.5 26 280 M M 5 8 36 280
10 77 63 70 5 0 5 0.00 M M 13.2 26 280 M M 4 8 35 290
11 74 62 68 3 0 3 0.00 M M 17.8 30 280 M M 5 8 40 280
12 72 60 66 1 0 1 0.00 M M 16.5 30 280 M M 3 8 38 290
13 74 59 67 2 0 2 0.00 M M 13.2 25 270 M M 2 18 32 290
14 77 57 67 2 0 2 0.00 M M 11.6 30 290 M M 2 8 38 290
15 76 57 67 2 0 2 0.00 M M 11.1 22 310 M M 1 8 27 310
16 83 57 70 5 0 5 0.00 M M 10.3 22 300 M M 1 8 26 300
17 75 58 67 2 0 2 T M M 12.3 24 300 M M 5 18 29 300
18 71 55 63 -2 2 0 0.00 M M 14.0 33 290 M M 3 18 44 290
19 70 58 64 -1 1 0 0.00 M M 14.3 23 300 M M 3 18 30 300
20 77 58 68 3 0 3 0.00 M M 10.8 24 300 M M 2 8 30 300
21 78 57 68 3 0 3 0.00 M M 8.8 18 290 M M 2 8 22 320
22 77 57 67 2 0 2 0.00 M M 15.1 38 280 M M 4 18 48 280
23 76 59 68 3 0 3 0.00 M M 12.7 29 290 M M 4 18 36 290
24 74 57 66 1 0 1 0.00 M M 11.3 23 310 M M 2 18 30 310
25 76 59 68 3 0 3 0.00 M M 9.4 28 300 M M 6 8 34 300
26 75 56 66 1 0 1 0.00 M M 10.4 23 310 M M 5 28 310
27 74 56 65 0 0 0 0.00 M M 9.7 25 290 M M 3 8 31 300
28 75 57 66 1 0 1 0.00 M M 5.5 15 220 M M 2 8 22 230
29 73 59 66 1 0 1 0.00 M M 9.7 22 310 M M 3 8 32 340
30 73 59 66 1 0 1 0.00 M M 9.5 23 290 M M 1 8 30 300
31 71 57 64 -1 1 0 0.00 M M 13.6 28 290 M M 2 8 34 280
================================================================================
SM 2321 1826 4 69 0.01 M 372.3 M 107
================================================================================
AV 74.9 58.9 12.0 FASTST M M 3 MAX(MPH)
MISC ----> 38 280 48 280
================================================================================
NOTES:
# LAST OF SEVERAL OCCURRENCES
COLUMN 17 PEAK WIND IN M.P.H.
PRELIMINARY LOCAL CLIMATOLOGICAL DATA (WS FORM: F-6) , PAGE 2
STATION: SAN FRANCISCO AIRPORT
MONTH: AUGUST
YEAR: 2022
LATITUDE: 37 37 N
LONGITUDE: 122 23 W
[TEMPERATURE DATA] [PRECIPITATION DATA] SYMBOLS USED IN COLUMN 16
AVERAGE MONTHLY: 66.9 TOTAL FOR MONTH: 0.01 1 = FOG OR MIST
DPTR FM NORMAL: 2.0 DPTR FM NORMAL: -0.03 2 = FOG REDUCING VISIBILITY
HIGHEST: 83 ON 16, 4 GRTST 24HR 0.01 ON 1- 1 TO 1/4 MILE OR LESS
LOWEST: 55 ON 18 3 = THUNDER
SNOW, ICE PELLETS, HAIL 4 = ICE PELLETS
TOTAL MONTH: M 5 = HAIL
GRTST 24HR M ON M 6 = FREEZING RAIN OR DRIZZLE
GRTST DEPTH: M ON M 7 = DUSTSTORM OR SANDSTORM:
VSBY 1/2 MILE OR LESS
8 = SMOKE OR HAZE
[NO. OF DAYS WITH] [WEATHER - DAYS WITH] 9 = BLOWING SNOW
X = TORNADO
MAX 32 OR BELOW: 0 0.01 INCH OR MORE: 1
MAX 90 OR ABOVE: 0 0.10 INCH OR MORE: 0
MIN 32 OR BELOW: 0 0.50 INCH OR MORE: 0
MIN 0 OR BELOW: 0 1.00 INCH OR MORE: 0
[HDD (BASE 65) ]
TOTAL THIS MO. 4 CLEAR (SCALE 0-3) 15
DPTR FM NORMAL -40 PTCLDY (SCALE 4-7) 16
TOTAL FM JUL 1 61 CLOUDY (SCALE 8-10) 0
DPTR FM NORMAL -40
[CDD (BASE 65) ]
TOTAL THIS MO. 69
DPTR FM NORMAL 28 [PRESSURE DATA]
TOTAL FM JAN 1 153 HIGHEST SLP M ON M
DPTR FM NORMAL 43 LOWEST SLP 29.72 ON 16
[REMARKS]
#FINAL-08-22#