000
CXUS54 KSHV 011300
CF6SHV
PRELIMINARY LOCAL CLIMATOLOGICAL DATA (WS FORM: F-6)
STATION: SHREVEPORT
MONTH: MAY
YEAR: 2022
LATITUDE: 32 28 N
LONGITUDE: 93 49 W
TEMPERATURE IN F: :PCPN: SNOW: WIND :SUNSHINE: SKY :PK WND
================================================================================
1 2 3 4 5 6A 6B 7 8 9 10 11 12 13 14 15 16 17 18
12Z AVG MX 2MIN
DY MAX MIN AVG DEP HDD CDD WTR SNW DPTH SPD SPD DIR MIN PSBL S-S WX SPD DR
================================================================================
1 88 64 76 6 0 11 0.00 0.0 0 5.2 18 170 M M 7 25 170
2 86 70 78 8 0 13 0.00 0.0 0 12.3 23 180 M M 6 30 190
3 85 64 75 5 0 10 0.87 0.0 0 7.7 31 360 M M 7 13 40 10
4 89 69 79 8 0 14 T 0.0 0 7.7 16 160 M M 7 1 22 150
5 83 66 75 4 0 10 1.70 0.0 0 10.7 33 310 M M 9 123 39 310
6 83 59 71 0 0 6 0.00 0.0 0 6.4 18 290 M M 2 25 290
7 87 61 74 3 0 9 0.00 0.0 0 6.0 13 130 M M 2 16 130
8 91 71 81 9 0 16 0.00 0.0 0 10.6 18 170 M M 5 8 26 190
9 92 75 84 12 0 19 0.00 0.0 0 10.6 21 190 M M 5 28 150
10 91 72 82 10 0 17 0.00 0.0 0 8.3 17 160 M M 3 21 160
11 91 70 81 8 0 16 0.00 0.0 0 4.8 14 140 M M 3 1 29 140
12 92 69 81 8 0 16 0.00 0.0 0 5.1 12 170 M M 0 1 15 180
13 91 67 79 6 0 14 0.00 0.0 0 6.3 26 150 M M 3 35 150
14 89 70 80 6 0 15 T 0.0 0 4.7 14 220 M M 5 3 19 220
15 91 70 81 7 0 16 0.00 0.0 0 5.2 13 240 M M 7 17 190
16 90 72 81 7 0 16 0.00 0.0 0 5.8 15 240 M M 5 19 250
17 92 70 81 7 0 16 0.00 0.0 0 6.7 18 160 M M 7 22 160
18 93 72 83 8 0 18 0.00 0.0 0 9.9 18 180 M M 5 8 24 190
19 94 73 84 9 0 19 0.00 0.0 0 12.1 23 180 M M 3 29 190
20 94 74 84 9 0 19 0.00 0.0 0 13.9 23 180 M M 4 30 170
21 93 72 83 7 0 18 0.14 0.0 0 11.0 33 220 M M 7 13 46 180
22 79 65 72 -4 0 7 0.75 0.0 0 10.9 21 130 M M 10 13 28 130
23 73 63 68 -8 0 3 T 0.0 0 7.5 13 100 M M 10 18 17 100
24 83 69 76 0 0 11 T 0.0 0 9.2 23 190 M M 9 3 34 170
25 81 62 72 -5 0 7 0.32 0.0 0 10.3 29 270 M M 7 13 37 290
26 88 60 74 -3 0 9 0.00 0.0 0 11.7 32 270 M M 1 42 280
27 86 55 71 -6 0 6 0.00 0.0 0 5.2 18 310 M M 0 25 300
28 89 58 74 -3 0 9 0.00 0.0 0 5.3 13 140 M M 0 18 180
29 91 66 79 1 0 14 0.00 0.0 0 9.9 20 150 M M 2 8 25 150
30 92 72 82 4 0 17 0.00 0.0 0 12.1 22 160 M M 3 28 170
31 94 76 85 7 0 20 0.00 0.0 0 9.1 17 180 M M 3 20 160
================================================================================
SM 2741 2096 0 411 3.78 0.0 262.2 M 147
================================================================================
AV 88.4 67.6 8.5 FASTST M M 5 MAX(MPH)
MISC ----> # 33 310 46 180
================================================================================
NOTES:
# LAST OF SEVERAL OCCURRENCES
COLUMN 17 PEAK WIND IN M.P.H.
PRELIMINARY LOCAL CLIMATOLOGICAL DATA (WS FORM: F-6) , PAGE 2
STATION: SHREVEPORT
MONTH: MAY
YEAR: 2022
LATITUDE: 32 28 N
LONGITUDE: 93 49 W
[TEMPERATURE DATA] [PRECIPITATION DATA] SYMBOLS USED IN COLUMN 16
AVERAGE MONTHLY: 78.0 TOTAL FOR MONTH: 3.78 1 = FOG OR MIST
DPTR FM NORMAL: 4.0 DPTR FM NORMAL: -0.68 2 = FOG REDUCING VISIBILITY
HIGHEST: 94 ON 31,20 GRTST 24HR 1.70 ON 5- 5 TO 1/4 MILE OR LESS
LOWEST: 55 ON 27 3 = THUNDER
SNOW, ICE PELLETS, HAIL 4 = ICE PELLETS
TOTAL MONTH: 0.0 INCH 5 = HAIL
GRTST 24HR 0.0 6 = FREEZING RAIN OR DRIZZLE
GRTST DEPTH: 0 7 = DUSTSTORM OR SANDSTORM:
VSBY 1/2 MILE OR LESS
8 = SMOKE OR HAZE
[NO. OF DAYS WITH] [WEATHER - DAYS WITH] 9 = BLOWING SNOW
X = TORNADO
MAX 32 OR BELOW: 0 0.01 INCH OR MORE: 5
MAX 90 OR ABOVE: 16 0.10 INCH OR MORE: 5
MIN 32 OR BELOW: 0 0.50 INCH OR MORE: 3
MIN 0 OR BELOW: 0 1.00 INCH OR MORE: 1
[HDD (BASE 65) ]
TOTAL THIS MO. 0 CLEAR (SCALE 0-3) 12
DPTR FM NORMAL -8 PTCLDY (SCALE 4-7) 15
TOTAL FM JUL 1 1692 CLOUDY (SCALE 8-10) 4
DPTR FM NORMAL -372
[CDD (BASE 65) ]
TOTAL THIS MO. 411
DPTR FM NORMAL 123 [PRESSURE DATA]
TOTAL FM JAN 1 606 HIGHEST SLP 30.16 ON 11
DPTR FM NORMAL 158 LOWEST SLP 29.58 ON 25
[REMARKS]
#FINAL-05-22#