000
CXUS56 KFGZ 010910
CF6SJN
PRELIMINARY LOCAL CLIMATOLOGICAL DATA (WS FORM: F-6)
STATION: SAINT JOHNS AZ AIRPORT
MONTH: APRIL
YEAR: 2021
LATITUDE: 34 31 N
LONGITUDE: 109 23 W
TEMPERATURE IN F: :PCPN: SNOW: WIND :SUNSHINE: SKY :PK WND
================================================================================
1 2 3 4 5 6A 6B 7 8 9 10 11 12 13 14 15 16 17 18
12Z AVG MX 2MIN
DY MAX MIN AVG DEP HDD CDD WTR SNW DPTH SPD SPD DIR MIN PSBL S-S WX SPD DR
================================================================================
1 79 22 51 2 14 0 0.00 M M 4.5 14 310 M M 0 17 310
2 71 32 52 3 13 0 T M M 5.7 23 160 M M 3 33 160
3 80 34 57 8 8 0 0.00 M M 4.7 15 350 M M 0 20 140
4 83 44 64 14 1 0 0.00 M M 7.1 20 300 M M 0 27 310
5 80 40 60 10 5 0 0.00 M M 9.8 29 240 M M 0 37 240
6 73 42 58 8 7 0 0.00 M M 15.0 31 290 M M 0 39 300
7 71 29 50 -1 15 0 0.00 M M 6.3 18 230 M M 0 25 320
8 78 45 62 11 3 0 0.00 M M 16.1 35 280 M M 1 43 280
9 72 38 55 4 10 0 0.00 M M 8.2 20 300 M M 0 8 25 310
10 76 29 53 1 12 0 0.00 M M 9.4 29 320 M M 0 36 300
11 75 36 56 4 9 0 0.00 M M 9.0 22 270 M M 0 8 30 270
12 77 44 61 9 4 0 0.00 M M 9.0 24 240 M M 1 8 29 240
13 75 46 61 8 4 0 0.00 M M 11.2 31 230 M M 0 38 230
14 76 42 59 6 6 0 0.00 M M 13.5 31 230 M M 0 43 230
15 67 44 56 3 9 0 0.00 M M 18.4 38 260 M M 0 51 270
16 63 33 48 -6 17 0 0.00 M M 8.2 21 320 M M 2 26 310
17 63 28 46 -8 19 0 0.02 M M 6.9 28 310 M M 4 35 310
18 55 35 45 -9 20 0 0.00 M M 10.2 24 90 M M 4 8 30 80
19 69 25 47 -8 18 0 0.00 M M 6.6 20 230 M M 0 26 290
20 76 34 55 0 10 0 0.00 M M 11.8 29 240 M M 0 41 270
21 74 33 54 -1 11 0 0.00 M M 13.3 35 240 M M 0 44 230
22 68 36 52 -3 13 0 0.00 M M 11.5 28 250 M M 0 34 250
23 68 36 52 -4 13 0 0.00 M M 12.6 31 300 M M 3 43 290
24 77 41 59 3 6 0 0.00 M M 11.4 26 260 M M 0 36 250
25 79 34 57 1 8 0 0.00 M M 12.4 32 240 M M 0 40 240
26 70 46 58 1 7 0 0.00 M M 16.4 35 230 M M 0 48 240
27 62 37 50 -7 15 0 T M M 13.2 36 270 M M 4 38 46 270
28 55 35 45 -12 20 0 0.11 M M 5.1 23 90 M M 7 13 28 90
29 74 36 55 -3 10 0 0.01 M M 5.2 20 80 M M 1 12 26 50
30 81 36 59 1 6 0 0.00 M M 5.8 20 70 M M 0 25 90
================================================================================
SM 2167 1092 313 0 0.14 M 298.5 M 30
================================================================================
AV 72.2 36.4 9.9 FASTST M M 1 MAX(MPH)
MISC ----> 38 260 51 270
================================================================================
NOTES:
# LAST OF SEVERAL OCCURRENCES
COLUMN 17 PEAK WIND IN M.P.H.
PRELIMINARY LOCAL CLIMATOLOGICAL DATA (WS FORM: F-6) , PAGE 2
STATION: SAINT JOHNS AZ AIRPORT
MONTH: APRIL
YEAR: 2021
LATITUDE: 34 31 N
LONGITUDE: 109 23 W
[TEMPERATURE DATA] [PRECIPITATION DATA] SYMBOLS USED IN COLUMN 16
AVERAGE MONTHLY: 54.3 TOTAL FOR MONTH: 0.14 1 = FOG OR MIST
DPTR FM NORMAL: 0.9 DPTR FM NORMAL: -0.37 2 = FOG REDUCING VISIBILITY
HIGHEST: 83 ON 4 GRTST 24HR 0.12 ON 28-29 TO 1/4 MILE OR LESS
LOWEST: 22 ON 1 3 = THUNDER
SNOW, ICE PELLETS, HAIL 4 = ICE PELLETS
TOTAL MONTH: M 5 = HAIL
GRTST 24HR M ON M 6 = FREEZING RAIN OR DRIZZLE
GRTST DEPTH: M ON M 7 = DUSTSTORM OR SANDSTORM:
VSBY 1/2 MILE OR LESS
8 = SMOKE OR HAZE
[NO. OF DAYS WITH] [WEATHER - DAYS WITH] 9 = BLOWING SNOW
X = TORNADO
MAX 32 OR BELOW: 0 0.01 INCH OR MORE: 3
MAX 90 OR ABOVE: 0 0.10 INCH OR MORE: 1
MIN 32 OR BELOW: 6 0.50 INCH OR MORE: 0
MIN 0 OR BELOW: 0 1.00 INCH OR MORE: 0
[HDD (BASE 65) ]
TOTAL THIS MO. 313 CLEAR (SCALE 0-3) 26
DPTR FM NORMAL -38 PTCLDY (SCALE 4-7) 4
TOTAL FM JUL 1 4536 CLOUDY (SCALE 8-10) 0
DPTR FM NORMAL -31
[CDD (BASE 65) ]
TOTAL THIS MO. 0
DPTR FM NORMAL 0 [PRESSURE DATA]
TOTAL FM JAN 1 0 HIGHEST SLP M ON M
DPTR FM NORMAL 0 LOWEST SLP 29.53 ON 26
[REMARKS]
#FINAL-04-21#