000
CXUS56 KPQR 271201
CF6SLE
PRELIMINARY LOCAL CLIMATOLOGICAL DATA (WS FORM: F-6)
STATION: SALEM OR
MONTH: MARCH
YEAR: 2024
LATITUDE: 44 55 N
LONGITUDE: 123 0 W
TEMPERATURE IN F: :PCPN: SNOW: WIND :SUNSHINE: SKY :PK WND
================================================================================
1 2 3 4 5 6A 6B 7 8 9 10 11 12 13 14 15 16 17 18
12Z AVG MX 2MIN
DY MAX MIN AVG DEP HDD CDD WTR SNW DPTH SPD SPD DIR MIN PSBL S-S WX SPD DR
================================================================================
1 45 33 39 -7 26 0 0.72 M M 13.0 22 190 M M 9 1 28 200
2 41 33 37 -9 28 0 0.45 M M 9.6 21 190 M M 9 1 26 180
3 41 34 38 -8 27 0 0.15 M M 11.1 22 180 M M 9 18 29 220
4 40 34 37 -9 28 0 0.18 M M 7.7 20 180 M M 9 1 25 190
5 47 30 39 -7 26 0 0.00 M M 4.9 14 360 M M 7 19 340
6 48 25 37 -9 28 0 0.00 M M 3.5 16 20 M M 4 1 20 20
7 52 28 40 -6 25 0 T M M 1.7 7 60 M M 1 10 50
8 60 28 44 -3 21 0 0.00 M M 1.2 8 130 M M 0 9 130
9 53 38 46 -1 19 0 0.03 M M 15.9 38 190 M M 8 51 180
10 53 41 47 0 18 0 0.77 M M 16.0 31 190 M M 10 18 41 190
11 48 44 46 -1 19 0 0.38 M M 12.3 24 180 M M 10 1 33 180
12 53 37 45 -2 20 0 0.19 M M 9.2 23 270 M M 7 1 27 280
13 53 36 45 -2 20 0 T M M 1.8 7 350 M M 6 8 140
14 63 32 48 1 17 0 0.00 M M 5.7 20 20 M M 0 1 23 20
15 71 37 54 6 11 0 0.00 M M 8.4 21 10 M M 0 25 10
16 76 38 57 9 8 0 0.00 M M 1.5 9 30 M M 0 10 40
17 70 37 54 6 11 0 0.00 M M 2.2 12 350 M M 0 14 350
18 76 39 58 10 7 0 0.00 M M 1.5 8 360 M M 0 1 10 340
19 65 43 54 6 11 0 0.00 M M 4.4 14 220 M M 1 17 220
20 57 47 52 4 13 0 T M M 7.5 16 190 M M 10 21 220
21 63 49 56 8 9 0 T M M 6.9 15 180 M M 7 1 22 210
22 57 43 50 2 15 0 0.07 M M 2.9 12 130 M M 8 1 14 140
23 53 39 46 -2 19 0 0.03 M M 5.6 21 180 M M 6 12 30 200
24 54 39 47 -1 18 0 0.10 M M 4.6 13 190 M M 9 128 15 190
25 52 44 48 -1 17 0 0.10 M M 7.8 17 180 M M 9 1 22 170
26 55 43 49 0 16 0 0.02 M M 6.4 16 210 M M 8 22 200
================================================================================
SM 1446 971 477 0 3.19 M 173.3 M 147
================================================================================
AV 55.6 37.3 6.7 FASTST M M 6 MAX(MPH)
MISC ----> 38 190 51 180
================================================================================
NOTES:
# LAST OF SEVERAL OCCURRENCES
COLUMN 17 PEAK WIND IN M.P.H.
PRELIMINARY LOCAL CLIMATOLOGICAL DATA (WS FORM: F-6) , PAGE 2
STATION: SALEM OR
MONTH: MARCH
YEAR: 2024
LATITUDE: 44 55 N
LONGITUDE: 123 0 W
[TEMPERATURE DATA] [PRECIPITATION DATA] SYMBOLS USED IN COLUMN 16
AVERAGE MONTHLY: 46.5 TOTAL FOR MONTH: 3.19 1 = FOG OR MIST
DPTR FM NORMAL: -0.8 DPTR FM NORMAL: -0.52 2 = FOG REDUCING VISIBILITY
HIGHEST: 76 ON 18,16 GRTST 24HR 1.42 ON 29- 1 TO 1/4 MILE OR LESS
LOWEST: 25 ON 6 3 = THUNDER
SNOW, ICE PELLETS, HAIL 4 = ICE PELLETS
TOTAL MONTH: M 5 = HAIL
GRTST 24HR M ON M 6 = FREEZING RAIN OR DRIZZLE
GRTST DEPTH: M ON M 7 = DUSTSTORM OR SANDSTORM:
VSBY 1/2 MILE OR LESS
8 = SMOKE OR HAZE
[NO. OF DAYS WITH] [WEATHER - DAYS WITH] 9 = BLOWING SNOW
X = TORNADO
MAX 32 OR BELOW: 0 0.01 INCH OR MORE: 13
MAX 90 OR ABOVE: 0 0.10 INCH OR MORE: 9
MIN 32 OR BELOW: 5 0.50 INCH OR MORE: 2
MIN 0 OR BELOW: 0 1.00 INCH OR MORE: 0
[HDD (BASE 65) ]
TOTAL THIS MO. 477 CLEAR (SCALE 0-3) 8
DPTR FM NORMAL 18 PTCLDY (SCALE 4-7) 9
TOTAL FM JUL 1 3337 CLOUDY (SCALE 8-10) 9
DPTR FM NORMAL -162
[CDD (BASE 65) ]
TOTAL THIS MO. 0
DPTR FM NORMAL 0 [PRESSURE DATA]
TOTAL FM JAN 1 0 HIGHEST SLP M ON M
DPTR FM NORMAL 0 LOWEST SLP 29.30 ON 1
[REMARKS]