000
CXUS51 KBTV 010700
CF6SLK
PRELIMINARY LOCAL CLIMATOLOGICAL DATA (WS FORM: F-6)
STATION: SARANAC LAKE NY
MONTH: SEPTEMBER
YEAR: 2022
LATITUDE: 44 23 N
LONGITUDE: 74 12 W
TEMPERATURE IN F: :PCPN: SNOW: WIND :SUNSHINE: SKY :PK WND
================================================================================
1 2 3 4 5 6A 6B 7 8 9 10 11 12 13 14 15 16 17 18
12Z AVG MX 2MIN
DY MAX MIN AVG DEP HDD CDD WTR SNW DPTH SPD SPD DIR MIN PSBL S-S WX SPD DR
================================================================================
1 58 38 48 -11 17 0 0.01 M M 4.3 12 240 M M 5 1 18 280
2 77 34 56 -3 9 0 0.00 M M 2.6 13 220 M M 2 12 16 230
3 81 43 62 4 3 0 0.00 M M 3.5 17 210 M M 2 12 22 200
4 64 54 59 1 6 0 0.01 M M 5.2 15 60 M M 9 12 22 270
5 64 55 60 2 5 0 0.01 M M 6.1 12 60 M M 10 1 15 40
6 68 57 63 5 2 0 0.00 M M 8.5 16 40 M M 10 23 50
7 76 48 62 5 3 0 0.00 M M 2.1 10 40 M M 7 12 13 50
8 78 45 62 5 3 0 0.00 M M 1.2 9 70 M M 6 12 13 40
9 77 43 60 3 5 0 0.00 M M 2.1 6 230 M M 3 12 M M
10 75 45 60 4 5 0 0.00 M M M M M M M M 12 M M
11 79 48 64 8 1 0 0.00 M M M M M M M M 12 M M
12 75 57 66 10 0 1 0.00 M M 1.2 8 230 M M 8 1 11 140
13 68 57 63 7 2 0 0.56 M M 3.4 10 240 M M 10 13 16 230
14 69 48 59 4 6 0 0.03 M M 7.4 13 350 M M 8 1 21 260
15 59 35 47 -8 18 0 0.00 M M 2.5 13 310 M M 4 19 320
16 62 33 48 -6 17 0 0.00 M M 2.2 10 30 M M 5 1 17 20
17 69 33 51 -3 14 0 0.00 M M 2.7 10 230 M M 1 1 14 240
18 66 51 59 5 6 0 0.40 M M 6.2 13 230 M M 8 1 20 230
19 67 53 60 7 5 0 0.81 M M 4.3 16 210 M M 10 13 21 210
20 60 53 57 4 8 0 0.11 M M 2.2 8 320 M M 10 1 13 310
21 72 51 62 9 3 0 0.00 M M 6.0 15 210 M M 6 1 19 210
22 66 41 54 2 11 0 0.54 M M 6.4 14 310 M M 9 138 22 340
23 47 29 38 -14 27 0 0.03 M M 4.9 14 260 M M 7 1 22 280
24 60 27 44 -8 21 0 0.00 M M 3.2 12 290 M M 1 1 18 290
25 57 40 49 -2 16 0 0.26 M M 2.1 9 170 M M 9 1 13 100
26 61 46 54 3 11 0 0.20 M M 6.4 17 230 M M 9 1 22 220
27 58 49 54 4 11 0 0.34 M M 9.3 17 210 M M 10 18 23 210
28 52 46 49 -1 16 0 0.39 M M 3.1 9 340 M M 10 1 15 320
29 52 30 41 -9 24 0 0.01 M M 1.6 8 20 M M 6 1 13 350
30 61 27 44 -5 21 0 0.00 M M 0.5 7 180 M M 3 12 11 200
================================================================================
SM 1978 1316 296 1 3.71 M 111.2 M 188
================================================================================
AV 65.9 43.9 4.0 FASTST M M 7 MAX(MPH)
MISC ----> # 17 210 # 23 50
================================================================================
NOTES:
# LAST OF SEVERAL OCCURRENCES
COLUMN 17 PEAK WIND IN M.P.H.
PRELIMINARY LOCAL CLIMATOLOGICAL DATA (WS FORM: F-6) , PAGE 2
STATION: SARANAC LAKE NY
MONTH: SEPTEMBER
YEAR: 2022
LATITUDE: 44 23 N
LONGITUDE: 74 12 W
[TEMPERATURE DATA] [PRECIPITATION DATA] SYMBOLS USED IN COLUMN 16
AVERAGE MONTHLY: 54.9 TOTAL FOR MONTH: 3.71 1 = FOG OR MIST
DPTR FM NORMAL: 0.5 DPTR FM NORMAL: 0.24 2 = FOG REDUCING VISIBILITY
HIGHEST: 81 ON 3 GRTST 24HR 0.87 ON 19-20 TO 1/4 MILE OR LESS
LOWEST: 27 ON 30,24 3 = THUNDER
SNOW, ICE PELLETS, HAIL 4 = ICE PELLETS
TOTAL MONTH: M 5 = HAIL
GRTST 24HR M ON M 6 = FREEZING RAIN OR DRIZZLE
GRTST DEPTH: M ON M 7 = DUSTSTORM OR SANDSTORM:
VSBY 1/2 MILE OR LESS
8 = SMOKE OR HAZE
[NO. OF DAYS WITH] [WEATHER - DAYS WITH] 9 = BLOWING SNOW
X = TORNADO
MAX 32 OR BELOW: 0 0.01 INCH OR MORE: 15
MAX 90 OR ABOVE: 0 0.10 INCH OR MORE: 9
MIN 32 OR BELOW: 4 0.50 INCH OR MORE: 3
MIN 0 OR BELOW: 0 1.00 INCH OR MORE: 0
[HDD (BASE 65) ]
TOTAL THIS MO. 296 CLEAR (SCALE 0-3) 6
DPTR FM NORMAL -30 PTCLDY (SCALE 4-7) 10
TOTAL FM JUL 1 446 CLOUDY (SCALE 8-10) 14
DPTR FM NORMAL -106
[CDD (BASE 65) ]
TOTAL THIS MO. 1
DPTR FM NORMAL -8 [PRESSURE DATA]
TOTAL FM JAN 1 144 HIGHEST SLP M ON M
DPTR FM NORMAL 24 LOWEST SLP 29.50 ON 25
[REMARKS]
#FINAL-09-22#