000
CXUS51 KBTV 010700
CF6SLK
PRELIMINARY LOCAL CLIMATOLOGICAL DATA (WS FORM: F-6)
STATION: SARANAC LAKE NY
MONTH: JULY
YEAR: 2021
LATITUDE: 44 23 N
LONGITUDE: 74 12 W
TEMPERATURE IN F: :PCPN: SNOW: WIND :SUNSHINE: SKY :PK WND
================================================================================
1 2 3 4 5 6A 6B 7 8 9 10 11 12 13 14 15 16 17 18
12Z AVG MX 2MIN
DY MAX MIN AVG DEP HDD CDD WTR SNW DPTH SPD SPD DIR MIN PSBL S-S WX SPD DR
================================================================================
1 72 57 65 2 0 0 0.00 M M 2.4 13 60 M M 8 15 70
2 61 54 58 -5 7 0 0.52 M M 6.7 14 50 M M 9 1 20 50
3 65 55 60 -3 5 0 T M M 5.5 16 50 M M 10 1 19 40
4 65 44 55 -8 10 0 0.00 M M 4.5 12 40 M M 8 12 16 30
5 78 42 60 -3 5 0 0.15 M M 4.6 15 250 M M 5 12 25 220
6 80 64 72 9 0 7 0.05 M M 7.6 16 260 M M 6 1 24 250
7 68 55 62 -2 3 0 0.04 M M 2.1 8 50 M M 7 1 11 340
8 72 55 64 0 1 0 0.33 M M 6.5 16 220 M M 9 1 20 220
9 77 55 66 2 0 1 0.00 M M 3.6 12 320 M M 8 1 19 320
10 75 46 61 -3 4 0 0.00 M M 3.4 15 40 M M 3 12 19 60
11 75 41 58 -6 7 0 0.00 M M 2.4 12 230 M M 1 1 16 220
12 79 57 68 4 0 3 0.02 M M 4.6 16 60 M M 4 21 60
13 78 64 71 7 0 6 0.36 M M 4.9 20 210 M M 8 1 25 230
14 77 56 67 3 0 2 0.07 M M 6.1 18 210 M M 6 12 22 220
15 82 51 67 3 0 2 0.00 M M 7.5 18 210 M M 4 12 24 210
16 73 55 64 0 1 0 0.01 M M 4.6 15 250 M M 6 1 24 320
17 72 55 64 0 1 0 0.36 M M 2.6 10 70 M M 6 1 14 60
18 71 57 64 0 1 0 0.49 M M 9.1 20 50 M M 10 1 26 50
19 79 58 69 5 0 4 0.15 M M 2.1 9 270 M M 6 138 13 270
20 78 57 68 4 0 3 0.46 M M 2.7 21 290 M M 7 1238 40 280
21 67 53 60 -4 5 0 0.19 M M 3.0 7 210 M M 9 1 M M
22 71 45 58 -6 7 0 0.00 M M 3.2 12 310 M M 6 12 16 310
23 75 47 61 -3 4 0 0.00 M M 2.4 12 30 M M 4 1 15 30
24 78 43 61 -3 4 0 T M M 5.1 17 190 M M 5 12 22 220
25 78 60 69 5 0 4 0.41 M M 8.3 20 210 M M 6 18 24 220
26 79 54 67 3 0 2 0.17 M M 5.5 23 210 M M 7 1238 32 200
27 70 50 60 -4 5 0 0.24 M M 1.5 12 360 M M 8 12 18 350
28 71 44 58 -6 7 0 0.00 M M 2.1 13 30 M M 5 1 17 50
29 65 40 53 -11 12 0 0.03 M M 2.6 10 210 M M 7 12 17 10
30 61 47 54 -10 11 0 0.44 M M 4.9 14 260 M M 9 13 25 320
31 68 39 54 -9 11 0 0.00 M M 4.1 13 260 M M 5 1 17 260
================================================================================
SM 2260 1600 111 34 4.49 M 136.2 M 202
================================================================================
AV 72.9 51.6 4.4 FASTST M M 7 MAX(MPH)
MISC ----> 23 210 40 280
================================================================================
NOTES:
# LAST OF SEVERAL OCCURRENCES
COLUMN 17 PEAK WIND IN M.P.H.
PRELIMINARY LOCAL CLIMATOLOGICAL DATA (WS FORM: F-6) , PAGE 2
STATION: SARANAC LAKE NY
MONTH: JULY
YEAR: 2021
LATITUDE: 44 23 N
LONGITUDE: 74 12 W
[TEMPERATURE DATA] [PRECIPITATION DATA] SYMBOLS USED IN COLUMN 16
AVERAGE MONTHLY: 62.3 TOTAL FOR MONTH: 4.49 1 = FOG OR MIST
DPTR FM NORMAL: -1.3 DPTR FM NORMAL: 0.43 2 = FOG REDUCING VISIBILITY
HIGHEST: 82 ON 15 GRTST 24HR 0.85 ON 17-18 TO 1/4 MILE OR LESS
LOWEST: 39 ON 31 3 = THUNDER
SNOW, ICE PELLETS, HAIL 4 = ICE PELLETS
TOTAL MONTH: M 5 = HAIL
GRTST 24HR M ON M 6 = FREEZING RAIN OR DRIZZLE
GRTST DEPTH: M ON M 7 = DUSTSTORM OR SANDSTORM:
VSBY 1/2 MILE OR LESS
8 = SMOKE OR HAZE
[NO. OF DAYS WITH] [WEATHER - DAYS WITH] 9 = BLOWING SNOW
X = TORNADO
MAX 32 OR BELOW: 0 0.01 INCH OR MORE: 19
MAX 90 OR ABOVE: 0 0.10 INCH OR MORE: 13
MIN 32 OR BELOW: 0 0.50 INCH OR MORE: 1
MIN 0 OR BELOW: 0 1.00 INCH OR MORE: 0
[HDD (BASE 65) ]
TOTAL THIS MO. 111 CLEAR (SCALE 0-3) 2
DPTR FM NORMAL 20 PTCLDY (SCALE 4-7) 21
TOTAL FM JUL 1 111 CLOUDY (SCALE 8-10) 8
DPTR FM NORMAL 15
[CDD (BASE 65) ]
TOTAL THIS MO. 34
DPTR FM NORMAL -16 [PRESSURE DATA]
TOTAL FM JAN 1 113 HIGHEST SLP M ON M
DPTR FM NORMAL 34 LOWEST SLP 29.72 ON 30
[REMARKS]
#FINAL-07-21#