000
CXUS53 KICT 231410
CF6SLN
PRELIMINARY LOCAL CLIMATOLOGICAL DATA (WS FORM: F-6)
STATION: SALINA KS
MONTH: APRIL
YEAR: 2024
LATITUDE: 38 47 N
LONGITUDE: 97 39 W
TEMPERATURE IN F: :PCPN: SNOW: WIND :SUNSHINE: SKY :PK WND
================================================================================
1 2 3 4 5 6A 6B 7 8 9 10 11 12 13 14 15 16 17 18
12Z AVG MX 2MIN
DY MAX MIN AVG DEP HDD CDD WTR SNW DPTH SPD SPD DIR MIN PSBL S-S WX SPD DR
================================================================================
1 64 42 53 2 12 0 0.00 M M 15.4 26 330 M M 6 33 350
2 63 38 51 0 14 0 0.16 M M 21.3 35 360 M M 5 1 47 340
3 62 35 49 -2 16 0 0.00 M M 17.0 30 330 M M 0 38 320
4 67 30 49 -3 16 0 0.00 M M 7.8 16 10 M M 0 21 340
5 74 30 52 0 13 0 0.00 M M 13.0 25 120 M M 0 8 32 120
6 79 46 63 11 2 0 0.00 M M 22.4 43 210 M M 3 38 54 210
7 70 35 53 1 12 0 0.00 M M 17.3 47 280 M M 3 64 260
8 69 34 52 -1 13 0 0.00 M M 7.5 15 320 M M 0 18 280
9 69 35 52 -1 13 0 0.00 M M 3.9 10 330 M M 0 17 320
10 75 43 59 6 6 0 T M M 6.1 30 350 M M 2 41 350
11 67 37 52 -1 13 0 0.00 M M 16.5 35 340 M M 0 8 42 350
12 75 28 52 -2 13 0 0.00 M M 6.3 16 210 M M 0 27 160
13 90 49 70 16 0 5 0.00 M M 17.8 33 200 M M 0 43 190
14 91 51 71 17 0 6 0.00 M M 8.0 20 190 M M 0 29 190
15 86 57 72 18 0 7 0.00 M M 18.9 35 150 M M 3 1 45 160
16 80 55 68 13 0 3 0.01 M M 22.6 36 260 M M 4 3 50 270
17 82 50 66 11 0 1 0.00 M M 10.0 21 140 M M 1 29 130
18 73 41 57 2 8 0 0.05 M M 18.9 39 10 M M 5 18 53 10
19 61 40 51 -4 14 0 0.00 M M 7.2 21 30 M M 9 28 30
20 51 37 44 -12 21 0 0.00 M M 9.3 22 30 M M 9 30 50
21 64 35 50 -6 15 0 0.00 M M 6.3 17 300 M M 3 24 310
22 77 36 57 1 8 0 0.00 M M 19.6 41 200 M M 0 50 210
================================================================================
SM 1589 884 209 22 0.22 M 293.1 M 53
================================================================================
AV 72.2 40.2 13.3 FASTST M M 2 MAX(MPH)
MISC ----> 47 280 64 260
================================================================================
NOTES:
# LAST OF SEVERAL OCCURRENCES
COLUMN 17 PEAK WIND IN M.P.H.
PRELIMINARY LOCAL CLIMATOLOGICAL DATA (WS FORM: F-6) , PAGE 2
STATION: SALINA KS
MONTH: APRIL
YEAR: 2024
LATITUDE: 38 47 N
LONGITUDE: 97 39 W
[TEMPERATURE DATA] [PRECIPITATION DATA] SYMBOLS USED IN COLUMN 16
AVERAGE MONTHLY: 56.2 TOTAL FOR MONTH: 0.22 1 = FOG OR MIST
DPTR FM NORMAL: 2.7 DPTR FM NORMAL: -1.62 2 = FOG REDUCING VISIBILITY
HIGHEST: 91 ON 14 GRTST 24HR 0.16 ON 2- 2 TO 1/4 MILE OR LESS
LOWEST: 28 ON 12 3 = THUNDER
SNOW, ICE PELLETS, HAIL 4 = ICE PELLETS
TOTAL MONTH: M 5 = HAIL
GRTST 24HR M ON M 6 = FREEZING RAIN OR DRIZZLE
GRTST DEPTH: M ON M 7 = DUSTSTORM OR SANDSTORM:
VSBY 1/2 MILE OR LESS
8 = SMOKE OR HAZE
[NO. OF DAYS WITH] [WEATHER - DAYS WITH] 9 = BLOWING SNOW
X = TORNADO
MAX 32 OR BELOW: 0 0.01 INCH OR MORE: 3
MAX 90 OR ABOVE: 2 0.10 INCH OR MORE: 1
MIN 32 OR BELOW: 3 0.50 INCH OR MORE: 0
MIN 0 OR BELOW: 0 1.00 INCH OR MORE: 0
[HDD (BASE 65) ]
TOTAL THIS MO. 209 CLEAR (SCALE 0-3) 16
DPTR FM NORMAL -54 PTCLDY (SCALE 4-7) 4
TOTAL FM JUL 1 4171 CLOUDY (SCALE 8-10) 2
DPTR FM NORMAL -579
[CDD (BASE 65) ]
TOTAL THIS MO. 22
DPTR FM NORMAL 16 [PRESSURE DATA]
TOTAL FM JAN 1 22 HIGHEST SLP M ON M
DPTR FM NORMAL 13 LOWEST SLP 29.34 ON 16
[REMARKS]