761
CXUS53 KICT 010800
CF6SLN
PRELIMINARY LOCAL CLIMATOLOGICAL DATA (WS FORM: F-6)
STATION: SALINA KS
MONTH: MARCH
YEAR: 2020
LATITUDE: 38 47 N
LONGITUDE: 97 39 W
TEMPERATURE IN F: :PCPN: SNOW: WIND :SUNSHINE: SKY :PK WND
================================================================================
1 2 3 4 5 6A 6B 7 8 9 10 11 12 13 14 15 16 17 18
12Z AVG MX 2MIN
DY MAX MIN AVG DEP HDD CDD WTR SNW DPTH SPD SPD DIR MIN PSBL S-S WX SPD DR
================================================================================
1 64 38 51 11 14 0 0.00 M M 9.2 20 340 M M 0 25 330
2 54 31 43 2 22 0 0.00 M M 7.6 20 10 M M 1 26 20
3 63 29 46 5 19 0 0.00 M M 8.3 21 310 M M 0 28 320
4 63 29 46 5 19 0 0.00 M M 8.5 16 190 M M 0 22 190
5 60 32 46 4 19 0 0.00 M M 14.6 32 320 M M 0 42 330
6 61 23 42 0 23 0 0.00 M M 8.8 22 160 M M 0 30 160
7 70 44 57 15 8 0 0.00 M M 19.2 33 170 M M 0 46 190
8 68 47 58 15 7 0 0.32 M M 24.0 41 200 M M 2 1 56 190
9 56 38 47 4 18 0 0.19 M M 14.9 30 330 M M 10 1 37 340
10 56 36 46 2 19 0 0.09 M M 6.0 16 190 M M 7 13 21 200
11 69 36 53 9 12 0 0.08 M M 7.0 14 170 M M 2 123 18 170
12 63 40 52 8 13 0 0.00 M M 13.8 31 350 M M 0 38 340
13 47 36 42 -3 23 0 0.09 M M 9.7 18 90 M M 8 25 100
14 40 36 38 -7 27 0 0.16 M M 9.6 18 100 M M 10 1 25 100
15 40 33 37 -8 28 0 T M M 8.4 12 150 M M 10 17 50
16 46 38 42 -4 23 0 0.03 M M 6.9 12 10 M M 10 18 15 140
17 50 40 45 -1 20 0 0.00 M M 9.3 17 130 M M 10 1 22 130
18 60 48 54 8 11 0 0.00 M M 4.5 12 120 M M 8 1 16 90
19 77 38 58 12 7 0 0.03 M M 19.8 40 10 M M 2 52 340
20 42 24 33 -14 32 0 T M M 18.9 37 340 M M 3 8 48 340
21 51 23 37 -10 28 0 0.00 M M 8.5 18 170 M M 2 25 170
22 47 36 42 -6 23 0 0.13 M M 5.3 16 170 M M 8 1 23 170
23 63 34 49 1 16 0 0.00 M M 6.1 17 130 M M 8 12 22 120
24 58 44 51 3 14 0 0.00 M M 5.8 18 40 M M 7 25 50
25 81 43 62 14 3 0 0.00 M M 13.3 30 200 M M 1 1 38 190
26 59 47 53 4 12 0 T M M 9.5 18 340 M M 8 1 26 30
27 55 50 53 4 12 0 0.00 M M 7.0 14 360 M M 10 18 19 10
28 60 45 53 4 12 0 T M M 18.7 38 240 M M 9 12 53 240
29 71 38 55 5 10 0 0.00 M M 9.7 20 260 M M 0 28 270
30 74 38 56 6 9 0 0.00 M M 10.7 25 160 M M 1 34 170
31 70 42 56 6 9 0 0.00 M M 8.7 20 210 M M 3 1 25 220
================================================================================
SM 1838 1156 512 0 1.12 M 332.3 M 140
================================================================================
AV 59.3 37.3 10.7 FASTST M M 5 MAX(MPH)
MISC ----> # 41 200 # 56 190
================================================================================
NOTES:
# LAST OF SEVERAL OCCURRENCES
COLUMN 17 PEAK WIND IN M.P.H.
PRELIMINARY LOCAL CLIMATOLOGICAL DATA (WS FORM: F-6) , PAGE 2
STATION: SALINA KS
MONTH: MARCH
YEAR: 2020
LATITUDE: 38 47 N
LONGITUDE: 97 39 W
[TEMPERATURE DATA] [PRECIPITATION DATA] SYMBOLS USED IN COLUMN 16
AVERAGE MONTHLY: 48.3 TOTAL FOR MONTH: 1.12 1 = FOG OR MIST
DPTR FM NORMAL: 2.9 DPTR FM NORMAL: -1.27 2 = FOG REDUCING VISIBILITY
HIGHEST: 81 ON 25 GRTST 24HR 0.32 ON 8- 8 TO 1/4 MILE OR LESS
LOWEST: 23 ON 21, 6 3 = THUNDER
SNOW, ICE PELLETS, HAIL 4 = ICE PELLETS
TOTAL MONTH: M 5 = HAIL
GRTST 24HR M ON M 6 = FREEZING RAIN OR DRIZZLE
GRTST DEPTH: M ON M 7 = DUSTSTORM OR SANDSTORM:
VSBY 1/2 MILE OR LESS
8 = SMOKE OR HAZE
[NO. OF DAYS WITH] [WEATHER - DAYS WITH] 9 = BLOWING SNOW
X = TORNADO
MAX 32 OR BELOW: 0 0.01 INCH OR MORE: 9
MAX 90 OR ABOVE: 0 0.10 INCH OR MORE: 4
MIN 32 OR BELOW: 7 0.50 INCH OR MORE: 0
MIN 0 OR BELOW: 0 1.00 INCH OR MORE: 0
[HDD (BASE 65) ]
TOTAL THIS MO. 512 CLEAR (SCALE 0-3) 16
DPTR FM NORMAL -97 PTCLDY (SCALE 4-7) 6
TOTAL FM JUL 1 4366 CLOUDY (SCALE 8-10) 9
DPTR FM NORMAL -84
[CDD (BASE 65) ]
TOTAL THIS MO. 0
DPTR FM NORMAL -2 [PRESSURE DATA]
TOTAL FM JAN 1 0 HIGHEST SLP 0.00 ON 20
DPTR FM NORMAL -2 LOWEST SLP 0.00 ON 20
[REMARKS]
#FINAL-03-20#