000
CXUS56 KLOX 011155
CF6SMO
PRELIMINARY LOCAL CLIMATOLOGICAL DATA (WS FORM: F-6)
STATION: SANTA MONICA AIRPORT CA
MONTH: MARCH
YEAR: 2023
LATITUDE: 34 0 N
LONGITUDE: 118 27 W
TEMPERATURE IN F: :PCPN: SNOW: WIND :SUNSHINE: SKY :PK WND
================================================================================
1 2 3 4 5 6A 6B 7 8 9 10 11 12 13 14 15 16 17 18
12Z AVG MX 2MIN
DY MAX MIN AVG DEP HDD CDD WTR SNW DPTH SPD SPD DIR MIN PSBL S-S WX SPD DR
================================================================================
1 56 47 52 -6 13 0 0.23 M M 10.1 21 270 M M 5 1 35 260
2 59 44 52 -6 13 0 0.00 M M 4.0 13 210 M M 0 21 20
3 60 42 51 -7 14 0 0.00 M M 2.9 13 220 M M 0 17 210
4 58 44 51 -7 14 0 0.00 M M 4.6 14 250 M M 5 18 250
5 58 47 53 -5 12 0 0.09 M M 3.6 14 210 M M 9 1 19 220
6 58 47 53 -5 12 0 T M M 4.8 14 250 M M 3 21 200
7 58 44 51 -7 14 0 0.00 M M 4.8 16 240 M M 0 21 230
8 57 45 51 -7 14 0 0.00 M M 4.4 14 240 M M 2 19 250
9 62 46 54 -4 11 0 0.00 M M 4.6 13 240 M M 2 18 240
10 56 50 53 -5 12 0 0.80 M M 4.8 12 100 M M 10 18 17 100
11 63 55 59 1 6 0 0.04 M M 3.5 9 240 M M 10 18 12 220
12 60 53 57 -1 8 0 0.00 M M 3.4 12 230 M M 10 12 15 230
13 61 53 57 -2 8 0 0.00 M M 4.5 12 230 M M 9 1 16 230
14 58 53 56 -3 9 0 1.82 M M 5.4 14 150 M M 10 1 19 110
15 59 54 57 -2 8 0 0.88 M M 6.5 16 220 M M 9 1 22 240
16 60 49 55 -4 10 0 0.00 M M 3.6 12 210 M M 6 15 210
17 60 46 53 -6 12 0 0.00 M M 3.6 12 240 M M 0 1 17 240
18 75 48 62 3 3 0 0.00 M M 4.0 13 220 M M 0 17 130
19 60 52 56 -3 9 0 0.03 M M 4.8 13 110 M M 9 18 18 120
20 60 52 56 -3 9 0 0.24 M M 4.7 14 240 M M 9 1 26 240
21 60 47 54 -5 11 0 0.97 M M 10.3 25 220 M M 9 138 38 230
22 58 46 52 -7 13 0 0.41 M M 4.8 20 210 M M 8 13 28 220
23 59 49 54 -5 11 0 T M M 4.7 18 250 M M 7 1 27 250
24 65 51 58 -1 7 0 0.00 M M 9.3 17 340 M M 0 33 330
25 66 48 57 -2 8 0 0.00 M M 8.0 18 10 M M 0 31 350
26 66 50 58 -1 7 0 0.00 M M 8.4 20 300 M M 0 31 350
27 72 45 59 0 6 0 0.00 M M 4.7 13 240 M M 0 17 270
28 66 50 58 -1 7 0 T M M 4.7 13 240 M M 2 19 270
29 58 47 53 -6 12 0 1.35 M M 6.7 22 190 M M 7 1 25 190
30 59 44 52 -7 13 0 0.36 M M 4.4 13 200 M M 5 1 20 210
31 61 43 52 -7 13 0 0.00 M M 4.5 14 240 M M 0 19 230
================================================================================
SM 1888 1491 319 0 7.22 M 163.1 M 146
================================================================================
AV 60.9 48.1 5.3 FASTST M M 5 MAX(MPH)
MISC ----> 25 220 38 230
================================================================================
NOTES:
# LAST OF SEVERAL OCCURRENCES
COLUMN 17 PEAK WIND IN M.P.H.
PRELIMINARY LOCAL CLIMATOLOGICAL DATA (WS FORM: F-6) , PAGE 2
STATION: SANTA MONICA AIRPORT CA
MONTH: MARCH
YEAR: 2023
LATITUDE: 34 0 N
LONGITUDE: 118 27 W
[TEMPERATURE DATA] [PRECIPITATION DATA] SYMBOLS USED IN COLUMN 16
AVERAGE MONTHLY: 54.5 TOTAL FOR MONTH: 7.22 1 = FOG OR MIST
DPTR FM NORMAL: -4.2 DPTR FM NORMAL: 5.13 2 = FOG REDUCING VISIBILITY
HIGHEST: 75 ON 18 GRTST 24HR 2.70 ON 14-15 TO 1/4 MILE OR LESS
LOWEST: 42 ON 3 3 = THUNDER
SNOW, ICE PELLETS, HAIL 4 = ICE PELLETS
TOTAL MONTH: M 5 = HAIL
GRTST 24HR M ON M 6 = FREEZING RAIN OR DRIZZLE
GRTST DEPTH: M ON M 7 = DUSTSTORM OR SANDSTORM:
VSBY 1/2 MILE OR LESS
8 = SMOKE OR HAZE
[NO. OF DAYS WITH] [WEATHER - DAYS WITH] 9 = BLOWING SNOW
X = TORNADO
MAX 32 OR BELOW: 0 0.01 INCH OR MORE: 12
MAX 90 OR ABOVE: 0 0.10 INCH OR MORE: 9
MIN 32 OR BELOW: 0 0.50 INCH OR MORE: 5
MIN 0 OR BELOW: 0 1.00 INCH OR MORE: 2
[HDD (BASE 65) ]
TOTAL THIS MO. 319 CLEAR (SCALE 0-3) 14
DPTR FM NORMAL 114 PTCLDY (SCALE 4-7) 6
TOTAL FM JUL 1 1423 CLOUDY (SCALE 8-10) 11
DPTR FM NORMAL 299
[CDD (BASE 65) ]
TOTAL THIS MO. 0
DPTR FM NORMAL -10 [PRESSURE DATA]
TOTAL FM JAN 1 1 HIGHEST SLP 30.26 ON 24
DPTR FM NORMAL -23 LOWEST SLP 29.65 ON 21
[REMARKS]
#FINAL-03-23#