000
CXUS56 KLOX 011300
CF6SMX
PRELIMINARY LOCAL CLIMATOLOGICAL DATA (WS FORM: F-6)
STATION: SANTA MARIA AIRPORT CA
MONTH: DECEMBER
YEAR: 2023
LATITUDE: 34 54 N
LONGITUDE: 120 27 W
TEMPERATURE IN F: :PCPN: SNOW: WIND :SUNSHINE: SKY :PK WND
================================================================================
1 2 3 4 5 6A 6B 7 8 9 10 11 12 13 14 15 16 17 18
12Z AVG MX 2MIN
DY MAX MIN AVG DEP HDD CDD WTR SNW DPTH SPD SPD DIR MIN PSBL S-S WX SPD DR
================================================================================
1 64 40 52 -2 13 0 0.00 M M 8.2 20 290 M M 0 18 26 300
2 68 41 55 1 10 0 0.00 M M 10.4 21 290 M M 0 26 290
3 65 45 55 2 10 0 0.00 M M 9.3 22 290 M M 0 26 290
4 73 42 58 5 7 0 0.00 M M 2.4 10 300 M M 0 12 300
5 79 42 61 8 4 0 0.00 M M 3.5 10 320 M M 0 8 17 170
6 64 42 53 0 12 0 T M M 4.2 21 290 M M 3 18 24 280
7 65 45 55 2 10 0 0.00 M M 10.2 28 290 M M 0 18 34 290
8 66 43 55 3 10 0 0.00 M M 14.2 28 10 M M 0 34 30
9 71 36 54 2 11 0 0.00 M M 4.1 14 20 M M 0 17 10
10 73 37 55 3 10 0 0.00 M M 3.6 13 310 M M 0 16 310
11 73 40 57 5 8 0 0.00 M M 4.7 22 290 M M 0 1 27 300
12 68 37 53 1 12 0 0.00 M M 5.2 18 290 M M 0 1 21 290
13 65 36 51 -1 14 0 0.00 M M 4.1 9 270 M M 0 9 270
14 73 37 55 3 10 0 0.00 M M 3.3 15 290 M M 0 1 18 290
15 74 37 56 4 9 0 0.00 M M 3.5 13 310 M M 0 16 310
16 76 38 57 5 8 0 0.00 M M 3.5 10 260 M M 1 12 290
17 77 47 62 10 3 0 0.00 M M 3.2 9 90 M M 3 13 220
18 68 56 62 10 3 0 0.05 M M 7.3 17 140 M M 8 18 23 130
19 65 57 61 9 4 0 0.28 M M 6.8 17 160 M M 9 18 25 140
20 61 54 58 6 7 0 1.68 M M 9.0 22 100 M M 8 1 31 100
21 66 51 59 7 6 0 0.11 M M 6.3 33 100 M M 8 18 45 100
22 68 53 61 9 4 0 0.01 M M 6.3 18 10 M M 8 12 27 10
23 62 49 56 4 9 0 0.00 M M 3.8 14 280 M M 8 1 17 290
24 63 43 53 1 12 0 0.00 M M 3.4 15 290 M M 4 12 19 290
25 64 39 52 0 13 0 0.00 M M 2.9 13 290 M M 2 12 16 280
26 64 41 53 1 12 0 0.00 M M 2.4 9 300 M M 5 1 12 290
27 63 47 55 3 10 0 0.00 M M 3.1 10 240 M M 6 1 14 240
28 67 44 56 4 9 0 0.00 M M 2.1 10 300 M M 4 18 13 290
29 65 54 60 8 5 0 0.13 M M 7.2 17 140 M M 8 1 26 140
30 62 51 57 5 8 0 0.69 M M 5.7 17 30 M M 8 1 22 30
31 60 50 55 3 10 0 0.00 M M 3.0 9 160 M M 7 1 12 50
================================================================================
SM 2092 1374 273 0 2.95 M 166.9 M 100
================================================================================
AV 67.5 44.3 5.4 FASTST M M 3 MAX(MPH)
MISC ----> 33 100 45 100
================================================================================
NOTES:
# LAST OF SEVERAL OCCURRENCES
COLUMN 17 PEAK WIND IN M.P.H.
PRELIMINARY LOCAL CLIMATOLOGICAL DATA (WS FORM: F-6) , PAGE 2
STATION: SANTA MARIA AIRPORT CA
MONTH: DECEMBER
YEAR: 2023
LATITUDE: 34 54 N
LONGITUDE: 120 27 W
[TEMPERATURE DATA] [PRECIPITATION DATA] SYMBOLS USED IN COLUMN 16
AVERAGE MONTHLY: 55.9 TOTAL FOR MONTH: 2.95 1 = FOG OR MIST
DPTR FM NORMAL: 3.7 DPTR FM NORMAL: 0.90 2 = FOG REDUCING VISIBILITY
HIGHEST: 79 ON 5 GRTST 24HR 1.68 ON 19-20 TO 1/4 MILE OR LESS
LOWEST: 36 ON 13, 9 3 = THUNDER
SNOW, ICE PELLETS, HAIL 4 = ICE PELLETS
TOTAL MONTH: M 5 = HAIL
GRTST 24HR M ON M 6 = FREEZING RAIN OR DRIZZLE
GRTST DEPTH: M ON M 7 = DUSTSTORM OR SANDSTORM:
VSBY 1/2 MILE OR LESS
8 = SMOKE OR HAZE
[NO. OF DAYS WITH] [WEATHER - DAYS WITH] 9 = BLOWING SNOW
X = TORNADO
MAX 32 OR BELOW: 0 0.01 INCH OR MORE: 7
MAX 90 OR ABOVE: 0 0.10 INCH OR MORE: 5
MIN 32 OR BELOW: 0 0.50 INCH OR MORE: 2
MIN 0 OR BELOW: 0 1.00 INCH OR MORE: 1
[HDD (BASE 65) ]
TOTAL THIS MO. 273 CLEAR (SCALE 0-3) 17
DPTR FM NORMAL -124 PTCLDY (SCALE 4-7) 11
TOTAL FM JUL 1 740 CLOUDY (SCALE 8-10) 3
DPTR FM NORMAL -180
[CDD (BASE 65) ]
TOTAL THIS MO. 0
DPTR FM NORMAL 0 [PRESSURE DATA]
TOTAL FM JAN 1 112 HIGHEST SLP 30.29 ON 9
DPTR FM NORMAL -55 LOWEST SLP 29.77 ON 20
[REMARKS]
#FINAL-12-23#