000
CXUS54 KMAF 011110
CF6SNK
PRELIMINARY LOCAL CLIMATOLOGICAL DATA (WS FORM: F-6)
STATION: SNYDER WINSTON FIELD
MONTH: JUNE
YEAR: 2022
LATITUDE: 32 41 N
LONGITUDE: 100 57 W
TEMPERATURE IN F: :PCPN: SNOW: WIND :SUNSHINE: SKY :PK WND
================================================================================
1 2 3 4 5 6A 6B 7 8 9 10 11 12 13 14 15 16 17 18
12Z AVG MX 2MIN
DY MAX MIN AVG DEP HDD CDD WTR SNW DPTH SPD SPD DIR MIN PSBL S-S WX SPD DR
================================================================================
1 91 62 77 M 0 12 0.04 M M 11.3 25 160 M M 8 39 160
2 77 59 68 M 0 3 M M M 9.4 18 10 M M 8 1 25 10
3 79 61 70 M 0 5 0.69 M M 10.8 22 240 M M 6 3 33 240
4 92 64 78 M 0 13 M M M 8.3 18 130 M M 1 22 130
5 100 69 85 M 0 20 M M M 8.8 15 190 M M 0 21 150
6 100 74 87 M 0 22 M M M 7.6 13 270 M M 0 17 250
7 98 73 86 M 0 21 M M M 5.5 12 10 M M 0 17 30
8 90 73 82 M 0 17 M M M 12.8 29 60 M M 0 8 43 60
9 97 68 83 M 0 18 M M M 9.7 16 150 M M 1 23 180
10 100 72 86 M 0 21 M M M 9.3 17 140 M M 0 23 210
11 105 72 89 M 0 24 M M M 10.5 15 200 M M 0 24 210
12 106 75 91 M 0 26 M M M 12.3 20 170 M M 0 26 180
13 101 76 89 M 0 24 M M M 16.0 25 170 M M 0 35 180
14 99 75 87 M 0 22 M M M 17.7 23 170 M M 0 32 170
15 99 76 88 M 0 23 M M M 18.0 24 200 M M 0 31 180
16 99 76 88 M 0 23 M M M 12.7 21 170 M M 0 28 170
17 98 71 85 M 0 20 M M M 10.1 17 150 M M 0 28 150
18 96 76 86 M 0 21 M M M 10.0 15 130 M M 1 22 150
19 96 74 85 M 0 20 M M M 11.7 18 130 M M 1 26 120
20 96 74 85 M 0 20 M M M 12.1 18 140 M M 1 28 160
21 97 75 86 M 0 21 M M M 10.6 17 180 M M 1 23 180
22 98 74 86 M 0 21 M M M 8.2 13 120 M M 1 20 120
23 97 75 86 M 0 21 M M M 7.8 15 150 M M 1 17 180
24 99 75 87 M 0 22 M M M 7.5 15 190 M M 1 23 190
25 100 75 88 M 0 23 M M M 8.1 13 200 M M 1 18 150
26 94 69 82 M 0 17 0.45 M M 13.2 24 80 M M 4 31 80
27 84 61 73 M 0 8 0.07 M M 10.5 14 40 M M 3 3 22 30
28 85 66 76 M 0 11 M M M 7.4 16 70 M M 1 23 70
29 92 70 81 M 0 16 M M M 4.7 10 110 M M 2 16 110
30 97 70 84 M 0 19 M M M 8.0 14 200 M M 0 20 160
================================================================================
SM 2862 2130 0 554 1.25 M 310.7 M 42
================================================================================
AV 95.4 71.0 10.4 FASTST M M 1 MAX(MPH)
MISC ----> 29 60 43 60
================================================================================
NOTES:
# LAST OF SEVERAL OCCURRENCES
COLUMN 17 PEAK WIND IN M.P.H.
PRELIMINARY LOCAL CLIMATOLOGICAL DATA (WS FORM: F-6) , PAGE 2
STATION: SNYDER WINSTON FIELD
MONTH: JUNE
YEAR: 2022
LATITUDE: 32 41 N
LONGITUDE: 100 57 W
[TEMPERATURE DATA] [PRECIPITATION DATA] SYMBOLS USED IN COLUMN 16
AVERAGE MONTHLY: 83.2 TOTAL FOR MONTH: 1.25 1 = FOG OR MIST
DPTR FM NORMAL: 0.0 DPTR FM NORMAL: M 2 = FOG REDUCING VISIBILITY
HIGHEST: 106 ON 12 GRTST 24HR 0.69 ON 3- 3 TO 1/4 MILE OR LESS
LOWEST: 59 ON 2 3 = THUNDER
SNOW, ICE PELLETS, HAIL 4 = ICE PELLETS
TOTAL MONTH: M 5 = HAIL
GRTST 24HR M ON M 6 = FREEZING RAIN OR DRIZZLE
GRTST DEPTH: M ON M 7 = DUSTSTORM OR SANDSTORM:
VSBY 1/2 MILE OR LESS
8 = SMOKE OR HAZE
[NO. OF DAYS WITH] [WEATHER - DAYS WITH] 9 = BLOWING SNOW
X = TORNADO
MAX 32 OR BELOW: 0 0.01 INCH OR MORE: 4
MAX 90 OR ABOVE: 26 0.10 INCH OR MORE: 2
MIN 32 OR BELOW: 0 0.50 INCH OR MORE: 1
MIN 0 OR BELOW: 0 1.00 INCH OR MORE: 0
[HDD (BASE 65) ]
TOTAL THIS MO. 0 CLEAR (SCALE 0-3) 26
DPTR FM NORMAL M PTCLDY (SCALE 4-7) 4
TOTAL FM JUL 1 2391 CLOUDY (SCALE 8-10) 0
DPTR FM NORMAL M
[CDD (BASE 65) ]
TOTAL THIS MO. 554
DPTR FM NORMAL M [PRESSURE DATA]
TOTAL FM JAN 1 1169 HIGHEST SLP M ON M
DPTR FM NORMAL M LOWEST SLP M ON M
[REMARKS]
#FINAL-06-22#