000
CXUS54 KMAF 011110
CF6SNK
PRELIMINARY LOCAL CLIMATOLOGICAL DATA (WS FORM: F-6)
STATION: SNYDER WINSTON FIELD
MONTH: AUGUST
YEAR: 2021
LATITUDE: 32 41 N
LONGITUDE: 100 57 W
TEMPERATURE IN F: :PCPN: SNOW: WIND :SUNSHINE: SKY :PK WND
================================================================================
1 2 3 4 5 6A 6B 7 8 9 10 11 12 13 14 15 16 17 18
12Z AVG MX 2MIN
DY MAX MIN AVG DEP HDD CDD WTR SNW DPTH SPD SPD DIR MIN PSBL S-S WX SPD DR
================================================================================
1 84 69 77 M 0 12 0.39 M M 7.8 18 10 M M 7 3 28 10
2 84 69 77 M 0 12 M M M 8.1 14 10 M M 5 20 30
3 88 60 74 M 0 9 M M M 4.7 8 70 M M 0 1 M M
4 93 63 78 M 0 13 M M M 5.5 9 160 M M 2 M M
5 91 71 81 M 0 16 M M M 7.9 14 210 M M 4 18 210
6 97 66 82 M 0 17 M M M 7.8 13 210 M M 0 16 170
7 97 69 83 M 0 18 M M M 10.8 17 180 M M 1 21 180
8 102 72 87 M 0 22 M M M 12.2 20 180 M M 0 24 180
9 100 73 87 M 0 22 M M M 11.5 16 200 M M 0 24 180
10 99 73 86 M 0 21 M M M 12.4 17 190 M M 0 23 180
11 97 70 84 M 0 19 M M M 11.1 16 180 M M 0 21 160
12 99 72 86 M 0 21 M M M 10.0 16 160 M M 1 22 180
13 99 69 84 M 0 19 M M M 7.1 16 30 M M 2 25 30
14 83 70 77 M 0 12 M M M 7.8 14 60 M M 2 22 60
15 97 64 81 M 0 16 M M M 1.9 12 190 M M 4 M M
16 97 66 82 M 0 17 M M M 5.1 15 10 M M 3 23 0
17 81 66 74 M 0 9 0.01 M M 7.1 14 330 M M 8 20 330
18 94 69 82 M 0 17 M M M 7.0 10 140 M M 6 1 28 170
19 99 73 86 M 0 21 M M M 11.1 18 180 M M 3 23 180
20 97 71 84 M 0 19 0.38 M M 8.9 16 180 M M 3 3 25 320
21 91 73 82 M 0 17 M M M 8.9 16 200 M M 1 20 170
22 94 71 83 M 0 18 M M M 11.0 20 150 M M 0 25 150
23 97 64 81 M 0 16 M M M 9.2 15 180 M M 0 22 190
24 99 66 83 M 0 18 M M M 8.8 14 190 M M 0 21 170
25 97 69 83 M 0 18 M M M 6.8 12 130 M M 0 18 190
26 96 71 84 M 0 19 M M M 6.4 9 150 M M 1 17 130
27 98 70 84 M 0 19 M M M 5.6 12 120 M M 2 16 120
28 94 68 81 M 0 16 M M M 7.0 14 130 M M 2 8 21 100
29 93 68 81 M 0 16 M M M 4.6 14 130 M M 2 21 130
30 94 69 82 M 0 17 M M M 2.1 6 120 M M 2 M M
31 100 68 84 M 0 19 M M M 4.2 14 150 M M 2 18 150
================================================================================
SM 2931 2132 0 525 0.78 M 240.3 M 63
================================================================================
AV 94.5 68.8 7.8 FASTST M M 2 MAX(MPH)
MISC ----> # 20 180 # 28 10
================================================================================
NOTES:
# LAST OF SEVERAL OCCURRENCES
COLUMN 17 PEAK WIND IN M.P.H.
PRELIMINARY LOCAL CLIMATOLOGICAL DATA (WS FORM: F-6) , PAGE 2
STATION: SNYDER WINSTON FIELD
MONTH: AUGUST
YEAR: 2021
LATITUDE: 32 41 N
LONGITUDE: 100 57 W
[TEMPERATURE DATA] [PRECIPITATION DATA] SYMBOLS USED IN COLUMN 16
AVERAGE MONTHLY: 81.7 TOTAL FOR MONTH: 0.78 1 = FOG OR MIST
DPTR FM NORMAL: 0.0 DPTR FM NORMAL: M 2 = FOG REDUCING VISIBILITY
HIGHEST: 102 ON 8 GRTST 24HR 0.39 ON 1- 1 TO 1/4 MILE OR LESS
LOWEST: 60 ON 3 3 = THUNDER
SNOW, ICE PELLETS, HAIL 4 = ICE PELLETS
TOTAL MONTH: M 5 = HAIL
GRTST 24HR M ON M 6 = FREEZING RAIN OR DRIZZLE
GRTST DEPTH: M ON M 7 = DUSTSTORM OR SANDSTORM:
VSBY 1/2 MILE OR LESS
8 = SMOKE OR HAZE
[NO. OF DAYS WITH] [WEATHER - DAYS WITH] 9 = BLOWING SNOW
X = TORNADO
MAX 32 OR BELOW: 0 0.01 INCH OR MORE: 3
MAX 90 OR ABOVE: 26 0.10 INCH OR MORE: 2
MIN 32 OR BELOW: 0 0.50 INCH OR MORE: 0
MIN 0 OR BELOW: 0 1.00 INCH OR MORE: 0
[HDD (BASE 65) ]
TOTAL THIS MO. 0 CLEAR (SCALE 0-3) 24
DPTR FM NORMAL M PTCLDY (SCALE 4-7) 7
TOTAL FM JUL 1 30 CLOUDY (SCALE 8-10) 0
DPTR FM NORMAL M
[CDD (BASE 65) ]
TOTAL THIS MO. 525
DPTR FM NORMAL M [PRESSURE DATA]
TOTAL FM JAN 1 1706 HIGHEST SLP M ON M
DPTR FM NORMAL M LOWEST SLP M ON M
[REMARKS]
#FINAL-08-21#